{"version":"1.0","provider_name":"Biennale Internationale Saint-Paul de Vence","provider_url":"https:\/\/bis-art.com","author_name":"bisartweb","author_url":"https:\/\/bis-art.com\/index.php\/author\/bisartweb\/","title":"Fondation CAB - Biennale Internationale Saint-Paul de Vence","type":"rich","width":600,"height":338,"html":"<blockquote class=\"wp-embedded-content\"><a href=\"https:\/\/bis-art.com\/index.php\/fondation-cab\/\">Fondation CAB<\/a><\/blockquote>\n<script type='text\/javascript'>\n<!--\/\/--><![CDATA[\/\/><!--\n\t\t\/*! This file is auto-generated *\/\n\t\t!function(d,l){\"use strict\";var e=!1,n=!1;if(l.querySelector)if(d.addEventListener)e=!0;if(d.wp=d.wp||{},!d.wp.receiveEmbedMessage)if(d.wp.receiveEmbedMessage=function(e){var t=e.data;if(t)if(t.secret||t.message||t.value)if(!\/[^a-zA-Z0-9]\/.test(t.secret)){for(var r,i,a,s=l.querySelectorAll('iframe[data-secret=\"'+t.secret+'\"]'),n=l.querySelectorAll('blockquote[data-secret=\"'+t.secret+'\"]'),o=new RegExp(\"^https?:$\",\"i\"),c=0;c<n.length;c++)n[c].style.display=\"none\";for(c=0;c<s.length;c++)if(r=s[c],e.source===r.contentWindow){if(r.removeAttribute(\"style\"),\"height\"===t.message){if(1e3<(a=parseInt(t.value,10)))a=1e3;else if(~~a<200)a=200;r.height=a}if(\"link\"===t.message)if(i=l.createElement(\"a\"),a=l.createElement(\"a\"),i.href=r.getAttribute(\"src\"),a.href=t.value,o.test(a.protocol))if(a.host===i.host)if(l.activeElement===r)d.top.location.href=t.value}}},e)d.addEventListener(\"message\",d.wp.receiveEmbedMessage,!1),l.addEventListener(\"DOMContentLoaded\",t,!1),d.addEventListener(\"load\",t,!1);function t(){if(!n){n=!0;for(var e,t,r=-1!==navigator.appVersion.indexOf(\"MSIE 10\"),i=!!navigator.userAgent.match(\/Trident.*rv:11\\.\/),a=l.querySelectorAll(\"iframe.wp-embedded-content\"),s=0;s<a.length;s++){if(!(e=a[s]).getAttribute(\"data-secret\"))t=Math.random().toString(36).substr(2,10),e.src+=\"#?secret=\"+t,e.setAttribute(\"data-secret\",t);if(r||i)(t=e.cloneNode(!0)).removeAttribute(\"security\"),e.parentNode.replaceChild(t,e)}}}}(window,document);\n\/\/--><!]]>\n<\/script><iframe sandbox=\"allow-scripts\" security=\"restricted\" src=\"https:\/\/bis-art.com\/index.php\/fondation-cab\/embed\/\" width=\"600\" height=\"338\" title=\"\u00ab\u00a0Fondation CAB\u00a0\u00bb &#8212; Biennale Internationale Saint-Paul de Vence\" frameborder=\"0\" marginwidth=\"0\" marginheight=\"0\" scrolling=\"no\" class=\"wp-embedded-content\"><\/iframe>","description":"Fondation CAB Saint-Paul de Vence La Fondation CAB \u00e0 Bruxelles, espace non lucratif enti\u00e8rement d\u00e9di\u00e9 \u00e0 la mise en valeur de l\u2019art minimal et conceptuel international et fond\u00e9 en 2012 par le collectionneur belge Hubert Bonnet, inaugure en juin 2021, son second lieu \u00e0 Saint-Paul-de-Vence. La Fondation CAB Saint-Paul-de-Vence, install\u00e9e dans un superbe b\u00e2timent des &hellip;  Lire la suite \u00bb","thumbnail_url":"https:\/\/bis-art.com\/wp-content\/uploads\/2021\/07\/Fondation-CAB_Courtesy-de-la-Fondation-CAB_\u00a9Anthony-Lanneretonne.jpg"}

Fondation CAB Saint-Paul de Vence La Fondation CAB à Bruxelles, espace non lucratif entièrement dédié à la mise en valeur de l’art minimal et conceptuel international et fondé en 2012 par le collectionneur belge Hubert Bonnet, inaugure en juin 2021, son second lieu à Saint-Paul-de-Vence. La Fondation CAB Saint-Paul-de-Vence, installée dans un superbe bâtiment des &hellip;  Lire la suite »
