{"version":"1.0","provider_name":"Biennale Internationale Saint-Paul de Vence","provider_url":"https:\/\/bis-art.com","author_name":"bisartweb","author_url":"https:\/\/bis-art.com\/index.php\/author\/bisartweb\/","title":"Galerie Mitterrand - Biennale Internationale Saint-Paul de Vence","type":"rich","width":600,"height":338,"html":"<blockquote class=\"wp-embedded-content\"><a href=\"https:\/\/bis-art.com\/index.php\/galerie-mitterrand\/\">Galerie Mitterrand<\/a><\/blockquote>\n<script type='text\/javascript'>\n<!--\/\/--><![CDATA[\/\/><!--\n\t\t\/*! This file is auto-generated *\/\n\t\t!function(d,l){\"use strict\";var e=!1,n=!1;if(l.querySelector)if(d.addEventListener)e=!0;if(d.wp=d.wp||{},!d.wp.receiveEmbedMessage)if(d.wp.receiveEmbedMessage=function(e){var t=e.data;if(t)if(t.secret||t.message||t.value)if(!\/[^a-zA-Z0-9]\/.test(t.secret)){for(var r,i,a,s=l.querySelectorAll('iframe[data-secret=\"'+t.secret+'\"]'),n=l.querySelectorAll('blockquote[data-secret=\"'+t.secret+'\"]'),o=new RegExp(\"^https?:$\",\"i\"),c=0;c<n.length;c++)n[c].style.display=\"none\";for(c=0;c<s.length;c++)if(r=s[c],e.source===r.contentWindow){if(r.removeAttribute(\"style\"),\"height\"===t.message){if(1e3<(a=parseInt(t.value,10)))a=1e3;else if(~~a<200)a=200;r.height=a}if(\"link\"===t.message)if(i=l.createElement(\"a\"),a=l.createElement(\"a\"),i.href=r.getAttribute(\"src\"),a.href=t.value,o.test(a.protocol))if(a.host===i.host)if(l.activeElement===r)d.top.location.href=t.value}}},e)d.addEventListener(\"message\",d.wp.receiveEmbedMessage,!1),l.addEventListener(\"DOMContentLoaded\",t,!1),d.addEventListener(\"load\",t,!1);function t(){if(!n){n=!0;for(var e,t,r=-1!==navigator.appVersion.indexOf(\"MSIE 10\"),i=!!navigator.userAgent.match(\/Trident.*rv:11\\.\/),a=l.querySelectorAll(\"iframe.wp-embedded-content\"),s=0;s<a.length;s++){if(!(e=a[s]).getAttribute(\"data-secret\"))t=Math.random().toString(36).substr(2,10),e.src+=\"#?secret=\"+t,e.setAttribute(\"data-secret\",t);if(r||i)(t=e.cloneNode(!0)).removeAttribute(\"security\"),e.parentNode.replaceChild(t,e)}}}}(window,document);\n\/\/--><!]]>\n<\/script><iframe sandbox=\"allow-scripts\" security=\"restricted\" src=\"https:\/\/bis-art.com\/index.php\/galerie-mitterrand\/embed\/\" width=\"600\" height=\"338\" title=\"\u00ab\u00a0Galerie Mitterrand\u00a0\u00bb &#8212; Biennale Internationale Saint-Paul de Vence\" frameborder=\"0\" marginwidth=\"0\" marginheight=\"0\" scrolling=\"no\" class=\"wp-embedded-content\"><\/iframe>","description":"Galerie Mitterrand Cr\u00e9\u00e9e en 1988 par Jean-Gabriel\u00a0Mitterrand\u00a0et install\u00e9e dans un h\u00f4tel particulier du\u00a0Marais, la Galerie\u00a0Mitterrand\u00a0offre depuis 30 ans une place pr\u00e9pond\u00e9rante \u00e0 la sculpture et \u00e0 des artistes historiques ayant d\u00e9but\u00e9 leur activit\u00e9 \u00e0 partir de 1960.\u00a0\u00a0 En collaborant avec les artistes, leur succession ou en r\u00e9unissant des ensembles d\u2019\u0153uvres rares provenant de collections particuli\u00e8res, &hellip;  Lire la suite \u00bb","thumbnail_url":"https:\/\/bis-art.com\/wp-content\/uploads\/2021\/07\/Galerie-Mitterand-Paris_Courtesy-de-la-Galerie-Mitterrand_\u00a9Aurelien-Mole.jpg"}

Galerie Mitterrand Créée en 1988 par Jean-Gabriel Mitterrand et installée dans un hôtel particulier du Marais, la Galerie Mitterrand offre depuis 30 ans une place prépondérante à la sculpture et à des artistes historiques ayant débuté leur activité à partir de 1960.   En collaborant avec les artistes, leur succession ou en réunissant des ensembles d’œuvres rares provenant de collections particulières, &hellip;  Lire la suite »
