{"id":1018,"date":"2021-03-20T18:37:39","date_gmt":"2021-03-20T17:37:39","guid":{"rendered":"https:\/\/bis-art.com\/?page_id=1018"},"modified":"2024-08-02T19:05:15","modified_gmt":"2024-08-02T17:05:15","slug":"gabrielle-conilh-de-beyssac","status":"publish","type":"page","link":"https:\/\/bis-art.com\/index.php\/gabrielle-conilh-de-beyssac\/","title":{"rendered":"Gabrielle Conilh de Beyssac"},"content":{"rendered":"\n<div style=\"height:60px\" aria-hidden=\"true\" class=\"wp-block-spacer\"><\/div>\n\n\n<h3><span style=\"color: #b12763;\"><a style=\"color: #b12763;\" href=\"https:\/\/bis-art.com\/index.php\/edition-2018\/\">\u00c9dition 2018<\/a><\/span><\/h3>\n\n\n<div class=\"wp-block-columns\">\n<div class=\"wp-block-column\">\n<h2><span style=\"color: #b12763;\">Gabrielle Conilh de Beyssac<\/span><\/h2>\n<p>n\u00e9e en 1986. Vit et travaille entre Pont de Barret et Paris.<\/p>\n<p>Gabrielle Conilh de Beyssac, n\u00e9e en 1986\u00a0\u00e0 Ottawa, grandit au Canada et au Mali. Elle \u00e9tudie \u00e0 la Villa Arson de Nice puis aux Beaux-Arts de Paris. En 2008, elle effectue une r\u00e9sidence-exposition collective Quartiers libres \u00e0 Bamako avec les ateliers Vincent Barr\u00e9 et Richard Deacon. En 2011, elle acquiert une bourse de voyage d\u2019\u00e9tude pour int\u00e9grer l\u2019Institut d\u2019art et de design Emily Carr de Vancouver. Gabrielle Conilh de Beyssac re\u00e7oit en 2011 la bourse d\u2019aide \u00e0 projet artistique de la Mairie de Paris.\u00a0<\/p>\n<p>En 2012, elle emporte les prix Thaddaeus Ropac et Clermont Tonnerre attribu\u00e9s par l\u2019association des Amis des Beaux- Arts et participe \u00e0 l\u2019exposition des Laur\u00e9ats 20m papillon \u00e0 la Fondation Rosemblum. En 2013, elle s\u2019associe \u00e0 la Galerie Maubert.\u00a0<\/p>\n<p>Apr\u00e8s une r\u00e9sidence au domaine de Kergu\u00e9hennec, Gabrielle poursuit ses recherches au Canada lors de la r\u00e9sidence Est Nord Est. En 2014, elle obtient le soutien du CNAP pour son exposition personnelle \u00e0 la Galerie Maubert et est expos\u00e9e dans les jardins du Mus\u00e9e Picasso pour sa r\u00e9ouverture.\u00a0<\/p>\n<p>Gabrielle est laur\u00e9ate du Prix YIA Art Fair #04, 2014.<\/p>\n<p>En 2015 elle expose au Mus\u00e9e d\u2019art moderne ARTEUM de Chateauneuf-le-Rouge, Aix en Provence. Un trio de sculptures mobiles monumentales, intitul\u00e9\u00a0<em>Labours A B C<\/em>\u00a0et co-r\u00e9alis\u00e9 avec Jules Guissart, est install\u00e9 dans la for\u00eat meusienne dans le cadre de l\u2019\u00e9dition 2016 du Vent des For\u00eats. En 2017 elle expose\u00a0<em>Hamac d\u00e9position<\/em>\u00a0\u00e0 l\u2019exposition\u00a0<em>Hungry for Design<\/em>\u00a0lors de la semaine internationale du design \u00e0 Milan. Enfin, en 2018 Gabrielle\u00a0<\/p>\n<p>Conilh de Beyssac participe \u00e0 l\u2019exposition\u2028\u00a0<em>\/\/\u00a0DEVENIR \/\/ 10 artistes en qu\u00eate de sens<\/em>\u00a0au Coll\u00e8ge des Bernardins \u00e0 la suite d\u2019une ann\u00e9e de s\u00e9minaire de recherche. L\u2019exposition imagin\u00e9e par Sophie Monjaret est soutenue par l\u2019\u00e9cole des Beaux-Arts de Paris.\u00a0<\/p>\n<p>Son travail, majoritairement sculptural,\u00a0se d\u00e9ploie en plusieurs horizons. Des formes simples, pures, h\u00e9rit\u00e9es du modernisme ;\u00a0des sculptures \u00ab\u00a0habitables\u00a0\u00bb\u00a0ou encore une fusion de la sculpture et du dessin avec des dispositifs de craie de cire, avec des c\u00e2bles\u00a0et parfois de l\u00e9g\u00e8res structures en acier permettant de tracer sur les murs ou des sculptures en gr\u00e8s formant des sillons sur une terre chamott\u00e9e. Souvent, les sculptures de Gabrielle Conilh de Beyssac sont performatives, activ\u00e9es par le public, permettant d\u2019inscrire leur monstration dans l\u2019espace qui les accueille mais aussi dans le temps, \u00e0 l\u2019instar de la sculpture\u00a0<em>Rocking<\/em>\u00a0qui, mise en mouvement, bascule tout au long de sa tranche et retrace la ligne de\u00a0sa silhouette sur le sol du fameux terrain de p\u00e9tanque de Saint-Paul de Vence en s\u2019int\u00e9grant dans cette ambiance de jeu conviviale et joyeuse.\u00a0<\/p>\n<\/div>\n\n\n\n<div class=\"wp-block-column\">\n<p style=\"text-align: right;\"><strong data-rich-text-format-boundary=\"true\">Rocking, 2014<\/strong><br data-rich-text-line-break=\"true\" \/>Acier corten<br data-rich-text-line-break=\"true\" \/>140 x 160 x 0,4 cm<br data-rich-text-line-break=\"true\" \/>Courtesy de l\u2019artiste<br data-rich-text-line-break=\"true\" \/>\u0152uvre install\u00e9e gr\u00e2ce au soutien de la Galerie Maubert<\/p>\n<\/div>\n<\/div>\n\n\n<h3 style=\"text-align: right;\"><span style=\"color: #b12763;\"><a style=\"color: #b12763;\" href=\"https:\/\/bis-art.com\/index.php\/edition-2018\/\">&gt; \u00c9dition 2018<\/a><\/span><\/h3>\n\n\n<div style=\"height:100px\" aria-hidden=\"true\" class=\"wp-block-spacer\"><\/div>\n","protected":false},"excerpt":{"rendered":"<p>\u00c9dition 2018 Gabrielle Conilh de Beyssac n\u00e9e en 1986. Vit et travaille entre Pont de Barret et Paris. Gabrielle Conilh de Beyssac, n\u00e9e en 1986\u00a0\u00e0 Ottawa, grandit au Canada et au Mali. Elle \u00e9tudie \u00e0 la Villa Arson de Nice puis aux Beaux-Arts de Paris. En 2008, elle effectue une r\u00e9sidence-exposition collective Quartiers libres \u00e0 &hellip;<\/p>\n<p class=\"read-more\"> <a class=\"\" href=\"https:\/\/bis-art.com\/index.php\/gabrielle-conilh-de-beyssac\/\"> <span class=\"screen-reader-text\">Gabrielle Conilh de Beyssac<\/span> Lire la suite \u00bb<\/a><\/p>\n","protected":false},"author":1,"featured_media":0,"parent":0,"menu_order":0,"comment_status":"closed","ping_status":"closed","template":"","meta":{"site-sidebar-layout":"default","site-content-layout":"default","ast-global-header-display":"","ast-main-header-display":"","ast-hfb-above-header-display":"","ast-hfb-below-header-display":"","ast-hfb-mobile-header-display":"","site-post-title":"disabled","ast-breadcrumbs-content":"","ast-featured-img":"","footer-sml-layout":"","theme-transparent-header-meta":"default","adv-header-id-meta":"","stick-header-meta":"default","header-above-stick-meta":"","header-main-stick-meta":"","header-below-stick-meta":""},"_links":{"self":[{"href":"https:\/\/bis-art.com\/index.php\/wp-json\/wp\/v2\/pages\/1018"}],"collection":[{"href":"https:\/\/bis-art.com\/index.php\/wp-json\/wp\/v2\/pages"}],"about":[{"href":"https:\/\/bis-art.com\/index.php\/wp-json\/wp\/v2\/types\/page"}],"author":[{"embeddable":true,"href":"https:\/\/bis-art.com\/index.php\/wp-json\/wp\/v2\/users\/1"}],"replies":[{"embeddable":true,"href":"https:\/\/bis-art.com\/index.php\/wp-json\/wp\/v2\/comments?post=1018"}],"version-history":[{"count":4,"href":"https:\/\/bis-art.com\/index.php\/wp-json\/wp\/v2\/pages\/1018\/revisions"}],"predecessor-version":[{"id":3563,"href":"https:\/\/bis-art.com\/index.php\/wp-json\/wp\/v2\/pages\/1018\/revisions\/3563"}],"wp:attachment":[{"href":"https:\/\/bis-art.com\/index.php\/wp-json\/wp\/v2\/media?parent=1018"}],"curies":[{"name":"wp","href":"https:\/\/api.w.org\/{rel}","templated":true}]}}