{"id":1083,"date":"2021-03-21T16:58:57","date_gmt":"2021-03-21T15:58:57","guid":{"rendered":"https:\/\/bis-art.com\/?page_id=1083"},"modified":"2024-08-03T09:37:39","modified_gmt":"2024-08-03T07:37:39","slug":"vladimir-skoda","status":"publish","type":"page","link":"https:\/\/bis-art.com\/index.php\/vladimir-skoda\/","title":{"rendered":"Vladimir Skoda"},"content":{"rendered":"\n<div style=\"height:60px\" aria-hidden=\"true\" class=\"wp-block-spacer\"><\/div>\n\n\n<h3><span style=\"color: #b12763;\"><a style=\"color: #b12763;\" href=\"https:\/\/bis-art.com\/index.php\/edition-2018\/\">\u00c9dition 2018<\/a><\/span><\/h3>\n\n\n<div class=\"wp-block-columns\">\n<div class=\"wp-block-column\">\n<h2><strong>Vladimir Skoda<\/strong><\/h2>\n<p>n\u00e9 \u00e0 Prague en 1942. <br>Vit et travaille \u00e0 Paris.&nbsp;<\/p>\n<p>Arriv\u00e9 en France en 1968, Vladimir Skoda se forme \u00e0 la facult\u00e9 des lettres \u00e0 Grenoble, puis aux Beaux-arts de Paris dans l\u2019atelier de C\u00e9sar. Vers\u00e9 d\u00e8s ses d\u00e9buts vers les formes g\u00e9om\u00e9triques simples (spirales, cubes, poly\u00e8dres), il accorde depuis le milieu des ann\u00e9es 1980 une place privil\u00e9gi\u00e9e \u00e0 celle de la sph\u00e8re. Le travail de Vladimir Skoda est nourri par ses r\u00e9flexions sur la g\u00e9om\u00e9trie non-euclidienne et le cosmos et ses sculptures, dans leurs disposions prennent fr\u00e9quemment la forme de constellations. Parfois en mouvement et en m\u00e9tal poli, ses sph\u00e8res r\u00e9fl\u00e9chissent alors le monde et alt\u00e8rent ses formes, elles m\u00e9tamorphosent l\u2019espace dans un mouvement de balancier. D\u2019autres fois, Vladimir Skoda joue aussi avec les asp\u00e9rit\u00e9s de ses sculptures et la matit\u00e9 des surfaces.\u2028Skoda aime les contrastes. Les dimensions de ses sculptures, atteignant parfois 3,20 m\u00e8tres de hauteur et pesant jusqu\u2019\u00e0 500 kg, peuvent \u00eatre monumentales. Pourtant, on les croirait pr\u00eates \u00e0 s\u2019\u00e9lever vers le ciel. Denses et l\u00e9g\u00e8res \u00e0 la fois, elles semblent puiser dans le sol une force tellurique, une \u00e9nergie qui laisse imaginer l\u2019instant d\u2019apr\u00e8s, celui o\u00f9 les pointes s\u2019\u00e9tirent jusqu\u2019\u00e0 aller chatouiller les nuages, o\u00f9 les sph\u00e8res s\u2019envolent comme des bulles de savon, ou encore cet instant o\u00f9 les miroirs se jouent de celui qui les regarde pour brouiller la r\u00e9alit\u00e9. Dans une approche m\u00e9taphysique de l\u2019art, Vladimir Skoda invite le spectateur \u00e0 exp\u00e9rimenter son \u0153uvre dans un mouvement dynamique, du corps et de l\u2019esprit. Les pointes en acier intitul\u00e9es Une seule direction ? (2004-2009), dont une expos\u00e9e pendant la Biennale, fendent l\u2019espace et d\u00e9signent les hauteurs infinies du cosmos. Elles offrent un contre-pied tr\u00e8s \u00ab brancusien \u00bb aux sph\u00e8res de Skoda, qu\u2019il nomme Sph\u00e8re de ciel \u2013 ciel de sph\u00e8res, ou encore Horizon des \u00e9v\u00e9nements.&nbsp;<\/p>\n<p>UNE SEULE DIRECTION ?&nbsp;<\/p>\n<p>\u00ab Cette \u0153uvre contraste de par sa forme avec mes sph\u00e8res, qui repr\u00e9sentent une part importante de mon travail.&nbsp;<br>Elle est compos\u00e9e de trois \u00e9l\u00e9ments, dont un seul est expos\u00e9.&nbsp;<br>Pris ind\u00e9pendamment, chaque pi\u00e8ce se dirige vers un point lointain pr\u00e9cis \u2014 une seule direction, mais pris ensemble, ces trois pi\u00e8ces pr\u00e9sentent le paradoxe de l\u2019inexistence des parall\u00e8les dans une seule direction cosmologique.&nbsp;<br>Dans ma cr\u00e9ation, cette sculpture montre ainsi un autre contraste de la g\u00e9om\u00e9trie non- euclidienne \u00bb.&nbsp;<\/p>\n<\/div>\n\n\n\n<div class=\"wp-block-column\">\n<p style=\"text-align: right;\"><strong data-rich-text-format-boundary=\"true\">Une seule direction ? 2004-2009<\/strong><br data-rich-text-line-break=\"true\" \/>Acier au carbone, acier inox poli miroir<br data-rich-text-line-break=\"true\" \/>195 x \u00d8 145 cm<br data-rich-text-line-break=\"true\" \/>Courtesy de l\u2019artiste et de la Galerie Catherine Issert<br data-rich-text-line-break=\"true\" \/>\u0152uvre install\u00e9e gr\u00e2ce au soutien de la Galerie Catherine Issert<\/p>\n<\/div>\n<\/div>\n\n\n<h3 style=\"text-align: right;\"><span style=\"color: #b12763;\"><a style=\"color: #b12763;\" href=\"_wp_link_placeholder\" data-wplink-edit=\"true\">&gt; \u00c9dition 2018<\/a><\/span><\/h3>\n\n\n<div style=\"height:100px\" aria-hidden=\"true\" class=\"wp-block-spacer\"><\/div>\n","protected":false},"excerpt":{"rendered":"<p>\u00c9dition 2018 Vladimir Skoda n\u00e9 \u00e0 Prague en 1942. Vit et travaille \u00e0 Paris.&nbsp; Arriv\u00e9 en France en 1968, Vladimir Skoda se forme \u00e0 la facult\u00e9 des lettres \u00e0 Grenoble, puis aux Beaux-arts de Paris dans l\u2019atelier de C\u00e9sar. Vers\u00e9 d\u00e8s ses d\u00e9buts vers les formes g\u00e9om\u00e9triques simples (spirales, cubes, poly\u00e8dres), il accorde depuis le &hellip;<\/p>\n<p class=\"read-more\"> <a class=\"\" href=\"https:\/\/bis-art.com\/index.php\/vladimir-skoda\/\"> <span class=\"screen-reader-text\">Vladimir Skoda<\/span> Lire la suite \u00bb<\/a><\/p>\n","protected":false},"author":1,"featured_media":0,"parent":0,"menu_order":0,"comment_status":"closed","ping_status":"closed","template":"","meta":{"site-sidebar-layout":"default","site-content-layout":"default","ast-global-header-display":"","ast-main-header-display":"","ast-hfb-above-header-display":"","ast-hfb-below-header-display":"","ast-hfb-mobile-header-display":"","site-post-title":"disabled","ast-breadcrumbs-content":"","ast-featured-img":"","footer-sml-layout":"","theme-transparent-header-meta":"default","adv-header-id-meta":"","stick-header-meta":"default","header-above-stick-meta":"","header-main-stick-meta":"","header-below-stick-meta":""},"_links":{"self":[{"href":"https:\/\/bis-art.com\/index.php\/wp-json\/wp\/v2\/pages\/1083"}],"collection":[{"href":"https:\/\/bis-art.com\/index.php\/wp-json\/wp\/v2\/pages"}],"about":[{"href":"https:\/\/bis-art.com\/index.php\/wp-json\/wp\/v2\/types\/page"}],"author":[{"embeddable":true,"href":"https:\/\/bis-art.com\/index.php\/wp-json\/wp\/v2\/users\/1"}],"replies":[{"embeddable":true,"href":"https:\/\/bis-art.com\/index.php\/wp-json\/wp\/v2\/comments?post=1083"}],"version-history":[{"count":3,"href":"https:\/\/bis-art.com\/index.php\/wp-json\/wp\/v2\/pages\/1083\/revisions"}],"predecessor-version":[{"id":3582,"href":"https:\/\/bis-art.com\/index.php\/wp-json\/wp\/v2\/pages\/1083\/revisions\/3582"}],"wp:attachment":[{"href":"https:\/\/bis-art.com\/index.php\/wp-json\/wp\/v2\/media?parent=1083"}],"curies":[{"name":"wp","href":"https:\/\/api.w.org\/{rel}","templated":true}]}}