{"id":1460,"date":"2021-06-06T13:57:04","date_gmt":"2021-06-06T11:57:04","guid":{"rendered":"https:\/\/bis-art.com\/?page_id=1460"},"modified":"2023-01-11T12:37:25","modified_gmt":"2023-01-11T11:37:25","slug":"charles-le-hyaric","status":"publish","type":"page","link":"https:\/\/bis-art.com\/index.php\/charles-le-hyaric\/","title":{"rendered":"Charles Le Hyaric"},"content":{"rendered":"\n<div style=\"height:60px\" aria-hidden=\"true\" class=\"wp-block-spacer\"><\/div>\n\n\n\n<div class=\"wp-block-columns\">\n<div class=\"wp-block-column\">\n<h2 class=\"p1\"><span style=\"color: #b12763;\">Charles Le Hyaric<\/span><\/h2>\n<p class=\"p3\">N\u00e9 en 1987<br>Vit et travaille \u00e0 Marseille<\/p>\n<p style=\"font-weight: 400;\">Dipl\u00f4m\u00e9 de l\u2019\u00c9cole sup\u00e9rieure d\u2019Art Graphique Penninghen en 2010 et des Beaux-Arts de Paris en 2017, Charles Le Hyaric (1987) vit et travaille \u00e0 Marseille. Il a r\u00e9alis\u00e9 plusieurs installations et sculptures monumentales in situ dans le cadre d\u2019expositions collectives, notamment \u00e0 l\u2019Acad\u00e9mie des beaux-arts de Riga et \u00e0 la Galleria Continua \u2013 Les Moulins. En 2018, la fondation pour l\u2019art contemporain Claudine et Jean-Marc Salomon lui consacre une exposition personnelle dans son nouveau lieu, La FabriC \u00e0 Annecy. En 2020, la Galerie Papillon, qui le repr\u00e9sente, a organis\u00e9 sa troisi\u00e8me exposition personnelle dans ses espaces, et il a notamment particip\u00e9 \u00e0 la premi\u00e8re biennale d\u00e9di\u00e9e \u00e0 la jeune cr\u00e9ation organis\u00e9e au Mus\u00e9e d&#8217;art moderne et contemporain de Saint-\u00c9tienne M\u00e9tropole, avec l&#8217;ESADSE et Art Press.<\/p>\n<p style=\"font-weight: 400;\">Nich\u00e9e au creux&nbsp;de l&#8217;olivier,&nbsp;la n\u00e9buleuse des dryades s\u2019int\u00e8gre au lieu qu\u2019elle investit.<\/p>\n<p style=\"font-weight: 400;\">R\u00e9alis\u00e9e&nbsp;sur place&nbsp;en filasse, sa forme \u00e9voque tout aussi bien une cr\u00e9ature onirique, une b\u00eate ou une carcasse archa\u00efque,&nbsp;un mammif\u00e8re&nbsp;aux&nbsp;origines ind\u00e9finissables. En s\u2019approchant de l\u2019oeuvre, le spectateur y verra une ouverture. Il peut y glisser la t\u00eate et d\u00e9couvrir un tout autre univers : un monde organique, biologique, cellulaire, rendu possible gr\u00e2ce \u00e0 la lumi\u00e8re ondulante qui traverse le maillage de la structure ainsi que le feuillage des arbres dans lesquels la sculpture prend place. L\u2019\u0153uvre a vocation \u00e0 se confondre dans le paysage,&nbsp;et changer d&#8217;apparence au cours du temps.<\/p>\n<p><\/p>\n\n\n\n<hr class=\"wp-block-separator has-text-color has-background has-ast-global-color-7-background-color has-ast-global-color-7-color is-style-wide\"\/>\n\n\n\n<p style=\"font-weight: 400;\"><em>Charles Le Hyaric (1987) graduated from the \u00c9cole sup\u00e9rieure d&#8217;Art Graphique Penninghen in 2010 and the Beaux-Arts de Paris in 2017. He has created several installations and monumental sculptures in situ as part of group exhibitions, notably at the Academy of Fine Arts in Riga and at Galleria Continua &#8211; Les Moulins. In 2018, the Claudine and Jean-Marc Salomon Foundation for Contemporary Art is devoting a solo exhibition to him in its new venue, La FabriC in Annecy. In 2020, the Galerie Papillon, which represents him, organised his third solo exhibition in its spaces, and he notably participated in the first biennial dedicated to young creation organised at the Mus\u00e9e d&#8217;art moderne et contemporain de Saint-\u00c9tienne M\u00e9tropole, with the ESADSE and Art Press.<\/em><\/p>\n<p style=\"font-weight: 400;\"><em>Nestled in the hollow of the olive tree, the nebula of the dryads is integrated into the place it occupies.<\/em><\/p>\n<p style=\"font-weight: 400;\"><em>Made on the spot in filasse, its shape evokes a dreamlike creature, a beast or an archaic carcass, a mammal of indefinable origins. When approaching the work, the spectator will see an opening. He can slide his head in and discover a completely different universe: an organic, biological, cellular world, made possible by the undulating light that passes through the mesh of the structure as well as the foliage of the trees in which the sculpture is set. The work is intended to blend into the landscape and change its appearance over time.<\/em><\/p>\n<p><\/p>\n\n\n\n<hr class=\"wp-block-separator has-text-color has-background has-ast-global-color-7-background-color has-ast-global-color-7-color is-style-wide\"\/>\n\n\n\n<p><span style=\"color: #b12763;\"><a style=\"color: #b12763;\" href=\"https:\/\/bis-art.com\/index.php\/edition2021-artistes\/\"><strong>&gt; Retour Artistes 2021<\/strong><\/a><\/span><\/p>\n<\/div>\n\n\n\n<div class=\"wp-block-column\">\n<div class=\"wp-block-image is-style-default\"><figure class=\"alignright size-large\"><img loading=\"lazy\" width=\"400\" height=\"534\" src=\"https:\/\/bis-art.com\/wp-content\/uploads\/2021\/07\/BIS2021_Charles-LE-HYARIC_La-nebuleuse-des-dryades_2021_photo-Francois-Fernandez.jpg\" alt=\"\" class=\"wp-image-1757\" srcset=\"https:\/\/bis-art.com\/wp-content\/uploads\/2021\/07\/BIS2021_Charles-LE-HYARIC_La-nebuleuse-des-dryades_2021_photo-Francois-Fernandez.jpg 400w, https:\/\/bis-art.com\/wp-content\/uploads\/2021\/07\/BIS2021_Charles-LE-HYARIC_La-nebuleuse-des-dryades_2021_photo-Francois-Fernandez-225x300.jpg 225w\" sizes=\"(max-width: 400px) 100vw, 400px\" \/><figcaption><strong>La n\u00e9buleuse des dryades, 2021<\/strong><br>Structure en bois, grillage, filasse<br>\u0152uvre in situ, dimensions variables<br>Courtesy de l\u2019artiste et de la <a href=\"https:\/\/bis-art.com\/index.php\/galerie-papillon\/\"><span style=\"color:#b12763\" class=\"has-inline-color\">Galerie Papillon<\/span><\/a><br>Photo Fran\u00e7ois Fernandez<\/figcaption><\/figure><\/div>\n\n\n\n<p><\/p>\n<\/div>\n<\/div>\n\n\n\n<div style=\"height:60px\" aria-hidden=\"true\" class=\"wp-block-spacer\"><\/div>\n\n\n\n<p><\/p>\n","protected":false},"excerpt":{"rendered":"<p>Charles Le Hyaric N\u00e9 en 1987Vit et travaille \u00e0 Marseille Dipl\u00f4m\u00e9 de l\u2019\u00c9cole sup\u00e9rieure d\u2019Art Graphique Penninghen en 2010 et des Beaux-Arts de Paris en 2017, Charles Le Hyaric (1987) vit et travaille \u00e0 Marseille. Il a r\u00e9alis\u00e9 plusieurs installations et sculptures monumentales in situ dans le cadre d\u2019expositions collectives, notamment \u00e0 l\u2019Acad\u00e9mie des beaux-arts &hellip;<\/p>\n<p class=\"read-more\"> <a class=\"\" href=\"https:\/\/bis-art.com\/index.php\/charles-le-hyaric\/\"> <span class=\"screen-reader-text\">Charles Le Hyaric<\/span> Lire la suite \u00bb<\/a><\/p>\n","protected":false},"author":1,"featured_media":0,"parent":0,"menu_order":0,"comment_status":"closed","ping_status":"closed","template":"","meta":{"site-sidebar-layout":"default","site-content-layout":"default","ast-global-header-display":"","ast-main-header-display":"","ast-hfb-above-header-display":"","ast-hfb-below-header-display":"","ast-hfb-mobile-header-display":"","site-post-title":"disabled","ast-breadcrumbs-content":"disabled","ast-featured-img":"","footer-sml-layout":"","theme-transparent-header-meta":"default","adv-header-id-meta":"","stick-header-meta":"default","header-above-stick-meta":"","header-main-stick-meta":"","header-below-stick-meta":""},"_links":{"self":[{"href":"https:\/\/bis-art.com\/index.php\/wp-json\/wp\/v2\/pages\/1460"}],"collection":[{"href":"https:\/\/bis-art.com\/index.php\/wp-json\/wp\/v2\/pages"}],"about":[{"href":"https:\/\/bis-art.com\/index.php\/wp-json\/wp\/v2\/types\/page"}],"author":[{"embeddable":true,"href":"https:\/\/bis-art.com\/index.php\/wp-json\/wp\/v2\/users\/1"}],"replies":[{"embeddable":true,"href":"https:\/\/bis-art.com\/index.php\/wp-json\/wp\/v2\/comments?post=1460"}],"version-history":[{"count":6,"href":"https:\/\/bis-art.com\/index.php\/wp-json\/wp\/v2\/pages\/1460\/revisions"}],"predecessor-version":[{"id":2583,"href":"https:\/\/bis-art.com\/index.php\/wp-json\/wp\/v2\/pages\/1460\/revisions\/2583"}],"wp:attachment":[{"href":"https:\/\/bis-art.com\/index.php\/wp-json\/wp\/v2\/media?parent=1460"}],"curies":[{"name":"wp","href":"https:\/\/api.w.org\/{rel}","templated":true}]}}