{"id":1664,"date":"2021-06-14T16:53:59","date_gmt":"2021-06-14T14:53:59","guid":{"rendered":"https:\/\/bis-art.com\/?page_id=1664"},"modified":"2021-06-14T17:01:15","modified_gmt":"2021-06-14T15:01:15","slug":"ferret","status":"publish","type":"page","link":"https:\/\/bis-art.com\/index.php\/ferret\/","title":{"rendered":"Ferret"},"content":{"rendered":"\n<div style=\"height:60px\" aria-hidden=\"true\" class=\"wp-block-spacer\"><\/div>\n\n\n\n<div class=\"wp-block-columns\">\n<div class=\"wp-block-column\" style=\"flex-basis:33.33%\">\n<figure class=\"wp-block-image size-large is-style-default\"><img loading=\"lazy\" width=\"350\" height=\"122\" src=\"https:\/\/bis-art.com\/wp-content\/uploads\/2021\/06\/Logo_Ferret.png\" alt=\"\" class=\"wp-image-1654\" srcset=\"https:\/\/bis-art.com\/wp-content\/uploads\/2021\/06\/Logo_Ferret.png 350w, https:\/\/bis-art.com\/wp-content\/uploads\/2021\/06\/Logo_Ferret-300x105.png 300w\" sizes=\"(max-width: 350px) 100vw, 350px\" \/><\/figure>\n<\/div>\n\n\n\n<div class=\"wp-block-column\" style=\"flex-basis:66.66%\">\n<h2>Maison Ferret<\/h2>\n<p>\u00a0<\/p>\n<p>Depuis plus de cinquante ans, le Groupe FERRET perp\u00e9tue le raffinement caract\u00e9ristique de la haute joaillerie internationale et des grands ma\u00eetres horlogers suisses. Rolex, Cartier, Hublot, Chaumet, Chopard et tant d\u2019autres ont choisi Ferret comme ambassadeur sur la C\u00f4te d\u2019Azur. C\u2019est par un service irr\u00e9prochable, le savoir-faire de ses ma\u00eetres joailliers et la confiance renouvel\u00e9e de ses clients que la renomm\u00e9e du Groupe FERRET se prolonge.<\/p>\n<p>Le Groupe FERRET dispose de ses propres ateliers d\u2019horlogerie et de joaillerie et a fait de la cr\u00e9ation l\u2019une des valeurs de son identit\u00e9. En effet, comme le peintre ou le sculpteur, le cr\u00e9ateur de bijou exerce son art en m\u00ealant technicit\u00e9 et \u00e9motion. Il r\u00e9fl\u00e9chit, imagine la bague ou le pendentif, dessine formes et couleurs, met en \u0153uvre les phases et les techniques n\u00e9cessaires \u00e0 sa fabrication pour en fait une pi\u00e8ce unique.<\/p>\n<p>L&#8217;Art\u00a0et la\u00a0Joaillerie\u00a0sont tous deux \u00e9troitement li\u00e9s, depuis plusieurs ann\u00e9es maintenant, par une n\u00e9cessit\u00e9 d&#8217;expertise et de caract\u00e9risation.\u00a0<\/p>\n<p>L\u2019art a toujours inspir\u00e9 la cr\u00e9ation de produits d\u2019exception gr\u00e2ce \u00e0 la parfaite ma\u00eetrise d\u2019un haut artisanat et de m\u00e9tiers rares exerc\u00e9s dans les maisons partenaires de ferret tant en horlogerie qu\u2019en joaillierie.<\/p>\n<p>Il \u00e9tait donc naturel pour le Groupe de mettre en place des actions en faveur de l\u2019art et de la culture pour faire partager, au plus grand nombre, notre passion pour la cr\u00e9ativit\u00e9 et plus particuli\u00e8rement dans notre r\u00e9gion.<\/p>\n<p>Le Groupe FERRET, tr\u00e8s attach\u00e9 \u00e0 la ville de Saint Paul de Vence, est donc heureux d\u2019apporter son soutien \u00e0 la second \u00e9dition de BIS, la Biennale internationale Saint-Paul de Vence qui propose au grand public une sc\u00e8ne artistique tourn\u00e9e vers la jeune cr\u00e9ation et la diversit\u00e9 de la nouvelle sc\u00e8ne artistique \u00e0 l\u2019image de la cr\u00e9ation d\u2019aujourd\u2019hui.<\/p>\n<p>Plus d\u2019informations sur <span style=\"color: #b12763;\"><a style=\"color: #b12763;\" href=\"https:\/\/ferretjoaillier.fr\" target=\"_blank\" rel=\"noopener\">https:\/\/ferretjoaillier.fr\u00a0<\/a><\/span><\/p>\n\n\n\n<p><\/p>\n<\/div>\n<\/div>\n\n\n\n<div style=\"height:60px\" aria-hidden=\"true\" class=\"wp-block-spacer\"><\/div>\n","protected":false},"excerpt":{"rendered":"<p>Maison Ferret \u00a0 Depuis plus de cinquante ans, le Groupe FERRET perp\u00e9tue le raffinement caract\u00e9ristique de la haute joaillerie internationale et des grands ma\u00eetres horlogers suisses. Rolex, Cartier, Hublot, Chaumet, Chopard et tant d\u2019autres ont choisi Ferret comme ambassadeur sur la C\u00f4te d\u2019Azur. C\u2019est par un service irr\u00e9prochable, le savoir-faire de ses ma\u00eetres joailliers et &hellip;<\/p>\n<p class=\"read-more\"> <a class=\"\" href=\"https:\/\/bis-art.com\/index.php\/ferret\/\"> <span class=\"screen-reader-text\">Ferret<\/span> Lire la suite \u00bb<\/a><\/p>\n","protected":false},"author":1,"featured_media":0,"parent":0,"menu_order":0,"comment_status":"closed","ping_status":"closed","template":"","meta":{"site-sidebar-layout":"default","site-content-layout":"default","ast-global-header-display":"","ast-main-header-display":"","ast-hfb-above-header-display":"","ast-hfb-below-header-display":"","ast-hfb-mobile-header-display":"","site-post-title":"disabled","ast-breadcrumbs-content":"","ast-featured-img":"","footer-sml-layout":"","theme-transparent-header-meta":"default","adv-header-id-meta":"","stick-header-meta":"default","header-above-stick-meta":"","header-main-stick-meta":"","header-below-stick-meta":""},"_links":{"self":[{"href":"https:\/\/bis-art.com\/index.php\/wp-json\/wp\/v2\/pages\/1664"}],"collection":[{"href":"https:\/\/bis-art.com\/index.php\/wp-json\/wp\/v2\/pages"}],"about":[{"href":"https:\/\/bis-art.com\/index.php\/wp-json\/wp\/v2\/types\/page"}],"author":[{"embeddable":true,"href":"https:\/\/bis-art.com\/index.php\/wp-json\/wp\/v2\/users\/1"}],"replies":[{"embeddable":true,"href":"https:\/\/bis-art.com\/index.php\/wp-json\/wp\/v2\/comments?post=1664"}],"version-history":[{"count":2,"href":"https:\/\/bis-art.com\/index.php\/wp-json\/wp\/v2\/pages\/1664\/revisions"}],"predecessor-version":[{"id":1670,"href":"https:\/\/bis-art.com\/index.php\/wp-json\/wp\/v2\/pages\/1664\/revisions\/1670"}],"wp:attachment":[{"href":"https:\/\/bis-art.com\/index.php\/wp-json\/wp\/v2\/media?parent=1664"}],"curies":[{"name":"wp","href":"https:\/\/api.w.org\/{rel}","templated":true}]}}