{"id":1832,"date":"2021-07-04T18:08:49","date_gmt":"2021-07-04T16:08:49","guid":{"rendered":"https:\/\/bis-art.com\/?page_id=1832"},"modified":"2023-01-11T14:04:20","modified_gmt":"2023-01-11T13:04:20","slug":"galerie-thomas-bernard","status":"publish","type":"page","link":"https:\/\/bis-art.com\/index.php\/galerie-thomas-bernard\/","title":{"rendered":"Galerie Thomas Bernard"},"content":{"rendered":"\n<div style=\"height:60px\" aria-hidden=\"true\" class=\"wp-block-spacer\"><\/div>\n\n\n\n<div class=\"wp-block-columns\">\n<div class=\"wp-block-column\" style=\"flex-basis:66.66%\">\n<h2><span style=\"color: #b12763;\">Galerie Thomas Bernard<\/span><\/h2>\n\n\n\n<div style=\"height:60px\" aria-hidden=\"true\" class=\"wp-block-spacer\"><\/div>\n\n\n\n<p>Cortex Athletico est une structure qui s&#8217;est cr\u00e9\u00e9e en 2003 \u00e0 Bordeaux autour de la production d&#8217;oeuvre. <br>En 2006, cette association devient une galerie, et commence alors \u00e0 soutenir le travail d&#8217;artistes dans une exigence internationale, depuis Bordeaux. La question de cette g\u00e9ographie p\u00e9riph\u00e9rique a toujours \u00e9t\u00e9 l&#8217;une des r\u00e9flexions de l&#8217;\u00e9quipe, consid\u00e9rant que la marge est parfois plus un incubateur plus cr\u00e9atif que le centre.<\/p>\n<p>Beaucoup de collaborations ont \u00e9t\u00e9 imagin\u00e9es dans la galerie \u00e0 la rencontre d&#8217;autres disciplines connexes (danse, th\u00e9\u00e2tre, musique, performance &#8230;) ; de programmations sp\u00e9cifiques et parall\u00e8les comme China Girl (films d&#8217;artistes) ou les archives de Rolf Julius.<\/p>\n<p>La galerie Cortex Athletico installe \u00e0 Paris une antenne en 2013, puis en 2015 d\u00e9m\u00e9nage pour un nouvel espace. Afin de se concentrer sur ce projet ambitieux, la structure de Bordeaux ferme ses portes. Pour consolider son d\u00e9veloppement, l&#8217;image graphique de la galerie \u00e9volue et elle change de nom pour s&#8217;appeler \u00e0 terme Galerie Thomas Bernard.<\/p>\n<p>La galerie est membre du CPGA (Comit\u00e9 Professionnel des Galeries d&#8217;Art).<\/p>\n<p>Pr\u00e9sente <a href=\"https:\/\/bis-art.com\/index.php\/kevin-rouillard\/\"><span style=\"color: #b12763;\">Kevin Rouillard.<\/span><\/a><\/p>\n<p><\/p>\n\n\n\n<hr class=\"wp-block-separator has-text-color has-background has-ast-global-color-7-background-color has-ast-global-color-7-color is-style-wide\"\/>\n\n\n\n<p style=\"font-weight: 400;\"><em>Cortex Athletico is a structure founded in 2003 in Bordeaux for the production of artworks. In 2006, this association becomes a gallery and starts supporting the work of artists in an international requirement, from Bordeaux. The question of this regional geography has always been one of the subjects of reflection of the staff, considering that the margin is sometimes more creatively incubative that the centre.<\/em><\/p>\n<p style=\"font-weight: 400;\"><em>A large number of collaborative projects were imagined in the gallery while meeting other closely related disciplines (dance, theatre, music, performance, etc.); or specific and parallel programs such as China Girl (artist&#8217;s films) or the archives of Rolf Julius.<\/em><\/p>\n<p style=\"font-weight: 400;\"><em>The gallery Cortex Athletico installs a secondary space in Paris in 2013, then moves, in 2015, to a new location. In order to focus on this ambitious project, the structure in Bordeaux closes for good. To reinforce its development, the graphic image of the gallery evolves and changes its name to become at last Galerie Thomas Bernard.<\/em><\/p>\n<p><em>Presents\u00a0<a href=\"https:\/\/bis-art.com\/index.php\/kevin-rouillard\/\"><span style=\"color: #b12763;\">Kevin Rouillard.<\/span><\/a><\/em><\/p>\n<p>\u00a0<\/p>\n\n\n\n<hr class=\"wp-block-separator has-text-color has-background has-ast-global-color-7-background-color has-ast-global-color-7-color is-style-wide\"\/>\n\n\n\n<p><\/p>\n<\/div>\n\n\n\n<div class=\"wp-block-column\" style=\"flex-basis:33.33%\">\n<div class=\"wp-block-image is-style-default\"><figure class=\"alignright size-large\"><img loading=\"lazy\" width=\"400\" height=\"266\" src=\"https:\/\/bis-art.com\/wp-content\/uploads\/2021\/07\/Galerie-Thomas-Bernard_Courtesy-de-la-galerie-Thomas-Bernard.jpg\" alt=\"\" class=\"wp-image-1833\" srcset=\"https:\/\/bis-art.com\/wp-content\/uploads\/2021\/07\/Galerie-Thomas-Bernard_Courtesy-de-la-galerie-Thomas-Bernard.jpg 400w, https:\/\/bis-art.com\/wp-content\/uploads\/2021\/07\/Galerie-Thomas-Bernard_Courtesy-de-la-galerie-Thomas-Bernard-300x200.jpg 300w\" sizes=\"(max-width: 400px) 100vw, 400px\" \/><figcaption><strong>Galerie Thomas Bernard<\/strong><br>13, rue des Arquebusiers<br>75003 Paris<br><a href=\"http:\/\/www.galeriethomasbernard.com\" target=\"_blank\" rel=\"noreferrer noopener\"><span style=\"color:#b12763\" class=\"has-inline-color\">www.galeriethomasbernard.com<\/span><\/a><br>Courtesy Galerie Thomas Bernard<\/figcaption><\/figure><\/div>\n<\/div>\n<\/div>\n\n\n<p><a href=\"https:\/\/bis-art.com\/index.php\/edition2021-les-galeries-partenaires\/\"><strong><span style=\"color: #b12763;\">&gt; Edition 2021 &#8211; Les Galeries Partenaires<\/span><\/strong><\/a><\/p>\n\n\n<div style=\"height:60px\" aria-hidden=\"true\" class=\"wp-block-spacer\"><\/div>\n\n\n\n<div style=\"height:60px\" aria-hidden=\"true\" class=\"wp-block-spacer\"><\/div>\n","protected":false},"excerpt":{"rendered":"<p>Galerie Thomas Bernard Cortex Athletico est une structure qui s&#8217;est cr\u00e9\u00e9e en 2003 \u00e0 Bordeaux autour de la production d&#8217;oeuvre. En 2006, cette association devient une galerie, et commence alors \u00e0 soutenir le travail d&#8217;artistes dans une exigence internationale, depuis Bordeaux. La question de cette g\u00e9ographie p\u00e9riph\u00e9rique a toujours \u00e9t\u00e9 l&#8217;une des r\u00e9flexions de l&#8217;\u00e9quipe, &hellip;<\/p>\n<p class=\"read-more\"> <a class=\"\" href=\"https:\/\/bis-art.com\/index.php\/galerie-thomas-bernard\/\"> <span class=\"screen-reader-text\">Galerie Thomas Bernard<\/span> Lire la suite \u00bb<\/a><\/p>\n","protected":false},"author":1,"featured_media":0,"parent":0,"menu_order":0,"comment_status":"closed","ping_status":"closed","template":"","meta":{"site-sidebar-layout":"default","site-content-layout":"default","ast-global-header-display":"","ast-main-header-display":"","ast-hfb-above-header-display":"","ast-hfb-below-header-display":"","ast-hfb-mobile-header-display":"","site-post-title":"disabled","ast-breadcrumbs-content":"disabled","ast-featured-img":"","footer-sml-layout":"","theme-transparent-header-meta":"default","adv-header-id-meta":"","stick-header-meta":"default","header-above-stick-meta":"","header-main-stick-meta":"","header-below-stick-meta":""},"_links":{"self":[{"href":"https:\/\/bis-art.com\/index.php\/wp-json\/wp\/v2\/pages\/1832"}],"collection":[{"href":"https:\/\/bis-art.com\/index.php\/wp-json\/wp\/v2\/pages"}],"about":[{"href":"https:\/\/bis-art.com\/index.php\/wp-json\/wp\/v2\/types\/page"}],"author":[{"embeddable":true,"href":"https:\/\/bis-art.com\/index.php\/wp-json\/wp\/v2\/users\/1"}],"replies":[{"embeddable":true,"href":"https:\/\/bis-art.com\/index.php\/wp-json\/wp\/v2\/comments?post=1832"}],"version-history":[{"count":10,"href":"https:\/\/bis-art.com\/index.php\/wp-json\/wp\/v2\/pages\/1832\/revisions"}],"predecessor-version":[{"id":2399,"href":"https:\/\/bis-art.com\/index.php\/wp-json\/wp\/v2\/pages\/1832\/revisions\/2399"}],"wp:attachment":[{"href":"https:\/\/bis-art.com\/index.php\/wp-json\/wp\/v2\/media?parent=1832"}],"curies":[{"name":"wp","href":"https:\/\/api.w.org\/{rel}","templated":true}]}}

<div style="height:60px" aria-hidden="true" class="wp-block-spacer"></div>



<div class="wp-block-columns">
<div class="wp-block-column" style="flex-basis:66.66%">
<h2><span style="color: #b12763;">Galerie Thomas Bernard</span></h2>



<div style="height:60px" aria-hidden="true" class="wp-block-spacer"></div>



<p>Cortex Athletico est une structure qui s&#8217;est créée en 2003 à Bordeaux autour de la production d&#8217;oeuvre. <br>En 2006, cette association devient une galerie, et commence alors à soutenir le travail d&#8217;artistes dans une exigence internationale, depuis Bordeaux. La question de cette géographie périphérique a toujours été l&#8217;une des réflexions de l&#8217;équipe, considérant que la marge est parfois plus un incubateur plus créatif que le centre.</p>
<p>Beaucoup de collaborations ont été imaginées dans la galerie à la rencontre d&#8217;autres disciplines connexes (danse, théâtre, musique, performance &#8230;) ; de programmations spécifiques et parallèles comme China Girl (films d&#8217;artistes) ou les archives de Rolf Julius.</p>
<p>La galerie Cortex Athletico installe à Paris une antenne en 2013, puis en 2015 déménage pour un nouvel espace. Afin de se concentrer sur ce projet ambitieux, la structure de Bordeaux ferme ses portes. Pour consolider son développement, l&#8217;image graphique de la galerie évolue et elle change de nom pour s&#8217;appeler à terme Galerie Thomas Bernard.</p>
<p>La galerie est membre du CPGA (Comité Professionnel des Galeries d&#8217;Art).</p>
<p>Présente <a href="https://bis-art.com/index.php/kevin-rouillard/"><span style="color: #b12763;">Kevin Rouillard.</span></a></p>
<p></p>



<hr class="wp-block-separator has-text-color has-background has-ast-global-color-7-background-color has-ast-global-color-7-color is-style-wide"/>



<p style="font-weight: 400;"><em>Cortex Athletico is a structure founded in 2003 in Bordeaux for the production of artworks. In 2006, this association becomes a gallery and starts supporting the work of artists in an international requirement, from Bordeaux. The question of this regional geography has always been one of the subjects of reflection of the staff, considering that the margin is sometimes more creatively incubative that the centre.</em></p>
<p style="font-weight: 400;"><em>A large number of collaborative projects were imagined in the gallery while meeting other closely related disciplines (dance, theatre, music, performance, etc.); or specific and parallel programs such as China Girl (artist&#8217;s films) or the archives of Rolf Julius.</em></p>
<p style="font-weight: 400;"><em>The gallery Cortex Athletico installs a secondary space in Paris in 2013, then moves, in 2015, to a new location. In order to focus on this ambitious project, the structure in Bordeaux closes for good. To reinforce its development, the graphic image of the gallery evolves and changes its name to become at last Galerie Thomas Bernard.</em></p>
<p><em>Presents <a href="https://bis-art.com/index.php/kevin-rouillard/"><span style="color: #b12763;">Kevin Rouillard.</span></a></em></p>
<p> </p>



<hr class="wp-block-separator has-text-color has-background has-ast-global-color-7-background-color has-ast-global-color-7-color is-style-wide"/>



<p></p>
</div>



<div class="wp-block-column" style="flex-basis:33.33%">
<div class="wp-block-image is-style-default"><figure class="alignright size-large"><img loading="lazy" width="400" height="266" src="https://bis-art.com/wp-content/uploads/2021/07/Galerie-Thomas-Bernard_Courtesy-de-la-galerie-Thomas-Bernard.jpg" alt="" class="wp-image-1833" srcset="https://bis-art.com/wp-content/uploads/2021/07/Galerie-Thomas-Bernard_Courtesy-de-la-galerie-Thomas-Bernard.jpg 400w, https://bis-art.com/wp-content/uploads/2021/07/Galerie-Thomas-Bernard_Courtesy-de-la-galerie-Thomas-Bernard-300x200.jpg 300w" sizes="(max-width: 400px) 100vw, 400px" /><figcaption><strong>Galerie Thomas Bernard</strong><br>13, rue des Arquebusiers<br>75003 Paris<br><a href="http://www.galeriethomasbernard.com" target="_blank" rel="noreferrer noopener"><span style="color:#b12763" class="has-inline-color">www.galeriethomasbernard.com</span></a><br>Courtesy Galerie Thomas Bernard</figcaption></figure></div>
</div>
</div>


<p><a href="https://bis-art.com/index.php/edition2021-les-galeries-partenaires/"><strong><span style="color: #b12763;">&gt; Edition 2021 &#8211; Les Galeries Partenaires</span></strong></a></p>


<div style="height:60px" aria-hidden="true" class="wp-block-spacer"></div>



<div style="height:60px" aria-hidden="true" class="wp-block-spacer"></div>

<p>Galerie Thomas Bernard Cortex Athletico est une structure qui s&#8217;est créée en 2003 à Bordeaux autour de la production d&#8217;oeuvre. En 2006, cette association devient une galerie, et commence alors à soutenir le travail d&#8217;artistes dans une exigence internationale, depuis Bordeaux. La question de cette géographie périphérique a toujours été l&#8217;une des réflexions de l&#8217;équipe, &hellip;</p>
<p class="read-more"> <a class="" href="https://bis-art.com/index.php/galerie-thomas-bernard/"> <span class="screen-reader-text">Galerie Thomas Bernard</span> Lire la suite »</a></p>
