{"id":1857,"date":"2021-07-04T19:07:38","date_gmt":"2021-07-04T17:07:38","guid":{"rendered":"https:\/\/bis-art.com\/?page_id=1857"},"modified":"2023-01-11T14:07:52","modified_gmt":"2023-01-11T13:07:52","slug":"galerie-laurent-godin","status":"publish","type":"page","link":"https:\/\/bis-art.com\/index.php\/galerie-laurent-godin\/","title":{"rendered":"Galerie Laurent Godin"},"content":{"rendered":"\n<div style=\"height:60px\" aria-hidden=\"true\" class=\"wp-block-spacer\"><\/div>\n\n\n\n<div class=\"wp-block-columns\">\n<div class=\"wp-block-column\" style=\"flex-basis:66.66%\">\n<div class=\"page\" title=\"Page 26\">\n<div class=\"layoutArea\">\n<div class=\"column\">\n<h2><span style=\"color: #b12763;\">Galerie Laurent Godin<\/span><\/h2>\n<\/div>\n<\/div>\n<\/div>\n\n\n\n<div style=\"height:60px\" aria-hidden=\"true\" class=\"wp-block-spacer\"><\/div>\n\n\n\n<p>Convaincu du r\u00f4le essentiel des galeries aupr\u00e8s des artistes, Laurent Godin fonde en 2005, sa galerie, avec pour seul capital la confiance et le soutien de nombreux artistes.<\/p>\n<p>Ouverte dans le Marais \u00e0 quelques m\u00e8tres du Centre Pompidou, la galerie investit un second espace dans le 13e arrondissement en octobre 2015 avant d\u2019y d\u00e9m\u00e9nager en Septembre 2017. Ce lieu de 500 m2, situ\u00e9 en dehors du circuit classique des galeries d\u2019art, doit se comprendre comme une invitation \u00e0 prendre le temps, \u00e0 repenser notre relation aux oeuvres et aux expositions.<\/p>\n<p>La galerie repr\u00e9sente aujourd\u2019hui une vingtaine d\u2019artistes \u00e9mergents et \u00e9tablis, dont le travail a pour point commun de participer \u00e0 la discussion et \u00e0 l\u2019\u00e9volution de l\u2019art contemporain, avec une attention particuli\u00e8re port\u00e9e sur les champs politiques et socio-culturels.<\/p>\n<p>La Galerie Laurent Godin repr\u00e9sente \u00e9galement ses artistes dans les foires d\u2019art contemporain parmi les plus importantes en France comme \u00e0 l\u2019international.<\/p>\n<p>Pr\u00e9sente <a href=\"https:\/\/bis-art.com\/index.php\/gonzalo-lebrija\/\"><span style=\"font-size: 1rem; color: #b12763;\">Gonzalo Lebrija<\/span><\/a><\/p>\n<p>\u00a0<\/p>\n\n\n\n<hr class=\"wp-block-separator has-text-color has-background has-ast-global-color-7-background-color has-ast-global-color-7-color is-style-wide\"\/>\n\n\n\n<p style=\"font-weight: 400;\"><em>Convinced of the essential role of galleries for artists, Laurent Godin founded his own gallery in 2005, with the trust and support of many artists as his only capital.<\/em><\/p>\n<p style=\"font-weight: 400;\"><em>Open in the Marais, a few meters from the Centre Pompidou, the gallery opens a second location in the 13th arrondissement in October 2015 before moving there in September 2017. This 500m2 space, located outside the classic art gallery circuit, should be understood as an invitation to take time, to rethink our relationship to works and exhibitions.<\/em><\/p>\n<p style=\"font-weight: 400;\"><em>The gallery now represents some twenty emerging and established artists, whose work has in common the fact that they participate in the discussion and evolution of contemporary art, with a particular focus on political and socio-cultural fields.<\/em><\/p>\n<p style=\"font-weight: 400;\"><em>Galerie Laurent Godin also represents its artists at some of the most important contemporary art fairs in France and abroad.<\/em><\/p>\n<p>Presents <a href=\"https:\/\/bis-art.com\/index.php\/gonzalo-lebrija\/\"><span style=\"font-size: 1rem; color: #b12763;\">Gonzalo Lebrija<\/span><\/a><\/p>\n<p style=\"font-weight: 400;\">\u00a0<\/p>\n\n\n\n<hr class=\"wp-block-separator has-text-color has-background has-ast-global-color-7-background-color has-ast-global-color-7-color is-style-wide\"\/>\n\n\n\n<p><a href=\"https:\/\/bis-art.com\/index.php\/edition2021-les-galeries-partenaires\/\"><strong><span style=\"color: #b12763;\">&gt; \u00c9dition 2021 &#8211; Les Galeries Partenaires<\/span><\/strong><\/a><\/p>\n\n\n\n<div style=\"height:60px\" aria-hidden=\"true\" class=\"wp-block-spacer\"><\/div>\n<\/div>\n\n\n\n<div class=\"wp-block-column\" style=\"flex-basis:33.33%\">\n<div class=\"wp-block-image is-style-default\"><figure class=\"alignright size-large\"><img loading=\"lazy\" width=\"750\" height=\"500\" src=\"https:\/\/bis-art.com\/wp-content\/uploads\/2021\/07\/Galerie-Laurent-Godin_Courtesy-de-la-Galerie-Laurent-Godin_\u00a9Yann-Bohac.jpg\" alt=\"\" class=\"wp-image-1858\" srcset=\"https:\/\/bis-art.com\/wp-content\/uploads\/2021\/07\/Galerie-Laurent-Godin_Courtesy-de-la-Galerie-Laurent-Godin_\u00a9Yann-Bohac.jpg 750w, https:\/\/bis-art.com\/wp-content\/uploads\/2021\/07\/Galerie-Laurent-Godin_Courtesy-de-la-Galerie-Laurent-Godin_\u00a9Yann-Bohac-300x200.jpg 300w\" sizes=\"(max-width: 750px) 100vw, 750px\" \/><figcaption><strong>Galerie Laurent Godin<\/strong><br>36 bis, rue Eug\u00e8ne Oudin\u00e9<br>75013 Paris<br><a href=\"http:\/\/www.laurentgodin.com\" target=\"_blank\" rel=\"noreferrer noopener\"><span style=\"color:#b12763\" class=\"has-inline-color\">www.laurentgodin.com<\/span><\/a><br>Courtesy Galerie Laurent Godin<br>Photo \u00a9 Yann Bohac<br><\/figcaption><\/figure><\/div>\n\n\n\n<p><\/p>\n<\/div>\n<\/div>\n\n\n\n<div style=\"height:60px\" aria-hidden=\"true\" class=\"wp-block-spacer\"><\/div>\n","protected":false},"excerpt":{"rendered":"<p>Galerie Laurent Godin Convaincu du r\u00f4le essentiel des galeries aupr\u00e8s des artistes, Laurent Godin fonde en 2005, sa galerie, avec pour seul capital la confiance et le soutien de nombreux artistes. Ouverte dans le Marais \u00e0 quelques m\u00e8tres du Centre Pompidou, la galerie investit un second espace dans le 13e arrondissement en octobre 2015 avant &hellip;<\/p>\n<p class=\"read-more\"> <a class=\"\" href=\"https:\/\/bis-art.com\/index.php\/galerie-laurent-godin\/\"> <span class=\"screen-reader-text\">Galerie Laurent Godin<\/span> Lire la suite \u00bb<\/a><\/p>\n","protected":false},"author":1,"featured_media":0,"parent":0,"menu_order":0,"comment_status":"closed","ping_status":"closed","template":"","meta":{"site-sidebar-layout":"default","site-content-layout":"default","ast-global-header-display":"","ast-main-header-display":"","ast-hfb-above-header-display":"","ast-hfb-below-header-display":"","ast-hfb-mobile-header-display":"","site-post-title":"disabled","ast-breadcrumbs-content":"disabled","ast-featured-img":"","footer-sml-layout":"","theme-transparent-header-meta":"default","adv-header-id-meta":"","stick-header-meta":"default","header-above-stick-meta":"","header-main-stick-meta":"","header-below-stick-meta":""},"_links":{"self":[{"href":"https:\/\/bis-art.com\/index.php\/wp-json\/wp\/v2\/pages\/1857"}],"collection":[{"href":"https:\/\/bis-art.com\/index.php\/wp-json\/wp\/v2\/pages"}],"about":[{"href":"https:\/\/bis-art.com\/index.php\/wp-json\/wp\/v2\/types\/page"}],"author":[{"embeddable":true,"href":"https:\/\/bis-art.com\/index.php\/wp-json\/wp\/v2\/users\/1"}],"replies":[{"embeddable":true,"href":"https:\/\/bis-art.com\/index.php\/wp-json\/wp\/v2\/comments?post=1857"}],"version-history":[{"count":4,"href":"https:\/\/bis-art.com\/index.php\/wp-json\/wp\/v2\/pages\/1857\/revisions"}],"predecessor-version":[{"id":2402,"href":"https:\/\/bis-art.com\/index.php\/wp-json\/wp\/v2\/pages\/1857\/revisions\/2402"}],"wp:attachment":[{"href":"https:\/\/bis-art.com\/index.php\/wp-json\/wp\/v2\/media?parent=1857"}],"curies":[{"name":"wp","href":"https:\/\/api.w.org\/{rel}","templated":true}]}}

<div style="height:60px" aria-hidden="true" class="wp-block-spacer"></div>



<div class="wp-block-columns">
<div class="wp-block-column" style="flex-basis:66.66%">
<div class="page" title="Page 26">
<div class="layoutArea">
<div class="column">
<h2><span style="color: #b12763;">Galerie Laurent Godin</span></h2>
</div>
</div>
</div>



<div style="height:60px" aria-hidden="true" class="wp-block-spacer"></div>



<p>Convaincu du rôle essentiel des galeries auprès des artistes, Laurent Godin fonde en 2005, sa galerie, avec pour seul capital la confiance et le soutien de nombreux artistes.</p>
<p>Ouverte dans le Marais à quelques mètres du Centre Pompidou, la galerie investit un second espace dans le 13e arrondissement en octobre 2015 avant d’y déménager en Septembre 2017. Ce lieu de 500 m2, situé en dehors du circuit classique des galeries d’art, doit se comprendre comme une invitation à prendre le temps, à repenser notre relation aux oeuvres et aux expositions.</p>
<p>La galerie représente aujourd’hui une vingtaine d’artistes émergents et établis, dont le travail a pour point commun de participer à la discussion et à l’évolution de l’art contemporain, avec une attention particulière portée sur les champs politiques et socio-culturels.</p>
<p>La Galerie Laurent Godin représente également ses artistes dans les foires d’art contemporain parmi les plus importantes en France comme à l’international.</p>
<p>Présente <a href="https://bis-art.com/index.php/gonzalo-lebrija/"><span style="font-size: 1rem; color: #b12763;">Gonzalo Lebrija</span></a></p>
<p> </p>



<hr class="wp-block-separator has-text-color has-background has-ast-global-color-7-background-color has-ast-global-color-7-color is-style-wide"/>



<p style="font-weight: 400;"><em>Convinced of the essential role of galleries for artists, Laurent Godin founded his own gallery in 2005, with the trust and support of many artists as his only capital.</em></p>
<p style="font-weight: 400;"><em>Open in the Marais, a few meters from the Centre Pompidou, the gallery opens a second location in the 13th arrondissement in October 2015 before moving there in September 2017. This 500m2 space, located outside the classic art gallery circuit, should be understood as an invitation to take time, to rethink our relationship to works and exhibitions.</em></p>
<p style="font-weight: 400;"><em>The gallery now represents some twenty emerging and established artists, whose work has in common the fact that they participate in the discussion and evolution of contemporary art, with a particular focus on political and socio-cultural fields.</em></p>
<p style="font-weight: 400;"><em>Galerie Laurent Godin also represents its artists at some of the most important contemporary art fairs in France and abroad.</em></p>
<p>Presents <a href="https://bis-art.com/index.php/gonzalo-lebrija/"><span style="font-size: 1rem; color: #b12763;">Gonzalo Lebrija</span></a></p>
<p style="font-weight: 400;"> </p>



<hr class="wp-block-separator has-text-color has-background has-ast-global-color-7-background-color has-ast-global-color-7-color is-style-wide"/>



<p><a href="https://bis-art.com/index.php/edition2021-les-galeries-partenaires/"><strong><span style="color: #b12763;">&gt; Édition 2021 &#8211; Les Galeries Partenaires</span></strong></a></p>



<div style="height:60px" aria-hidden="true" class="wp-block-spacer"></div>
</div>



<div class="wp-block-column" style="flex-basis:33.33%">
<div class="wp-block-image is-style-default"><figure class="alignright size-large"><img loading="lazy" width="750" height="500" src="https://bis-art.com/wp-content/uploads/2021/07/Galerie-Laurent-Godin_Courtesy-de-la-Galerie-Laurent-Godin_©Yann-Bohac.jpg" alt="" class="wp-image-1858" srcset="https://bis-art.com/wp-content/uploads/2021/07/Galerie-Laurent-Godin_Courtesy-de-la-Galerie-Laurent-Godin_©Yann-Bohac.jpg 750w, https://bis-art.com/wp-content/uploads/2021/07/Galerie-Laurent-Godin_Courtesy-de-la-Galerie-Laurent-Godin_©Yann-Bohac-300x200.jpg 300w" sizes="(max-width: 750px) 100vw, 750px" /><figcaption><strong>Galerie Laurent Godin</strong><br>36 bis, rue Eugène Oudiné<br>75013 Paris<br><a href="http://www.laurentgodin.com" target="_blank" rel="noreferrer noopener"><span style="color:#b12763" class="has-inline-color">www.laurentgodin.com</span></a><br>Courtesy Galerie Laurent Godin<br>Photo © Yann Bohac<br></figcaption></figure></div>



<p></p>
</div>
</div>



<div style="height:60px" aria-hidden="true" class="wp-block-spacer"></div>

<p>Galerie Laurent Godin Convaincu du rôle essentiel des galeries auprès des artistes, Laurent Godin fonde en 2005, sa galerie, avec pour seul capital la confiance et le soutien de nombreux artistes. Ouverte dans le Marais à quelques mètres du Centre Pompidou, la galerie investit un second espace dans le 13e arrondissement en octobre 2015 avant &hellip;</p>
<p class="read-more"> <a class="" href="https://bis-art.com/index.php/galerie-laurent-godin/"> <span class="screen-reader-text">Galerie Laurent Godin</span> Lire la suite »</a></p>
