{"id":1865,"date":"2021-07-04T19:26:03","date_gmt":"2021-07-04T17:26:03","guid":{"rendered":"https:\/\/bis-art.com\/?page_id=1865"},"modified":"2023-01-11T14:16:08","modified_gmt":"2023-01-11T13:16:08","slug":"galerie-papillon","status":"publish","type":"page","link":"https:\/\/bis-art.com\/index.php\/galerie-papillon\/","title":{"rendered":"Galerie Papillon"},"content":{"rendered":"\n<div style=\"height:60px\" aria-hidden=\"true\" class=\"wp-block-spacer\"><\/div>\n\n\n\n<div class=\"wp-block-columns\">\n<div class=\"wp-block-column\" style=\"flex-basis:66.66%\">\n<div class=\"page\" title=\"Page 26\">\n<div class=\"layoutArea\">\n<div class=\"column\">\n<h2><span style=\"color: #b12763;\">Galerie Papillon<\/span><\/h2>\n<\/div>\n<\/div>\n<\/div>\n\n\n\n<div style=\"height:60px\" aria-hidden=\"true\" class=\"wp-block-spacer\"><\/div>\n\n\n\n<div class=\"page\" title=\"Page 1\">\n<div class=\"layoutArea\">\n<div class=\"column\">\n<p>Depuis plus de 30 ans, la Galerie Papillon, situ\u00e9e \u00e0 Paris, pr\u00e8s du Centre Pompidou, est reconnue pour sa programmation pointue qui r\u00e9unit des artistes fran\u00e7ais et \u00e9trangers &#8211; \u00e9mergents, confirm\u00e9s ou en milieu de carri\u00e8re\u00a0&#8211; partageant un m\u00eame sens de la po\u00e9sie et de l&#8217;ironie. <br \/>La galerie leur offre un vaste terrain de jeu dans son espace principal sur cour de 250 m2, tandis que son second espace, au premier \u00e9tage, est d\u00e9di\u00e9 \u00e0 des accrochages collectifs ou des invitations sp\u00e9cifiques.<\/p>\n<p>Marion et Claudine Papillon, ce sont deux g\u00e9n\u00e9rations de galeristes qui collaborent ensemble tout en se compl\u00e9tant et en partageant les m\u00eames valeurs et la m\u00eame vision inalt\u00e9rables qui donne \u00e0 la galerie son identit\u00e9 : offrir aux artistes un environnement de libert\u00e9 pour qu&#8217;ils puissent donner libre cours \u00e0 leur cr\u00e9ativit\u00e9.<\/p>\n<p>Pr\u00e9sente <span style=\"font-size: 1rem;\"><span style=\"color: #b12763;\"><a style=\"color: #b12763;\" href=\"https:\/\/bis-art.com\/index.php\/linda-sanchez\/\">Linda Sanchez<\/a><\/span> et <span style=\"color: #b12763;\"><a style=\"color: #b12763;\" href=\"https:\/\/bis-art.com\/index.php\/charles-le-hyaric\/\">Charles Le Hyaric<\/a><\/span><\/span><\/p>\n<\/div>\n<\/div>\n<\/div>\n\n\n\n<hr class=\"wp-block-separator has-text-color has-background has-ast-global-color-7-background-color has-ast-global-color-7-color is-style-wide\"\/>\n\n\n\n<p style=\"font-weight: 400;\"><em>For more than 30 years, Galerie Papillon, located in Paris, near the Centre Pompidou, is esteemed for its cutting-edge program that brings together French and foreign artists &#8211; both emerging, established and mid-career &#8211; sharing a common sense of poetry and irony.<\/em><\/p>\n<p style=\"font-weight: 400;\"><em>The gallery offers them a vast playground in its 250 m2 main space \u201csur cour\u201d, while its second space on the first floor is dedicated to spotlight presentations or more exclusive invitations.<\/em><\/p>\n<p style=\"font-weight: 400;\"><em>Two generations of gallerists, Marion and Claudine Papillon are collaborating and complementing each other, sharing the same unvaried values and vision that define the unique identity of the gallery: offer artists an environment of freedom so they can give free rein to their creativity.<\/em><\/p>\n<p><em>Presents\u00a0<span style=\"font-size: 1rem;\"><span style=\"color: #b12763;\"><a style=\"color: #b12763;\" href=\"https:\/\/bis-art.com\/index.php\/linda-sanchez\/\">Linda Sanchez<\/a><\/span> et <span style=\"color: #b12763;\"><a style=\"color: #b12763;\" href=\"https:\/\/bis-art.com\/index.php\/charles-le-hyaric\/\">Charles Le Hyaric<\/a><\/span><\/span><\/em><\/p>\n<p>\u00a0<\/p>\n\n\n\n<hr class=\"wp-block-separator has-text-color has-background has-ast-global-color-7-background-color has-ast-global-color-7-color is-style-wide\"\/>\n\n\n\n<p><a href=\"https:\/\/bis-art.com\/index.php\/edition2021-les-galeries-partenaires\/\"><strong><span style=\"color: #b12763;\">&gt; \u00c9dition 2021 &#8211; Les Galeries Partenaires<\/span><\/strong><\/a><\/p>\n<\/div>\n\n\n\n<div class=\"wp-block-column\" style=\"flex-basis:33.33%\">\n<div class=\"wp-block-image is-style-default\"><figure class=\"alignright size-large\"><img loading=\"lazy\" width=\"400\" height=\"400\" src=\"https:\/\/bis-art.com\/wp-content\/uploads\/2021\/07\/Galerie-Papillon_Courtesy-Galerie-Papillon_\u00a9-Francesca-Avanzinelli.jpg\" alt=\"\" class=\"wp-image-1866\" srcset=\"https:\/\/bis-art.com\/wp-content\/uploads\/2021\/07\/Galerie-Papillon_Courtesy-Galerie-Papillon_\u00a9-Francesca-Avanzinelli.jpg 400w, https:\/\/bis-art.com\/wp-content\/uploads\/2021\/07\/Galerie-Papillon_Courtesy-Galerie-Papillon_\u00a9-Francesca-Avanzinelli-300x300.jpg 300w, https:\/\/bis-art.com\/wp-content\/uploads\/2021\/07\/Galerie-Papillon_Courtesy-Galerie-Papillon_\u00a9-Francesca-Avanzinelli-150x150.jpg 150w\" sizes=\"(max-width: 400px) 100vw, 400px\" \/><figcaption><strong>Galerie Papillon<\/strong><br>13, rue Chapon<br>75003 Paris<br><a href=\"http:\/\/www.galeriepapillonparis.com\" target=\"_blank\" rel=\"noreferrer noopener\"><span style=\"color:#b12763\" class=\"has-inline-color\">www.galeriepapillonparis.com<\/span><\/a><br>Courtesy Galerie Papillon<br>Photo \u00a9 Francesca Avanzinelli<\/figcaption><\/figure><\/div>\n<\/div>\n<\/div>\n\n\n\n<div style=\"height:60px\" aria-hidden=\"true\" class=\"wp-block-spacer\"><\/div>\n","protected":false},"excerpt":{"rendered":"<p>Galerie Papillon Depuis plus de 30 ans, la Galerie Papillon, situ\u00e9e \u00e0 Paris, pr\u00e8s du Centre Pompidou, est reconnue pour sa programmation pointue qui r\u00e9unit des artistes fran\u00e7ais et \u00e9trangers &#8211; \u00e9mergents, confirm\u00e9s ou en milieu de carri\u00e8re\u00a0&#8211; partageant un m\u00eame sens de la po\u00e9sie et de l&#8217;ironie. La galerie leur offre un vaste terrain &hellip;<\/p>\n<p class=\"read-more\"> <a class=\"\" href=\"https:\/\/bis-art.com\/index.php\/galerie-papillon\/\"> <span class=\"screen-reader-text\">Galerie Papillon<\/span> Lire la suite \u00bb<\/a><\/p>\n","protected":false},"author":1,"featured_media":0,"parent":0,"menu_order":0,"comment_status":"closed","ping_status":"closed","template":"","meta":{"site-sidebar-layout":"default","site-content-layout":"default","ast-global-header-display":"","ast-main-header-display":"","ast-hfb-above-header-display":"","ast-hfb-below-header-display":"","ast-hfb-mobile-header-display":"","site-post-title":"disabled","ast-breadcrumbs-content":"disabled","ast-featured-img":"","footer-sml-layout":"","theme-transparent-header-meta":"default","adv-header-id-meta":"","stick-header-meta":"default","header-above-stick-meta":"","header-main-stick-meta":"","header-below-stick-meta":""},"_links":{"self":[{"href":"https:\/\/bis-art.com\/index.php\/wp-json\/wp\/v2\/pages\/1865"}],"collection":[{"href":"https:\/\/bis-art.com\/index.php\/wp-json\/wp\/v2\/pages"}],"about":[{"href":"https:\/\/bis-art.com\/index.php\/wp-json\/wp\/v2\/types\/page"}],"author":[{"embeddable":true,"href":"https:\/\/bis-art.com\/index.php\/wp-json\/wp\/v2\/users\/1"}],"replies":[{"embeddable":true,"href":"https:\/\/bis-art.com\/index.php\/wp-json\/wp\/v2\/comments?post=1865"}],"version-history":[{"count":3,"href":"https:\/\/bis-art.com\/index.php\/wp-json\/wp\/v2\/pages\/1865\/revisions"}],"predecessor-version":[{"id":2406,"href":"https:\/\/bis-art.com\/index.php\/wp-json\/wp\/v2\/pages\/1865\/revisions\/2406"}],"wp:attachment":[{"href":"https:\/\/bis-art.com\/index.php\/wp-json\/wp\/v2\/media?parent=1865"}],"curies":[{"name":"wp","href":"https:\/\/api.w.org\/{rel}","templated":true}]}}

<div style="height:60px" aria-hidden="true" class="wp-block-spacer"></div>



<div class="wp-block-columns">
<div class="wp-block-column" style="flex-basis:66.66%">
<div class="page" title="Page 26">
<div class="layoutArea">
<div class="column">
<h2><span style="color: #b12763;">Galerie Papillon</span></h2>
</div>
</div>
</div>



<div style="height:60px" aria-hidden="true" class="wp-block-spacer"></div>



<div class="page" title="Page 1">
<div class="layoutArea">
<div class="column">
<p>Depuis plus de 30 ans, la Galerie Papillon, située à Paris, près du Centre Pompidou, est reconnue pour sa programmation pointue qui réunit des artistes français et étrangers &#8211; émergents, confirmés ou en milieu de carrière &#8211; partageant un même sens de la poésie et de l&#8217;ironie. <br />La galerie leur offre un vaste terrain de jeu dans son espace principal sur cour de 250 m2, tandis que son second espace, au premier étage, est dédié à des accrochages collectifs ou des invitations spécifiques.</p>
<p>Marion et Claudine Papillon, ce sont deux générations de galeristes qui collaborent ensemble tout en se complétant et en partageant les mêmes valeurs et la même vision inaltérables qui donne à la galerie son identité : offrir aux artistes un environnement de liberté pour qu&#8217;ils puissent donner libre cours à leur créativité.</p>
<p>Présente <span style="font-size: 1rem;"><span style="color: #b12763;"><a style="color: #b12763;" href="https://bis-art.com/index.php/linda-sanchez/">Linda Sanchez</a></span> et <span style="color: #b12763;"><a style="color: #b12763;" href="https://bis-art.com/index.php/charles-le-hyaric/">Charles Le Hyaric</a></span></span></p>
</div>
</div>
</div>



<hr class="wp-block-separator has-text-color has-background has-ast-global-color-7-background-color has-ast-global-color-7-color is-style-wide"/>



<p style="font-weight: 400;"><em>For more than 30 years, Galerie Papillon, located in Paris, near the Centre Pompidou, is esteemed for its cutting-edge program that brings together French and foreign artists &#8211; both emerging, established and mid-career &#8211; sharing a common sense of poetry and irony.</em></p>
<p style="font-weight: 400;"><em>The gallery offers them a vast playground in its 250 m2 main space “sur cour”, while its second space on the first floor is dedicated to spotlight presentations or more exclusive invitations.</em></p>
<p style="font-weight: 400;"><em>Two generations of gallerists, Marion and Claudine Papillon are collaborating and complementing each other, sharing the same unvaried values and vision that define the unique identity of the gallery: offer artists an environment of freedom so they can give free rein to their creativity.</em></p>
<p><em>Presents <span style="font-size: 1rem;"><span style="color: #b12763;"><a style="color: #b12763;" href="https://bis-art.com/index.php/linda-sanchez/">Linda Sanchez</a></span> et <span style="color: #b12763;"><a style="color: #b12763;" href="https://bis-art.com/index.php/charles-le-hyaric/">Charles Le Hyaric</a></span></span></em></p>
<p> </p>



<hr class="wp-block-separator has-text-color has-background has-ast-global-color-7-background-color has-ast-global-color-7-color is-style-wide"/>



<p><a href="https://bis-art.com/index.php/edition2021-les-galeries-partenaires/"><strong><span style="color: #b12763;">&gt; Édition 2021 &#8211; Les Galeries Partenaires</span></strong></a></p>
</div>



<div class="wp-block-column" style="flex-basis:33.33%">
<div class="wp-block-image is-style-default"><figure class="alignright size-large"><img loading="lazy" width="400" height="400" src="https://bis-art.com/wp-content/uploads/2021/07/Galerie-Papillon_Courtesy-Galerie-Papillon_©-Francesca-Avanzinelli.jpg" alt="" class="wp-image-1866" srcset="https://bis-art.com/wp-content/uploads/2021/07/Galerie-Papillon_Courtesy-Galerie-Papillon_©-Francesca-Avanzinelli.jpg 400w, https://bis-art.com/wp-content/uploads/2021/07/Galerie-Papillon_Courtesy-Galerie-Papillon_©-Francesca-Avanzinelli-300x300.jpg 300w, https://bis-art.com/wp-content/uploads/2021/07/Galerie-Papillon_Courtesy-Galerie-Papillon_©-Francesca-Avanzinelli-150x150.jpg 150w" sizes="(max-width: 400px) 100vw, 400px" /><figcaption><strong>Galerie Papillon</strong><br>13, rue Chapon<br>75003 Paris<br><a href="http://www.galeriepapillonparis.com" target="_blank" rel="noreferrer noopener"><span style="color:#b12763" class="has-inline-color">www.galeriepapillonparis.com</span></a><br>Courtesy Galerie Papillon<br>Photo © Francesca Avanzinelli</figcaption></figure></div>
</div>
</div>



<div style="height:60px" aria-hidden="true" class="wp-block-spacer"></div>

<p>Galerie Papillon Depuis plus de 30 ans, la Galerie Papillon, située à Paris, près du Centre Pompidou, est reconnue pour sa programmation pointue qui réunit des artistes français et étrangers &#8211; émergents, confirmés ou en milieu de carrière &#8211; partageant un même sens de la poésie et de l&#8217;ironie. La galerie leur offre un vaste terrain &hellip;</p>
<p class="read-more"> <a class="" href="https://bis-art.com/index.php/galerie-papillon/"> <span class="screen-reader-text">Galerie Papillon</span> Lire la suite »</a></p>
