{"id":1869,"date":"2021-07-04T19:32:38","date_gmt":"2021-07-04T17:32:38","guid":{"rendered":"https:\/\/bis-art.com\/?page_id=1869"},"modified":"2023-01-11T14:18:38","modified_gmt":"2023-01-11T13:18:38","slug":"galerie-sator","status":"publish","type":"page","link":"https:\/\/bis-art.com\/index.php\/galerie-sator\/","title":{"rendered":"Galerie Sator"},"content":{"rendered":"\n<div style=\"height:60px\" aria-hidden=\"true\" class=\"wp-block-spacer\"><\/div>\n\n\n\n<div class=\"wp-block-columns\">\n<div class=\"wp-block-column\" style=\"flex-basis:66.66%\">\n<div class=\"page\" title=\"Page 26\">\n<div class=\"layoutArea\">\n<div class=\"column\">\n<h2><span style=\"color: #b12763;\">Galerie Sator<\/span><\/h2>\n<\/div>\n<\/div>\n<\/div>\n\n\n\n<div style=\"height:60px\" aria-hidden=\"true\" class=\"wp-block-spacer\"><\/div>\n\n\n\n<p>Ouverte en 2011 dans le Marais \u00e0 Paris, la galerie Sator s\u2019attache \u00e0 la promotion d\u2019artistes internationaux \u00e9mergents ou en voie de confirmation. La ligne de la galerie se d\u00e9finit dans un rapport r\u00e9f\u00e9renc\u00e9 de l\u2019art \u00e0 d\u2019autres formes artistiques ou de cr\u00e9ation de la pens\u00e9e : la politique, l\u2019histoire, l\u2019histoire de l\u2019art, la litt\u00e9rature, la philosophie ou les sciences ayant pour vocation de questionner la place de l\u2019Homme dans le monde, d\u2019offrir un outil de r\u00e9flexion sur les soci\u00e9t\u00e9s contemporaines, leur \u00e9volution et mutation, leur rapport au territoire. Le questionnement sur l\u2019image et sur la production de la forme plastique compl\u00e8tent cette approche.<\/p>\n<p>A l\u2019automne 2019, la galerie Sator a rejoint Komunuma \u00e0 Romainville. Dans ce deuxi\u00e8me espace, sur un plateau de cent trente m\u00e8tres carr\u00e9s, la galerie d\u00e9veloppe \u00e0 la fois les expositions\u00a0 monographiques de ses artistes mais aussi de nouvelles invitations et projets curatoriaux.<\/p>\n<p>Pr\u00e9sente <span style=\"color: #b12763;\"><a style=\"color: #b12763;\" href=\"https:\/\/bis-art.com\/index.php\/kokou-ferdinand-makouvia\/\"><span style=\"font-size: 1rem;\">Kokou Ferdinand Makouvia<\/span><\/a><\/span><\/p>\n<p>\u00a0<\/p>\n\n\n\n<hr class=\"wp-block-separator has-text-color has-background has-ast-global-color-7-background-color has-ast-global-color-7-color is-style-wide\"\/>\n\n\n\n<div>\n<p class=\"Pardfaut\"><em><span lang=\"EN-US\">Founded in 2011 in the Marais in Paris, Galerie Sator promotes the work of emerging and developing international artists.\u00a0 <\/span><\/em><\/p>\n<\/div>\n<div>\n<p class=\"Pardfaut\"><em><span lang=\"EN-US\">The gallery is characterized by its strong emphasis on visual art that references other forms of art and a range of fields of thought \u2013 politics, history, history of art, literature, philosophy and science \u2013 which seek to question the place of the human in the world and offer tools for critical reflection on contemporary societies, their evolution and their transformation, and their territorial relationships. An ongoing investigation of the image and the production of plastic forms complete the gallery\u2019s approach.<\/span><\/em><\/p>\n<\/div>\n<div>\n<p class=\"Pardfaut\"><em><span lang=\"EN-US\">In Autumn 2019, Galerie Sator joined Komunuma in Romainville. This exhibition space of some 130m<span class=\"Aucune\"><sup>2<\/sup><\/span><span class=\"Aucune\"> offers a second site for the gallery to present and promote specific curatorial projects.<\/span><\/span><\/em><\/p>\n<p><em>Presents\u00a0<span style=\"color: #b12763;\"><a style=\"color: #b12763;\" href=\"https:\/\/bis-art.com\/index.php\/kokou-ferdinand-makouvia\/\"><span style=\"font-size: 1rem;\">Kokou Ferdinand Makouvia<\/span><\/a><\/span><\/em><\/p>\n<p>\u00a0<\/p>\n<\/div>\n\n\n\n<hr class=\"wp-block-separator has-text-color has-background has-ast-global-color-7-background-color has-ast-global-color-7-color is-style-wide\"\/>\n\n\n\n<p><a href=\"https:\/\/bis-art.com\/index.php\/edition2021-les-galeries-partenaires\/\"><strong><span style=\"color: #b12763;\">&gt;\u00a0<span style=\"caret-color: #b12763;\">\u00c9dition<\/span>\u00a02021 &#8211; Les Galeries Partenaires<\/span><\/strong><\/a><\/p>\n<\/div>\n\n\n\n<div class=\"wp-block-column\" style=\"flex-basis:33.33%\">\n<div class=\"wp-block-image is-style-default\"><figure class=\"alignright size-large\"><img loading=\"lazy\" width=\"400\" height=\"225\" src=\"https:\/\/bis-art.com\/wp-content\/uploads\/2021\/07\/Galerie-Sator-Komunuma_Courtesy-Galerie-Sator_\u00a9-Gregory-Copitet.jpg\" alt=\"\" class=\"wp-image-1870\" srcset=\"https:\/\/bis-art.com\/wp-content\/uploads\/2021\/07\/Galerie-Sator-Komunuma_Courtesy-Galerie-Sator_\u00a9-Gregory-Copitet.jpg 400w, https:\/\/bis-art.com\/wp-content\/uploads\/2021\/07\/Galerie-Sator-Komunuma_Courtesy-Galerie-Sator_\u00a9-Gregory-Copitet-300x169.jpg 300w\" sizes=\"(max-width: 400px) 100vw, 400px\" \/><figcaption><strong>Galerie Sator<\/strong><br>8, passage des Gravilliers<br>75003 Paris<br><a href=\"http:\/\/www.galeriesator.com\" target=\"_blank\" rel=\"noreferrer noopener\"><span style=\"color:#b12763\" class=\"has-inline-color\">www.galeriesator.com<\/span><\/a><br>Courtesy Galerie Sator<br>Photo \u00a9 Gregory Copitet<\/figcaption><\/figure><\/div>\n<\/div>\n<\/div>\n\n\n\n<div style=\"height:60px\" aria-hidden=\"true\" class=\"wp-block-spacer\"><\/div>\n\n\n\n<p><\/p>\n","protected":false},"excerpt":{"rendered":"<p>Galerie Sator Ouverte en 2011 dans le Marais \u00e0 Paris, la galerie Sator s\u2019attache \u00e0 la promotion d\u2019artistes internationaux \u00e9mergents ou en voie de confirmation. La ligne de la galerie se d\u00e9finit dans un rapport r\u00e9f\u00e9renc\u00e9 de l\u2019art \u00e0 d\u2019autres formes artistiques ou de cr\u00e9ation de la pens\u00e9e : la politique, l\u2019histoire, l\u2019histoire de l\u2019art, &hellip;<\/p>\n<p class=\"read-more\"> <a class=\"\" href=\"https:\/\/bis-art.com\/index.php\/galerie-sator\/\"> <span class=\"screen-reader-text\">Galerie Sator<\/span> Lire la suite \u00bb<\/a><\/p>\n","protected":false},"author":1,"featured_media":0,"parent":0,"menu_order":0,"comment_status":"closed","ping_status":"closed","template":"","meta":{"site-sidebar-layout":"default","site-content-layout":"default","ast-global-header-display":"","ast-main-header-display":"","ast-hfb-above-header-display":"","ast-hfb-below-header-display":"","ast-hfb-mobile-header-display":"","site-post-title":"disabled","ast-breadcrumbs-content":"disabled","ast-featured-img":"","footer-sml-layout":"","theme-transparent-header-meta":"default","adv-header-id-meta":"","stick-header-meta":"default","header-above-stick-meta":"","header-main-stick-meta":"","header-below-stick-meta":""},"_links":{"self":[{"href":"https:\/\/bis-art.com\/index.php\/wp-json\/wp\/v2\/pages\/1869"}],"collection":[{"href":"https:\/\/bis-art.com\/index.php\/wp-json\/wp\/v2\/pages"}],"about":[{"href":"https:\/\/bis-art.com\/index.php\/wp-json\/wp\/v2\/types\/page"}],"author":[{"embeddable":true,"href":"https:\/\/bis-art.com\/index.php\/wp-json\/wp\/v2\/users\/1"}],"replies":[{"embeddable":true,"href":"https:\/\/bis-art.com\/index.php\/wp-json\/wp\/v2\/comments?post=1869"}],"version-history":[{"count":4,"href":"https:\/\/bis-art.com\/index.php\/wp-json\/wp\/v2\/pages\/1869\/revisions"}],"predecessor-version":[{"id":2407,"href":"https:\/\/bis-art.com\/index.php\/wp-json\/wp\/v2\/pages\/1869\/revisions\/2407"}],"wp:attachment":[{"href":"https:\/\/bis-art.com\/index.php\/wp-json\/wp\/v2\/media?parent=1869"}],"curies":[{"name":"wp","href":"https:\/\/api.w.org\/{rel}","templated":true}]}}