{"id":2236,"date":"2023-01-09T21:19:07","date_gmt":"2023-01-09T20:19:07","guid":{"rendered":"https:\/\/bis-art.com\/?page_id=2236"},"modified":"2023-01-11T14:50:13","modified_gmt":"2023-01-11T13:50:13","slug":"edition2018-jury","status":"publish","type":"page","link":"https:\/\/bis-art.com\/index.php\/edition2018-jury\/","title":{"rendered":"Edition2018 Jury"},"content":{"rendered":"\n<div style=\"height:60px\" aria-hidden=\"true\" class=\"wp-block-spacer\"><\/div>\n\n\n<h2><span style=\"color: #e41871;\"><b>\u00c9dition 2018 &#8211; le jury<\/b><\/span><\/h2>\n\n\n<div class=\"wp-block-columns\">\n<div class=\"wp-block-column\" style=\"flex-basis:66.66%\">\n<div class=\"page\" title=\"Page 12\">\n<div class=\"section\">\n<div class=\"layoutArea\">\n<div class=\"column\">\n<p>Le jury de la Biennale, constitu\u00e9 de nombreuses personnalit\u00e9s du monde l\u2019art s\u2019est\u00a0r\u00e9uni les 26 janvier et 16 mars 2018\u00a0pour s\u00e9lectionner les artistes de la jeune cr\u00e9ation qui ont r\u00e9pondu \u00e0 notre appel \u00e0 candidature.<\/p>\n<p><strong>Le Pr\u00e9sident,\u00a0Jean Nouvel<\/strong>, et les membres du jury :<\/p>\n<p><strong> Olivier Kaeppelin,<\/strong> <br \/>pr\u00e9sident de l&#8217;association B.I.S,<\/p>\n<p><strong>Catherine Issert<\/strong> <br \/>Commissaire artistique de la Biennale<span class=\"Apple-converted-space\">\u00a0<\/span><\/p>\n<p><strong>Bernar Venet<\/strong> <br \/>artiste<\/p>\n<p><strong>H\u00e9l\u00e8ne Guenin<\/strong><br \/>Conservatrice du mus\u00e9e d\u2019Art moderne et d\u2019Art contemporain de Nice, Directrice du mus\u00e9e<\/p>\n<p><strong>Fabienne Grasser-Fulch\u00e9ri<\/strong><br \/>directrice de l\u2019Espace de l\u2019Art Concret \u00e0 Mouans-Sartoux<\/p>\n<p><strong>France Paringaux<\/strong><br \/>Responsable des projets de diffusion au FRAC C\u00f4te d\u2019Azur<\/p>\n<p><strong>Florence Forterre<\/strong><br \/>Directrice du Narcissio<\/p>\n<p><strong>Jacqueline Morabito<\/strong><br \/>Collectionneuse et Architecte Saint-Paul de Vence<\/p>\n<p><strong>Nadine Gastaud<\/strong><br \/>Adjointe d\u00e9l\u00e9gu\u00e9e \u00e0 la Culture Saint-Paul de Vence<\/p>\n<p><strong>Lo\u00efc Deltour<\/strong><br \/>Commissaire g\u00e9n\u00e9ral de la Biennale<\/p>\n<p>Les membres du jury ont valid\u00e9 le choix des artistes invit\u00e9s et s\u00e9lectionn\u00e9\u00a0parmi les dossiers de la jeune cr\u00e9ation quatre artistes :<\/p>\n<p>Simon B\u00e9rard Lecendre<br \/>Isabelle Giovacchini<br \/>Quentin Spohn<br \/>Gabrielle Conilh de Beyssac<\/p>\n<p>D\u00e8s la s\u00e9lection, Quentin Spohn a b\u00e9n\u00e9fici\u00e9 d&#8217;une r\u00e9sidence \u00e0 Saint-Paul de Vence et d&#8217;une bourse de production.\u2028<\/p>\n<p>Trois autres prix ont attribu\u00e9s au cours de la Biennale :\u00a0<br \/>&#8211; Prix de la Biennale partag\u00e9 entre Isabelle Giovacchini et Quentin Spohn,\u00a0<br \/>&#8211; Prix Ora-Ito, accompagn\u00e9 d\u2019une exposition au MAMO \u00e0\u00a0Marseille, pour Gabrielle Conilh de Beyssac<br \/>&#8211; Prix DEL\u2019ART,\u00a0pour la production d\u2019une exposition au Narcissio \u00e0 Nice, pour Simon B\u00e9rard\u00a0<\/p>\n<\/div>\n<\/div>\n<p>Leur pr\u00e9sence dans cette manifestation nous tenait particuli\u00e8rement \u00e0 c\u0153ur comme un t\u00e9moignage de l\u2019importance du lien entre diff\u00e9rentes g\u00e9n\u00e9rations d\u2019artistes.<\/p>\n<p>\u00a0<\/p>\n<\/div>\n<\/div>\n\n\n\n<hr class=\"wp-block-separator has-text-color has-background has-ast-global-color-7-background-color has-ast-global-color-7-color is-style-wide\"\/>\n\n\n\n<p><em>The Biennial&#8217;s jury, made up of many personalities from the art world, met on 26 January and 16 March 2018 to select the young creative artists who responded to our call for applications.<\/em><\/p>\n<p><em>The members of the jury validated the choice of the invited artists and selected four artists from the young creation files.<\/em><\/p>\n<p><em>As soon as he was selected, Quentin Spohn was awarded a residence in Saint-Paul de Vence and a production grant.\u2028<\/em><\/p>\n<p><em>Three other prizes were awarded during the Biennial:\u00a0<\/em><br \/><em>&#8211; The Biennial Prize shared between Isabelle Giovacchini and Quentin Spohn,\u00a0<\/em><br \/><em>&#8211; Ora-Ito Prize, accompanied by an exhibition at the MAMO in Marseille, for Gabrielle Conilh de Beyssac<\/em><br \/><em>&#8211; DEL&#8217;ART Prize, for the production of an exhibition at the Narcissio in Nice, for Simon B\u00e9rard\u00a0<\/em><\/p>\n<p><em>Their presence in this event was particularly important to us as a testimony of the importance of the link between different generations of artists<\/em><\/p>\n<p>\u00a0<\/p>\n<\/div>\n\n\n\n<div class=\"wp-block-column\" style=\"flex-basis:33.33%\">\n<h4 style=\"text-align: right;\">\u00a0<\/h4>\n<p style=\"text-align: right;\"><span style=\"color: #e41871;\"><strong><a style=\"color: #e41871;\" href=\"https:\/\/bis-art.com\/index.php\/edition2018\/\">\u00c9dition 2018 &gt;<\/a><\/strong><\/span><\/p>\n<p style=\"text-align: right;\"><span style=\"color: #e41871;\"><strong><a style=\"color: #e41871;\" href=\"https:\/\/bis-art.com\/index.php\/edition2018-artistes\/\">Les artistes et les oeuvres &gt;<\/a><\/strong><\/span><br \/><span style=\"color: #e41871;\"><strong><a style=\"color: #e41871;\" href=\"https:\/\/bis-art.com\/index.php\/edition2018-nos-remerciements\/\">Nos remerciements &gt;<\/a><\/strong><\/span><\/p>\n\n\n\n<p><\/p>\n<\/div>\n<\/div>\n\n\n\n<div style=\"height:100px\" aria-hidden=\"true\" class=\"wp-block-spacer\"><\/div>\n","protected":false},"excerpt":{"rendered":"<p>\u00c9dition 2018 &#8211; le jury Le jury de la Biennale, constitu\u00e9 de nombreuses personnalit\u00e9s du monde l\u2019art s\u2019est\u00a0r\u00e9uni les 26 janvier et 16 mars 2018\u00a0pour s\u00e9lectionner les artistes de la jeune cr\u00e9ation qui ont r\u00e9pondu \u00e0 notre appel \u00e0 candidature. Le Pr\u00e9sident,\u00a0Jean Nouvel, et les membres du jury : Olivier Kaeppelin, pr\u00e9sident de l&#8217;association B.I.S, &hellip;<\/p>\n<p class=\"read-more\"> <a class=\"\" href=\"https:\/\/bis-art.com\/index.php\/edition2018-jury\/\"> <span class=\"screen-reader-text\">Edition2018 Jury<\/span> Lire la suite \u00bb<\/a><\/p>\n","protected":false},"author":1,"featured_media":0,"parent":0,"menu_order":0,"comment_status":"closed","ping_status":"closed","template":"","meta":{"site-sidebar-layout":"default","site-content-layout":"default","ast-global-header-display":"","ast-main-header-display":"","ast-hfb-above-header-display":"","ast-hfb-below-header-display":"","ast-hfb-mobile-header-display":"","site-post-title":"disabled","ast-breadcrumbs-content":"","ast-featured-img":"","footer-sml-layout":"","theme-transparent-header-meta":"","adv-header-id-meta":"","stick-header-meta":"","header-above-stick-meta":"","header-main-stick-meta":"","header-below-stick-meta":""},"_links":{"self":[{"href":"https:\/\/bis-art.com\/index.php\/wp-json\/wp\/v2\/pages\/2236"}],"collection":[{"href":"https:\/\/bis-art.com\/index.php\/wp-json\/wp\/v2\/pages"}],"about":[{"href":"https:\/\/bis-art.com\/index.php\/wp-json\/wp\/v2\/types\/page"}],"author":[{"embeddable":true,"href":"https:\/\/bis-art.com\/index.php\/wp-json\/wp\/v2\/users\/1"}],"replies":[{"embeddable":true,"href":"https:\/\/bis-art.com\/index.php\/wp-json\/wp\/v2\/comments?post=2236"}],"version-history":[{"count":4,"href":"https:\/\/bis-art.com\/index.php\/wp-json\/wp\/v2\/pages\/2236\/revisions"}],"predecessor-version":[{"id":2422,"href":"https:\/\/bis-art.com\/index.php\/wp-json\/wp\/v2\/pages\/2236\/revisions\/2422"}],"wp:attachment":[{"href":"https:\/\/bis-art.com\/index.php\/wp-json\/wp\/v2\/media?parent=2236"}],"curies":[{"name":"wp","href":"https:\/\/api.w.org\/{rel}","templated":true}]}}

<div style="height:60px" aria-hidden="true" class="wp-block-spacer"></div>


<h2><span style="color: #e41871;"><b>Édition 2018 &#8211; le jury</b></span></h2>


<div class="wp-block-columns">
<div class="wp-block-column" style="flex-basis:66.66%">
<div class="page" title="Page 12">
<div class="section">
<div class="layoutArea">
<div class="column">
<p>Le jury de la Biennale, constitué de nombreuses personnalités du monde l’art s’est réuni les 26 janvier et 16 mars 2018 pour sélectionner les artistes de la jeune création qui ont répondu à notre appel à candidature.</p>
<p><strong>Le Président, Jean Nouvel</strong>, et les membres du jury :</p>
<p><strong> Olivier Kaeppelin,</strong> <br />président de l&#8217;association B.I.S,</p>
<p><strong>Catherine Issert</strong> <br />Commissaire artistique de la Biennale<span class="Apple-converted-space"> </span></p>
<p><strong>Bernar Venet</strong> <br />artiste</p>
<p><strong>Hélène Guenin</strong><br />Conservatrice du musée d’Art moderne et d’Art contemporain de Nice, Directrice du musée</p>
<p><strong>Fabienne Grasser-Fulchéri</strong><br />directrice de l’Espace de l’Art Concret à Mouans-Sartoux</p>
<p><strong>France Paringaux</strong><br />Responsable des projets de diffusion au FRAC Côte d’Azur</p>
<p><strong>Florence Forterre</strong><br />Directrice du Narcissio</p>
<p><strong>Jacqueline Morabito</strong><br />Collectionneuse et Architecte Saint-Paul de Vence</p>
<p><strong>Nadine Gastaud</strong><br />Adjointe déléguée à la Culture Saint-Paul de Vence</p>
<p><strong>Loïc Deltour</strong><br />Commissaire général de la Biennale</p>
<p>Les membres du jury ont validé le choix des artistes invités et sélectionné parmi les dossiers de la jeune création quatre artistes :</p>
<p>Simon Bérard Lecendre<br />Isabelle Giovacchini<br />Quentin Spohn<br />Gabrielle Conilh de Beyssac</p>
<p>Dès la sélection, Quentin Spohn a bénéficié d&#8217;une résidence à Saint-Paul de Vence et d&#8217;une bourse de production. </p>
<p>Trois autres prix ont attribués au cours de la Biennale : <br />&#8211; Prix de la Biennale partagé entre Isabelle Giovacchini et Quentin Spohn, <br />&#8211; Prix Ora-Ito, accompagné d’une exposition au MAMO à Marseille, pour Gabrielle Conilh de Beyssac<br />&#8211; Prix DEL’ART, pour la production d’une exposition au Narcissio à Nice, pour Simon Bérard </p>
</div>
</div>
<p>Leur présence dans cette manifestation nous tenait particulièrement à cœur comme un témoignage de l’importance du lien entre différentes générations d’artistes.</p>
<p> </p>
</div>
</div>



<hr class="wp-block-separator has-text-color has-background has-ast-global-color-7-background-color has-ast-global-color-7-color is-style-wide"/>



<p><em>The Biennial&#8217;s jury, made up of many personalities from the art world, met on 26 January and 16 March 2018 to select the young creative artists who responded to our call for applications.</em></p>
<p><em>The members of the jury validated the choice of the invited artists and selected four artists from the young creation files.</em></p>
<p><em>As soon as he was selected, Quentin Spohn was awarded a residence in Saint-Paul de Vence and a production grant. </em></p>
<p><em>Three other prizes were awarded during the Biennial: </em><br /><em>&#8211; The Biennial Prize shared between Isabelle Giovacchini and Quentin Spohn, </em><br /><em>&#8211; Ora-Ito Prize, accompanied by an exhibition at the MAMO in Marseille, for Gabrielle Conilh de Beyssac</em><br /><em>&#8211; DEL&#8217;ART Prize, for the production of an exhibition at the Narcissio in Nice, for Simon Bérard </em></p>
<p><em>Their presence in this event was particularly important to us as a testimony of the importance of the link between different generations of artists</em></p>
<p> </p>
</div>



<div class="wp-block-column" style="flex-basis:33.33%">
<h4 style="text-align: right;"> </h4>
<p style="text-align: right;"><span style="color: #e41871;"><strong><a style="color: #e41871;" href="https://bis-art.com/index.php/edition2018/">Édition 2018 &gt;</a></strong></span></p>
<p style="text-align: right;"><span style="color: #e41871;"><strong><a style="color: #e41871;" href="https://bis-art.com/index.php/edition2018-artistes/">Les artistes et les oeuvres &gt;</a></strong></span><br /><span style="color: #e41871;"><strong><a style="color: #e41871;" href="https://bis-art.com/index.php/edition2018-nos-remerciements/">Nos remerciements &gt;</a></strong></span></p>



<p></p>
</div>
</div>



<div style="height:100px" aria-hidden="true" class="wp-block-spacer"></div>

<p>Édition 2018 &#8211; le jury Le jury de la Biennale, constitué de nombreuses personnalités du monde l’art s’est réuni les 26 janvier et 16 mars 2018 pour sélectionner les artistes de la jeune création qui ont répondu à notre appel à candidature. Le Président, Jean Nouvel, et les membres du jury : Olivier Kaeppelin, président de l&#8217;association B.I.S, &hellip;</p>
<p class="read-more"> <a class="" href="https://bis-art.com/index.php/edition2018-jury/"> <span class="screen-reader-text">Edition2018 Jury</span> Lire la suite »</a></p>
