{"id":2444,"date":"2023-05-01T11:53:44","date_gmt":"2023-05-01T09:53:44","guid":{"rendered":"https:\/\/bis-art.com\/?page_id=2444"},"modified":"2024-08-02T17:54:49","modified_gmt":"2024-08-02T15:54:49","slug":"2023-commissaires-artistiques","status":"publish","type":"page","link":"https:\/\/bis-art.com\/index.php\/2023-commissaires-artistiques\/","title":{"rendered":"2023 Commissaires artistiques"},"content":{"rendered":"\n<div style=\"height:60px\" aria-hidden=\"true\" class=\"wp-block-spacer\"><\/div>\n\n\n\n<div class=\"wp-block-columns\">\n<div class=\"wp-block-column\">\n<h2>Ludovic Delalande<\/h2>\n\n\n\n<figure class=\"wp-block-image size-large is-resized\"><img loading=\"lazy\" src=\"https:\/\/bis-art.com\/wp-content\/uploads\/2023\/05\/Portrait-Ludovic-Delalande-C-Meriadek-Caraes.jpg\" alt=\"\" class=\"wp-image-2449\" width=\"250\" height=\"357\" srcset=\"https:\/\/bis-art.com\/wp-content\/uploads\/2023\/05\/Portrait-Ludovic-Delalande-C-Meriadek-Caraes.jpg 700w, https:\/\/bis-art.com\/wp-content\/uploads\/2023\/05\/Portrait-Ludovic-Delalande-C-Meriadek-Caraes-210x300.jpg 210w\" sizes=\"(max-width: 250px) 100vw, 250px\" \/><\/figure>\n\n\n\n<div style=\"height:30px\" aria-hidden=\"true\" class=\"wp-block-spacer\"><\/div>\n\n\n\n<p>Ludovic Delalande est un historien de l\u2019art et commissaire d\u2019exposition bas\u00e9 \u00e0 Paris.<span class=\"Apple-converted-space\">&nbsp;<\/span><\/p>\n<p>Apr\u00e8s avoir travaill\u00e9 au d\u00e9partement art contemporain du Mus\u00e9e du Louvre, il int\u00e8gre en 2012 l\u2019\u00e9quipe de la direction artistique de la Fondation Louis Vuitton \u00e0 Paris, o\u00f9 il est responsable d\u2019OPEN SPACE, un programme d\u00e9di\u00e9 aux artistes \u00e9mergents.<span class=\"Apple-converted-space\">&nbsp;<\/span><\/p>\n<p>Il est \u00e9galement l\u2019auteur de diff\u00e9rents articles, essais et entretiens pour des publications et des magazines sp\u00e9cialis\u00e9s en art contemporain.<\/p>\n\n\n\n<div style=\"height:15px\" aria-hidden=\"true\" class=\"wp-block-spacer\"><\/div>\n\n\n\n<hr class=\"wp-block-separator has-text-color has-background has-ast-global-color-0-background-color has-ast-global-color-0-color is-style-wide\"\/>\n\n\n\n<div style=\"height:15px\" aria-hidden=\"true\" class=\"wp-block-spacer\"><\/div>\n\n\n\n<p><em>Ludovic Delalande is an art historian and curator based in Paris.&nbsp;<\/em><\/p>\n<p><em>After working in the contemporary art department of the Louvre Museum, he joined the artistic direction team of the Louis Vuitton Foundation in Paris in 2012, where he is responsible for OPEN SPACE, a programme dedicated to emerging artists.&nbsp;<\/em><\/p>\n<p><em>He is also the author of various articles, essays and interviews for publications and magazines specialising in contemporary art.<\/em><\/p>\n<\/div>\n\n\n\n<div class=\"wp-block-column\">\n<h2>Claire Staebler<\/h2>\n\n\n\n<figure class=\"wp-block-image size-full is-resized\"><img loading=\"lazy\" src=\"https:\/\/bis-art.com\/wp-content\/uploads\/2023\/05\/Portrait-Claire-Staebler.jpg\" alt=\"\" class=\"wp-image-2445\" width=\"250\" height=\"357\" srcset=\"https:\/\/bis-art.com\/wp-content\/uploads\/2023\/05\/Portrait-Claire-Staebler.jpg 700w, https:\/\/bis-art.com\/wp-content\/uploads\/2023\/05\/Portrait-Claire-Staebler-210x300.jpg 210w\" sizes=\"(max-width: 250px) 100vw, 250px\" \/><\/figure>\n\n\n\n<div style=\"height:30px\" aria-hidden=\"true\" class=\"wp-block-spacer\"><\/div>\n\n\n\n<p>Avant de prendre la direction des Frac Pays de la Loire \u00e0 Nantes et Carquefou en 2022, Claire Staebler a \u00e9t\u00e9 commissaire d\u2019exposition associ\u00e9e \u00e0 la Fondation Louis Vuitton de 2012 \u00e0 2022 o\u00f9 elle a contribu\u00e9 au programme d\u2019expositions, de commandes sp\u00e9cifiques et d\u2019\u00e9v\u00e9nements et a co-cr\u00e9\u00e9 avec Ludovic Delalande le programme OPEN SPACE &#8211; 2018 &#8211; pour pr\u00e9senter la cr\u00e9ation dans ses expressions les plus actuelles.<span class=\"Apple-converted-space\">&nbsp;<\/span><\/p>\n<p>Auparavant, elle a travaill\u00e9 au Palais de Tokyo, \u00e0 Paris, de 2004 \u00e0 2007, et au PinchukArtCentre, \u00e0 Kiev, de 2007 \u00e0 2009 en tant que directrice artistique.<span class=\"Apple-converted-space\">&nbsp;<\/span><\/p>\n<p>En 2012, elle a \u00e9t\u00e9 l\u2019une des commissaires associ\u00e9s de La Triennale, \u00abIntense Proximit\u00e9\u00bb (directeur artistique : Okwui Enwezor).<span class=\"Apple-converted-space\">&nbsp;<\/span><\/p>\n<p>En tant que commissaire ind\u00e9pendante, elle a contribu\u00e9 \u00e0 la programmation de la Kunsthalle de Mulhouse (2016) et l\u2019Appartement 22 \u00e0 Rabat (2019).<\/p>\n\n\n\n<div style=\"height:15px\" aria-hidden=\"true\" class=\"wp-block-spacer\"><\/div>\n\n\n\n<hr class=\"wp-block-separator has-text-color has-background has-ast-global-color-0-background-color has-ast-global-color-0-color is-style-wide\"\/>\n\n\n\n<div style=\"height:15px\" aria-hidden=\"true\" class=\"wp-block-spacer\"><\/div>\n\n\n\n<p><em>Before taking over the direction of the Frac Pays de la Loire in Nantes and Carquefou in 2022, Claire Staebler was associate curator at the Fondation Louis Vuitton from 2012 to 2022 where she contributed to the programme of exhibitions, specific commissions and events and co-created with Ludovic Delalande the OPEN SPACE &#8211; 2018 &#8211; programme to present creation in its most current expressions.&nbsp;<\/em><\/p>\n<p><em>Previously, she worked at the Palais de Tokyo, Paris, from 2004 to 2007, and at the PinchukArtCentre, Kiev, from 2007 to 2009 as artistic director.&nbsp;<\/em><\/p>\n<p><em>In 2012 she was one of the associate curators of La Triennale, &#8220;Intense Proximity&#8221; (artistic director: Okwui Enwezor).&nbsp;<\/em><\/p>\n<p><em>As an independent curator, she contributed to the programming of the Kunsthalle in Mulhouse (2016) and Appartement 22 in Rabat (2019).<\/em><\/p>\n<\/div>\n<\/div>\n\n\n\n<div style=\"height:20px\" aria-hidden=\"true\" class=\"wp-block-spacer\"><\/div>\n\n\n\n<hr class=\"wp-block-separator has-text-color has-background has-ast-global-color-0-background-color has-ast-global-color-0-color is-style-wide\"\/>\n\n\n\n<div style=\"height:20px\" aria-hidden=\"true\" class=\"wp-block-spacer\"><\/div>\n\n\n<p><strong><span style=\"color: #4b86c7;\"><a style=\"color: #4b86c7;\" href=\"https:\/\/bis-art.com\/index.php\/2023-edito-commissariat-artistique\/\">&gt; Au hasard des oiseaux &#8211; \u00c9dito commissariat artistique<\/a><br \/><\/span><span style=\"color: #4b86c7;\"><a style=\"color: #4b86c7;\" href=\"https:\/\/bis-art.com\/index.php\/jacques-prevert\/\"><span style=\"font-size: 1rem; background-color: rgba(255, 255, 255, 0);\">&gt; Jacques Pr\u00e9vert et Saint-Paul-de-Vence<\/span><\/a><br \/><\/span><a href=\"https:\/\/bis-art.com\/index.php\/edition2023\/\"><span style=\"color: #4b86c7;\">&gt; Retour sur l&#8217;\u00c9dition 2023<\/span><\/a><\/strong><\/p>\n\n\n<div style=\"height:60px\" aria-hidden=\"true\" class=\"wp-block-spacer\"><\/div>\n\n\n\n<p><\/p>\n","protected":false},"excerpt":{"rendered":"<p>Ludovic Delalande Ludovic Delalande est un historien de l\u2019art et commissaire d\u2019exposition bas\u00e9 \u00e0 Paris.&nbsp; Apr\u00e8s avoir travaill\u00e9 au d\u00e9partement art contemporain du Mus\u00e9e du Louvre, il int\u00e8gre en 2012 l\u2019\u00e9quipe de la direction artistique de la Fondation Louis Vuitton \u00e0 Paris, o\u00f9 il est responsable d\u2019OPEN SPACE, un programme d\u00e9di\u00e9 aux artistes \u00e9mergents.&nbsp; Il &hellip;<\/p>\n<p class=\"read-more\"> <a class=\"\" href=\"https:\/\/bis-art.com\/index.php\/2023-commissaires-artistiques\/\"> <span class=\"screen-reader-text\">2023 Commissaires artistiques<\/span> Lire la suite \u00bb<\/a><\/p>\n","protected":false},"author":1,"featured_media":0,"parent":0,"menu_order":0,"comment_status":"closed","ping_status":"closed","template":"","meta":{"site-sidebar-layout":"default","site-content-layout":"default","ast-global-header-display":"","ast-main-header-display":"","ast-hfb-above-header-display":"","ast-hfb-below-header-display":"","ast-hfb-mobile-header-display":"","site-post-title":"disabled","ast-breadcrumbs-content":"","ast-featured-img":"","footer-sml-layout":"","theme-transparent-header-meta":"","adv-header-id-meta":"","stick-header-meta":"","header-above-stick-meta":"","header-main-stick-meta":"","header-below-stick-meta":""},"_links":{"self":[{"href":"https:\/\/bis-art.com\/index.php\/wp-json\/wp\/v2\/pages\/2444"}],"collection":[{"href":"https:\/\/bis-art.com\/index.php\/wp-json\/wp\/v2\/pages"}],"about":[{"href":"https:\/\/bis-art.com\/index.php\/wp-json\/wp\/v2\/types\/page"}],"author":[{"embeddable":true,"href":"https:\/\/bis-art.com\/index.php\/wp-json\/wp\/v2\/users\/1"}],"replies":[{"embeddable":true,"href":"https:\/\/bis-art.com\/index.php\/wp-json\/wp\/v2\/comments?post=2444"}],"version-history":[{"count":8,"href":"https:\/\/bis-art.com\/index.php\/wp-json\/wp\/v2\/pages\/2444\/revisions"}],"predecessor-version":[{"id":3538,"href":"https:\/\/bis-art.com\/index.php\/wp-json\/wp\/v2\/pages\/2444\/revisions\/3538"}],"wp:attachment":[{"href":"https:\/\/bis-art.com\/index.php\/wp-json\/wp\/v2\/media?parent=2444"}],"curies":[{"name":"wp","href":"https:\/\/api.w.org\/{rel}","templated":true}]}}