{"id":2501,"date":"2023-05-01T19:33:58","date_gmt":"2023-05-01T17:33:58","guid":{"rendered":"https:\/\/bis-art.com\/?page_id=2501"},"modified":"2023-05-01T19:33:59","modified_gmt":"2023-05-01T17:33:59","slug":"agenda","status":"publish","type":"page","link":"https:\/\/bis-art.com\/index.php\/agenda\/","title":{"rendered":"Agenda"},"content":{"rendered":"\n<div style=\"height:60px\" aria-hidden=\"true\" class=\"wp-block-spacer\"><\/div>\n\n\n<h2>Agenda<\/h2>\n\n\n<div style=\"height:40px\" aria-hidden=\"true\" class=\"wp-block-spacer\"><\/div>\n\n\n\n<style>#wplp_widget_2466 .wplp_listposts li .img_cropper:before {background: rgba(75,134,199,0.3);}#wplp_widget_2466 .wplp_listposts li{\n                width: calc((100% - 30px)\/4);}@media screen and (max-width: 640px) {#wplp_widget_2466 .wplp_listposts li {width: calc(100% - 20px) !important;}}<\/style><div class=\"wplp_outside wplp_widget_2466\" style=\"max-width:100%;\"><div id=\"wplp_widget_2466\" class=\"wplp_widget_masonry wplp_container vertical masonry pro cols4\" data-theme=\"masonry\" data-post=\"2466\" style=\"\" data-max-elts=\"6\" data-per-page=\"10\"><ul class=\"wplp_listposts\" id=\"masonrycontainer_2466\" style=\"width: 100%;\" ><li id=\"wplp_li_2466_3488\" data-post=\"3488\" class=\"postno_1 masonry li-item-id\" style=\"\"><div class=\"insideframe\"><div id=\"wplp_box_top_2466_3488\" class=\"wpcu-front-box top equalHeightImg\" ><div class=\"wplp-box-item\"><a href=\"https:\/\/bis-art.com\/index.php\/2023\/08\/18\/09-09-2023\/\"  class=\"thumbnail\"><span class=\"img_cropper\" style=\"max-width:100%;\"><img src=\"https:\/\/bis-art.com\/wp-content\/uploads\/2023\/08\/Couverture-Le-Banquet-de-Garouste-Olivier-Kaeppelin_BD.jpg\" style=\"\" srcset=\"https:\/\/bis-art.com\/wp-content\/uploads\/2023\/08\/Couverture-Le-Banquet-de-Garouste-Olivier-Kaeppelin_BD.jpg 592w, https:\/\/bis-art.com\/wp-content\/uploads\/2023\/08\/Couverture-Le-Banquet-de-Garouste-Olivier-Kaeppelin_BD-222x300.jpg 222w\" alt=\"09.09.2023\" class=\"wplp_thumb\" \/><\/span><\/a><a href=\"https:\/\/bis-art.com\/index.php\/2023\/08\/18\/09-09-2023\/\"  class=\"title\"><span style=\"height:2.7em\" class=\"line_limit\">09.09.2023<\/span><\/a><span class=\"text\"><span style=\"max-height:2.42em\" class=\"line_limit\">Conf\u00e9rence par Olivier Kaeppelin Les oiseaux dans l&#8217;\u0153uvre de G\u00e9rard Garouste Olivier Kaeppelin, commissaire d\u2019exposition, critique d\u2019art, \u00e9crivain et auteur du r\u00e9cent ouvrage Le Banquet de Garouste,\u00a0pr\u00e9sentera, lors d\u2019une conf\u00e9rence donn\u00e9e \u00e0 l\u2019auditorium de Saint-Paul de Vence le 9 septembre 2023, la figure de l\u2019oiseau dans l\u2019oeuvre de G\u00e9rard Garouste.\u00a0 A la fois hautement symbolique &hellip;\n  09.09.2023 Lire la suite \u00bb<\/span><span style=\"margin-left:3px; max-height:2.42em\" class=\"line_limit\"> [...]<\/span><\/span><span class=\"custom_fields\">\n<!-- WPLP Unknown field: Custom_Fields -->\n<\/span><\/div><\/div><div id=\"wplp_box_left_2466_3488\" class=\"wpcu-front-box left wpcu-custom-position\" ><div class=\"wplp-box-item\"><\/div><\/div><div id=\"wplp_box_right_2466_3488\" class=\"wpcu-front-box right wpcu-custom-position\" ><div class=\"wplp-box-item\"><\/div><\/div><div id=\"wplp_box_bottom_2466_3488\" class=\"wpcu-front-box bottom \" ><div class=\"wplp-box-item\"><a href=\"https:\/\/bis-art.com\/index.php\/2023\/08\/18\/09-09-2023\/\"  class=\"read-more\">Lire la suite\u2026<\/a><\/div><\/div><\/div><\/li><li id=\"wplp_li_2466_2755\" data-post=\"2755\" class=\"postno_2 masonry li-item-id\" style=\"\"><div class=\"insideframe\"><div id=\"wplp_box_top_2466_2755\" class=\"wpcu-front-box top equalHeightImg\" ><div class=\"wplp-box-item\"><a href=\"https:\/\/bis-art.com\/index.php\/2023\/06\/01\/ateliers\/\"  class=\"thumbnail\"><span class=\"img_cropper\" style=\"max-width:100%;\"><img src=\"https:\/\/bis-art.com\/wp-content\/uploads\/2023\/05\/Atelier-Cree-ton-masque-2.jpg\" style=\"\" srcset=\"https:\/\/bis-art.com\/wp-content\/uploads\/2023\/05\/Atelier-Cree-ton-masque-2.jpg 800w, https:\/\/bis-art.com\/wp-content\/uploads\/2023\/05\/Atelier-Cree-ton-masque-2-300x300.jpg 300w, https:\/\/bis-art.com\/wp-content\/uploads\/2023\/05\/Atelier-Cree-ton-masque-2-150x150.jpg 150w, https:\/\/bis-art.com\/wp-content\/uploads\/2023\/05\/Atelier-Cree-ton-masque-2-768x768.jpg 768w\" alt=\"Ateliers\" class=\"wplp_thumb\" \/><\/span><\/a><a href=\"https:\/\/bis-art.com\/index.php\/2023\/06\/01\/ateliers\/\"  class=\"title\"><span style=\"height:2.7em\" class=\"line_limit\">Ateliers<\/span><\/a><span class=\"text\"><span style=\"max-height:2.42em\" class=\"line_limit\">Ateliers d\u00e8s 3 ans &#8211; enfants et famille Pendant toute la dur\u00e9e de l\u2019exposition, une \u00e9quipe de m\u00e9diation est \u00e0 votre disposition pour vous renseigner, vous guider et proposer des ateliers \u00e0 vivre en famille ou entre amis, ou en groupe (sur r\u00e9servation). En s\u2019inspirant des techniques ma\u00eetris\u00e9es par les artistes, de fa\u00e7on ludique, et &hellip;\n  Ateliers Lire la suite \u00bb<\/span><span style=\"margin-left:3px; max-height:2.42em\" class=\"line_limit\"> [...]<\/span><\/span><span class=\"custom_fields\">\n<!-- WPLP Unknown field: Custom_Fields -->\n<\/span><\/div><\/div><div id=\"wplp_box_left_2466_2755\" class=\"wpcu-front-box left wpcu-custom-position\" ><div class=\"wplp-box-item\"><\/div><\/div><div id=\"wplp_box_right_2466_2755\" class=\"wpcu-front-box right wpcu-custom-position\" ><div class=\"wplp-box-item\"><\/div><\/div><div id=\"wplp_box_bottom_2466_2755\" class=\"wpcu-front-box bottom \" ><div class=\"wplp-box-item\"><a href=\"https:\/\/bis-art.com\/index.php\/2023\/06\/01\/ateliers\/\"  class=\"read-more\">Lire la suite\u2026<\/a><\/div><\/div><\/div><\/li><li id=\"wplp_li_2466_2845\" data-post=\"2845\" class=\"postno_3 masonry li-item-id\" style=\"\"><div class=\"insideframe\"><div id=\"wplp_box_top_2466_2845\" class=\"wpcu-front-box top equalHeightImg\" ><div class=\"wplp-box-item\"><a href=\"https:\/\/bis-art.com\/index.php\/2023\/05\/30\/01-07-2023\/\"  class=\"thumbnail\"><span class=\"img_cropper\" style=\"max-width:100%;\"><img src=\"https:\/\/bis-art.com\/wp-content\/uploads\/2023\/05\/CrossOver2023-e1686483827194.jpg\" style=\"\" srcset=\"https:\/\/bis-art.com\/wp-content\/uploads\/2023\/05\/CrossOver2023-e1686483827194.jpg 800w, https:\/\/bis-art.com\/wp-content\/uploads\/2023\/05\/CrossOver2023-e1686483827194-300x300.jpg 300w, https:\/\/bis-art.com\/wp-content\/uploads\/2023\/05\/CrossOver2023-e1686483827194-150x150.jpg 150w, https:\/\/bis-art.com\/wp-content\/uploads\/2023\/05\/CrossOver2023-e1686483827194-768x768.jpg 768w\" alt=\"01.07.2023\" class=\"wplp_thumb\" \/><\/span><\/a><a href=\"https:\/\/bis-art.com\/index.php\/2023\/05\/30\/01-07-2023\/\"  class=\"title\"><span style=\"height:2.7em\" class=\"line_limit\">01.07.2023<\/span><\/a><span class=\"text\"><span style=\"max-height:2.42em\" class=\"line_limit\">Crossover Summer Arty Party Samedi 1er Juillet 2023 de 19h \u00e0 1hPlace de la Courtine \u00e0 Saint-Paul-de-Vence Crossover Summer, en collaboration avec la Biennale Internationale Saint-Paul de Vence et la Mairie de Saint-Paul de Vence vous pr\u00e9sentent sa ARTY PARTY, dans le cadre majestueux des remparts ! Place \u00e0 une ambiance \u00e9lectro sunset ! M\u00f8me, &hellip;\n  01.07.2023 Lire la suite \u00bb<\/span><span style=\"margin-left:3px; max-height:2.42em\" class=\"line_limit\"> [...]<\/span><\/span><span class=\"custom_fields\">\n<!-- WPLP Unknown field: Custom_Fields -->\n<\/span><\/div><\/div><div id=\"wplp_box_left_2466_2845\" class=\"wpcu-front-box left wpcu-custom-position\" ><div class=\"wplp-box-item\"><\/div><\/div><div id=\"wplp_box_right_2466_2845\" class=\"wpcu-front-box right wpcu-custom-position\" ><div class=\"wplp-box-item\"><\/div><\/div><div id=\"wplp_box_bottom_2466_2845\" class=\"wpcu-front-box bottom \" ><div class=\"wplp-box-item\"><a href=\"https:\/\/bis-art.com\/index.php\/2023\/05\/30\/01-07-2023\/\"  class=\"read-more\">Lire la suite\u2026<\/a><\/div><\/div><\/div><\/li><li id=\"wplp_li_2466_2839\" data-post=\"2839\" class=\"postno_4 masonry li-item-id\" style=\"\"><div class=\"insideframe\"><div id=\"wplp_box_top_2466_2839\" class=\"wpcu-front-box top equalHeightImg\" ><div class=\"wplp-box-item\"><a href=\"https:\/\/bis-art.com\/index.php\/2023\/05\/30\/16-06-2023\/\"  class=\"thumbnail\"><span class=\"img_cropper\" style=\"max-width:100%;\"><img src=\"https:\/\/bis-art.com\/wp-content\/uploads\/2023\/05\/8_1_10_Tadashi_KAWAMATA_Nests_in_Saint-Paul-de-Vence_2023_Courtesy_of_the_artist_and_Mennour_Paris_Photo_Frederic_PASQUINI.jpeg\" style=\"\" srcset=\"https:\/\/bis-art.com\/wp-content\/uploads\/2023\/05\/8_1_10_Tadashi_KAWAMATA_Nests_in_Saint-Paul-de-Vence_2023_Courtesy_of_the_artist_and_Mennour_Paris_Photo_Frederic_PASQUINI.jpeg 512w, https:\/\/bis-art.com\/wp-content\/uploads\/2023\/05\/8_1_10_Tadashi_KAWAMATA_Nests_in_Saint-Paul-de-Vence_2023_Courtesy_of_the_artist_and_Mennour_Paris_Photo_Frederic_PASQUINI-300x300.jpeg 300w, https:\/\/bis-art.com\/wp-content\/uploads\/2023\/05\/8_1_10_Tadashi_KAWAMATA_Nests_in_Saint-Paul-de-Vence_2023_Courtesy_of_the_artist_and_Mennour_Paris_Photo_Frederic_PASQUINI-150x150.jpeg 150w\" alt=\"16.06.2023\" class=\"wplp_thumb\" \/><\/span><\/a><a href=\"https:\/\/bis-art.com\/index.php\/2023\/05\/30\/16-06-2023\/\"  class=\"title\"><span style=\"height:2.7em\" class=\"line_limit\">16.06.2023<\/span><\/a><span class=\"text\"><span style=\"max-height:2.42em\" class=\"line_limit\">Parce que les oiseaux Voyage autour des \u0153uvres de la BIS ou comment l\u2019art vient au chevet du vivant. Le th\u00e8me les oiseaux traverse l\u2019art et l\u2019imaginaire humain depuis des si\u00e8cles, et il est aujourd\u2019hui plus que jamais d\u2019actualit\u00e9, notamment suite aux chiffres \u00e9difiants d\u00e9livr\u00e9s en mai de cette ann\u00e9e au sujet de leur disparition &hellip;\n  16.06.2023 Lire la suite \u00bb<\/span><span style=\"margin-left:3px; max-height:2.42em\" class=\"line_limit\"> [...]<\/span><\/span><span class=\"custom_fields\">\n<!-- WPLP Unknown field: Custom_Fields -->\n<\/span><\/div><\/div><div id=\"wplp_box_left_2466_2839\" class=\"wpcu-front-box left wpcu-custom-position\" ><div class=\"wplp-box-item\"><\/div><\/div><div id=\"wplp_box_right_2466_2839\" class=\"wpcu-front-box right wpcu-custom-position\" ><div class=\"wplp-box-item\"><\/div><\/div><div id=\"wplp_box_bottom_2466_2839\" class=\"wpcu-front-box bottom \" ><div class=\"wplp-box-item\"><a href=\"https:\/\/bis-art.com\/index.php\/2023\/05\/30\/16-06-2023\/\"  class=\"read-more\">Lire la suite\u2026<\/a><\/div><\/div><\/div><\/li><li id=\"wplp_li_2466_2461\" data-post=\"2461\" class=\"postno_5 masonry li-item-id\" style=\"\"><div class=\"insideframe\"><div id=\"wplp_box_top_2466_2461\" class=\"wpcu-front-box top equalHeightImg\" ><div class=\"wplp-box-item\"><a href=\"https:\/\/bis-art.com\/index.php\/2023\/04\/28\/vernissage-2023\/\"  class=\"thumbnail\"><span class=\"img_cropper\" style=\"max-width:100%;\"><img src=\"https:\/\/bis-art.com\/wp-content\/uploads\/2023\/05\/BIS-Invitation-2023-c.jpg\" style=\"\" srcset=\"https:\/\/bis-art.com\/wp-content\/uploads\/2023\/05\/BIS-Invitation-2023-c.jpg 800w, https:\/\/bis-art.com\/wp-content\/uploads\/2023\/05\/BIS-Invitation-2023-c-300x300.jpg 300w, https:\/\/bis-art.com\/wp-content\/uploads\/2023\/05\/BIS-Invitation-2023-c-150x150.jpg 150w, https:\/\/bis-art.com\/wp-content\/uploads\/2023\/05\/BIS-Invitation-2023-c-768x768.jpg 768w\" alt=\"Vernissage 2023\" class=\"wplp_thumb\" \/><\/span><\/a><a href=\"https:\/\/bis-art.com\/index.php\/2023\/04\/28\/vernissage-2023\/\"  class=\"title\"><span style=\"height:2.7em\" class=\"line_limit\">Vernissage 2023<\/span><\/a><span class=\"text\"><span style=\"max-height:2.42em\" class=\"line_limit\">Le Samedi 3 juin 2023 \u00e0 18h00, place Neuve\nExposition du 03.06 > 01.10.2023<\/span><span style=\"margin-left:3px; max-height:2.42em\" class=\"line_limit\"> [...]<\/span><\/span><span class=\"custom_fields\">\n<!-- WPLP Unknown field: Custom_Fields -->\n<\/span><\/div><\/div><div id=\"wplp_box_left_2466_2461\" class=\"wpcu-front-box left wpcu-custom-position\" ><div class=\"wplp-box-item\"><\/div><\/div><div id=\"wplp_box_right_2466_2461\" class=\"wpcu-front-box right wpcu-custom-position\" ><div class=\"wplp-box-item\"><\/div><\/div><div id=\"wplp_box_bottom_2466_2461\" class=\"wpcu-front-box bottom \" ><div class=\"wplp-box-item\"><a href=\"https:\/\/bis-art.com\/index.php\/2023\/04\/28\/vernissage-2023\/\"  class=\"read-more\">Lire la suite\u2026<\/a><\/div><\/div><\/div><\/li><li id=\"wplp_li_2466_2491\" data-post=\"2491\" class=\"postno_6 masonry li-item-id\" style=\"\"><div class=\"insideframe\"><div id=\"wplp_box_top_2466_2491\" class=\"wpcu-front-box top equalHeightImg\" ><div class=\"wplp-box-item\"><a href=\"https:\/\/bis-art.com\/index.php\/2023\/04\/15\/bis-edition-2023\/\"  class=\"thumbnail\"><span class=\"img_cropper\" style=\"max-width:100%;\"><img src=\"https:\/\/bis-art.com\/wp-content\/uploads\/2023\/04\/BIS23Affiche.jpg\" style=\"\" srcset=\"https:\/\/bis-art.com\/wp-content\/uploads\/2023\/04\/BIS23Affiche.jpg 800w, https:\/\/bis-art.com\/wp-content\/uploads\/2023\/04\/BIS23Affiche-300x300.jpg 300w, https:\/\/bis-art.com\/wp-content\/uploads\/2023\/04\/BIS23Affiche-150x150.jpg 150w, https:\/\/bis-art.com\/wp-content\/uploads\/2023\/04\/BIS23Affiche-768x768.jpg 768w\" alt=\"BIS \u00c9dition 2023\" class=\"wplp_thumb\" \/><\/span><\/a><a href=\"https:\/\/bis-art.com\/index.php\/2023\/04\/15\/bis-edition-2023\/\"  class=\"title\"><span style=\"height:2.7em\" class=\"line_limit\">BIS \u00c9dition 2023<\/span><\/a><span class=\"text\"><span style=\"max-height:2.42em\" class=\"line_limit\">03.06 > 01.10.2023\nSous la pr\u00e9sidence d\u2019Olivier Kaeppelin et le commissariat artistique de Ludovic Delalande et Claire Staebler, la Biennale Internationale Saint-Paul de Vence revient pour sa troisi\u00e8me \u00e9dition.<\/span><span style=\"margin-left:3px; max-height:2.42em\" class=\"line_limit\"> [...]<\/span><\/span><span class=\"custom_fields\">\n<!-- WPLP Unknown field: Custom_Fields -->\n<\/span><\/div><\/div><div id=\"wplp_box_left_2466_2491\" class=\"wpcu-front-box left wpcu-custom-position\" ><div class=\"wplp-box-item\"><\/div><\/div><div id=\"wplp_box_right_2466_2491\" class=\"wpcu-front-box right wpcu-custom-position\" ><div class=\"wplp-box-item\"><\/div><\/div><div id=\"wplp_box_bottom_2466_2491\" class=\"wpcu-front-box bottom \" ><div class=\"wplp-box-item\"><a href=\"https:\/\/bis-art.com\/index.php\/2023\/04\/15\/bis-edition-2023\/\"  class=\"read-more\">Lire la suite\u2026<\/a><\/div><\/div><\/div><\/li><\/ul><\/div><\/div>\n\n\n\n<div style=\"height:100px\" aria-hidden=\"true\" class=\"wp-block-spacer\"><\/div>\n\n\n\n<p><\/p>\n","protected":false},"excerpt":{"rendered":"<p>Agenda<\/p>\n","protected":false},"author":1,"featured_media":0,"parent":0,"menu_order":0,"comment_status":"closed","ping_status":"closed","template":"","meta":{"site-sidebar-layout":"default","site-content-layout":"default","ast-global-header-display":"","ast-main-header-display":"","ast-hfb-above-header-display":"","ast-hfb-below-header-display":"","ast-hfb-mobile-header-display":"","site-post-title":"disabled","ast-breadcrumbs-content":"","ast-featured-img":"","footer-sml-layout":"","theme-transparent-header-meta":"","adv-header-id-meta":"","stick-header-meta":"","header-above-stick-meta":"","header-main-stick-meta":"","header-below-stick-meta":""},"_links":{"self":[{"href":"https:\/\/bis-art.com\/index.php\/wp-json\/wp\/v2\/pages\/2501"}],"collection":[{"href":"https:\/\/bis-art.com\/index.php\/wp-json\/wp\/v2\/pages"}],"about":[{"href":"https:\/\/bis-art.com\/index.php\/wp-json\/wp\/v2\/types\/page"}],"author":[{"embeddable":true,"href":"https:\/\/bis-art.com\/index.php\/wp-json\/wp\/v2\/users\/1"}],"replies":[{"embeddable":true,"href":"https:\/\/bis-art.com\/index.php\/wp-json\/wp\/v2\/comments?post=2501"}],"version-history":[{"count":1,"href":"https:\/\/bis-art.com\/index.php\/wp-json\/wp\/v2\/pages\/2501\/revisions"}],"predecessor-version":[{"id":2502,"href":"https:\/\/bis-art.com\/index.php\/wp-json\/wp\/v2\/pages\/2501\/revisions\/2502"}],"wp:attachment":[{"href":"https:\/\/bis-art.com\/index.php\/wp-json\/wp\/v2\/media?parent=2501"}],"curies":[{"name":"wp","href":"https:\/\/api.w.org\/{rel}","templated":true}]}}