{"id":2573,"date":"2023-05-27T18:22:02","date_gmt":"2023-05-27T16:22:02","guid":{"rendered":"https:\/\/bis-art.com\/?page_id=2573"},"modified":"2023-06-29T16:35:02","modified_gmt":"2023-06-29T14:35:02","slug":"la-vague-de-saint-paul","status":"publish","type":"page","link":"https:\/\/bis-art.com\/index.php\/la-vague-de-saint-paul\/","title":{"rendered":"La Vague de Saint-Paul"},"content":{"rendered":"\n<div style=\"height:60px\" aria-hidden=\"true\" class=\"wp-block-spacer\"><\/div>\n\n\n\n<div class=\"wp-block-columns\">\n<div class=\"wp-block-column\" style=\"flex-basis:33.33%\">\n<figure class=\"wp-block-image size-large is-style-default\"><img loading=\"lazy\" width=\"579\" height=\"256\" src=\"https:\/\/bis-art.com\/wp-content\/uploads\/2023\/05\/logo-La-Vague-de-Saint-Paul.png\" alt=\"\" class=\"wp-image-2539\" srcset=\"https:\/\/bis-art.com\/wp-content\/uploads\/2023\/05\/logo-La-Vague-de-Saint-Paul.png 579w, https:\/\/bis-art.com\/wp-content\/uploads\/2023\/05\/logo-La-Vague-de-Saint-Paul-300x133.png 300w\" sizes=\"(max-width: 579px) 100vw, 579px\" \/><\/figure>\n<\/div>\n\n\n\n<div class=\"wp-block-column\" style=\"flex-basis:66.66%\">\n<h2>La Vague de Saint-Paul<\/h2>\n<p style=\"font-weight: 400;\">La Vague de Saint Paul, h\u00f4tel et restaurant 4* nich\u00e9 dans les collines\u00a0vous accueille dans un havre de paix \u00e0 seulement 2km du village de Saint Paul.<\/p>\n<p style=\"font-weight: 400;\">La Vague de Saint Paul est un b\u00e2timent initialement construit \u00e0 la fin des ann\u00e9es 70 par l\u2019architecte fran\u00e7ais Andr\u00e9 Minangoy, rendu c\u00e9l\u00e8bre pour avoir \u00e9t\u00e9 le cr\u00e9ateur de l\u2019embl\u00e9matique \u00ab Marina Baie des Anges \u00bb \u00e0 Villeneuve Loubet. Ces diff\u00e9rents projets ont en commun une utilisation du b\u00e9ton all\u00e9g\u00e9 par des courbes r\u00e9volutionnaires.<\/p>\n<p style=\"font-weight: 400;\">En 2012, l\u2019architecte Maurus Fre\u00ef a tenu \u00e0 garder sa structure originelle et simplifi\u00e9e pour r\u00e9tablir l&#8217;unit\u00e9 entre l&#8217;int\u00e9rieur et l&#8217;ext\u00e9rieur afin que le jardin fasse partie int\u00e9grante du concept. L&#8217;int\u00e9rieur a \u00e9t\u00e9 \u00e9pur\u00e9 pour mettre en avant le c\u0153ur de l&#8217;h\u00f4tel autour de la r\u00e9ception, du bar et du restaurant avec un mobilier soigneusement choisi. La Vague de Saint Paul est ainsi n\u00e9e, un lieu o\u00f9 int\u00e9rieur et ext\u00e9rieur sont en harmonie, un lieu ayant retrouv\u00e9 toute son \u00e2me.<\/p>\n<p style=\"font-weight: 400;\">Depuis son ouverture en 2013, l\u2019art est omnipr\u00e9sent \u00e0 La Vague\u00a0: les expositions temporaires se renouvellent chaque ann\u00e9e pour mettre en avant les \u0153uvres d\u2019art d\u2019artistes de renomm\u00e9e locale tels que Jean-Fran\u00e7ois Bolli\u00e9, Anthony Alberti, Jen Miller entres autres pour inviter le visiteur \u00e0 la contemplation aussi bien au c\u0153ur m\u00eame de l\u2019h\u00f4tel que dans ses jardins. Un attrait pour l\u2019art et la culture que les propri\u00e9taires des lieux tiennent \u00e0 partager\u2026<\/p>\n<p><span style=\"font-weight: 400;\">Il semblait donc naturel pour Guillaume Puig, Directeur de l\u2019\u00e9tablissement, de soutenir la Biennale de Saint Paul de Vence dans ses initiatives et ses projets pour faire de Saint Paul de Vence une sc\u00e8ne artistique et contemporaine reconnue mondialement. Nous avons \u00e0 c\u0153ur de garder cette dynamique qui fait de notre belle destination un haut-lieu de l\u2019art contemporain<\/span><\/p>\n<p class=\"p1\"><span style=\"font-size: 1rem; background-color: rgba(255, 255, 255, 0);\">Plus d&#8217;informations sur <a href=\"http:\/\/www.vaguesaintpaul.com\" target=\"_blank\" rel=\"noopener\">www.vaguesaintpaul.com<\/a><\/span><\/p>\n<p>\u00a0\u00a0<\/p>\n\n\n\n<hr class=\"wp-block-separator has-text-color has-background has-ast-global-color-0-background-color has-ast-global-color-0-color is-style-wide\"\/>\n\n\n\n<p style=\"font-weight: 400;\"><em>La Vague de Saint Paul, a 4-star hotel and restaurant nestling in the hills, welcomes you to a haven of peace just 2km from the village of Saint Paul.<\/em><\/p>\n<p style=\"font-weight: 400;\"><em>La Vague de Saint Paul was originally built in the late 1970s by French architect Andr\u00e9 Minangoy, famous for having designed the iconic Marina Baie des Anges in Villeneuve Loubet. What all these projects have in common is the use of concrete, lightened by revolutionary curves.<\/em><\/p>\n<p style=\"font-weight: 400;\"><em>In 2012, architect Maurus Fre\u00ef was keen to retain the original, simplified structure to re-establish unity between the interior and exterior, so that the garden would become an integral part of the concept. The interior has been pared down to highlight the heart of the hotel around the reception, bar and restaurant, with carefully chosen furnishings. The result is La Vague de Saint Paul, a place where inside and outside are in harmony, a place that has rediscovered its very soul.<\/em><\/p>\n<p style=\"font-weight: 400;\"><em>Since its opening in 2013, art has been omnipresent at La Vague: temporary exhibitions are renewed each year to showcase works of art by locally renowned artists such as Jean-Fran\u00e7ois Bolli\u00e9, Anthony Alberti and Jen Miller, among others, inviting visitors to contemplate both the hotel itself and its gardens. An attraction to art and culture that the owners are keen to share&#8230;<\/em><\/p>\n<p style=\"font-weight: 400;\"><em>So it seemed natural for Guillaume Puig, the hotel&#8217;s Director, to support the Biennale de Saint Paul de Vence in its initiatives and projects to make Saint Paul de Vence a world-renowned artistic and contemporary scene. We are determined to maintain the momentum that has made our beautiful destination a major centre for contemporary art.<\/em><\/p>\n<p style=\"font-weight: 400;\"><em>More information on&nbsp;<a href=\"http:\/\/www.vaguesaintpaul.com\/\" target=\"_blank\" rel=\"noopener\">www.vaguesaintpaul.com<\/a><\/em><\/p>\n\n\n\n<p><\/p>\n<\/div>\n<\/div>\n\n\n\n<div style=\"height:60px\" aria-hidden=\"true\" class=\"wp-block-spacer\"><\/div>\n","protected":false},"excerpt":{"rendered":"<p>La Vague de Saint-Paul La Vague de Saint Paul, h\u00f4tel et restaurant 4* nich\u00e9 dans les collines\u00a0vous accueille dans un havre de paix \u00e0 seulement 2km du village de Saint Paul. La Vague de Saint Paul est un b\u00e2timent initialement construit \u00e0 la fin des ann\u00e9es 70 par l\u2019architecte fran\u00e7ais Andr\u00e9 Minangoy, rendu c\u00e9l\u00e8bre pour &hellip;<\/p>\n<p class=\"read-more\"> <a class=\"\" href=\"https:\/\/bis-art.com\/index.php\/la-vague-de-saint-paul\/\"> <span class=\"screen-reader-text\">La Vague de Saint-Paul<\/span> Lire la suite \u00bb<\/a><\/p>\n","protected":false},"author":1,"featured_media":0,"parent":0,"menu_order":0,"comment_status":"closed","ping_status":"closed","template":"","meta":{"site-sidebar-layout":"default","site-content-layout":"default","ast-global-header-display":"","ast-main-header-display":"","ast-hfb-above-header-display":"","ast-hfb-below-header-display":"","ast-hfb-mobile-header-display":"","site-post-title":"disabled","ast-breadcrumbs-content":"","ast-featured-img":"","footer-sml-layout":"","theme-transparent-header-meta":"","adv-header-id-meta":"","stick-header-meta":"","header-above-stick-meta":"","header-main-stick-meta":"","header-below-stick-meta":""},"_links":{"self":[{"href":"https:\/\/bis-art.com\/index.php\/wp-json\/wp\/v2\/pages\/2573"}],"collection":[{"href":"https:\/\/bis-art.com\/index.php\/wp-json\/wp\/v2\/pages"}],"about":[{"href":"https:\/\/bis-art.com\/index.php\/wp-json\/wp\/v2\/types\/page"}],"author":[{"embeddable":true,"href":"https:\/\/bis-art.com\/index.php\/wp-json\/wp\/v2\/users\/1"}],"replies":[{"embeddable":true,"href":"https:\/\/bis-art.com\/index.php\/wp-json\/wp\/v2\/comments?post=2573"}],"version-history":[{"count":5,"href":"https:\/\/bis-art.com\/index.php\/wp-json\/wp\/v2\/pages\/2573\/revisions"}],"predecessor-version":[{"id":3290,"href":"https:\/\/bis-art.com\/index.php\/wp-json\/wp\/v2\/pages\/2573\/revisions\/3290"}],"wp:attachment":[{"href":"https:\/\/bis-art.com\/index.php\/wp-json\/wp\/v2\/media?parent=2573"}],"curies":[{"name":"wp","href":"https:\/\/api.w.org\/{rel}","templated":true}]}}