{"id":2616,"date":"2023-05-27T19:13:21","date_gmt":"2023-05-27T17:13:21","guid":{"rendered":"https:\/\/bis-art.com\/?page_id=2616"},"modified":"2023-07-10T17:55:11","modified_gmt":"2023-07-10T15:55:11","slug":"alex-ayed","status":"publish","type":"page","link":"https:\/\/bis-art.com\/index.php\/alex-ayed\/","title":{"rendered":"Alex Ayed"},"content":{"rendered":"\n<div style=\"height:60px\" aria-hidden=\"true\" class=\"wp-block-spacer\"><\/div>\n\n\n<h2 class=\"p1\">Alex Ayed<\/h2>\n\n\n<div class=\"wp-block-columns\">\n<div class=\"wp-block-column\">\n<p>N\u00e9 en 1989<br \/>Viet et travaille entre Paris et Tunis<\/p>\n<p class=\"p1\">Alex Ayed est dipl\u00f4m\u00e9 de l\u2019\u00c9cole Nationale Sup\u00e9rieure des Beaux-Arts de Paris en 2015. Son travail a fait l\u2019objet de plusieurs expositions personnelles dont Owls and Promises au Kunstverein Freiburg, Allemagne (2022) ; Coyote \u00e0 The Intermission, Gr\u00e8ce (2022) ; Laws of Confusion \u00e0 The Renaissance Society, Chicago (2021) ; Transumanza \u00e0 ZERO\u2026, Milan (2021) ; Roaring Forties, Balice Hertling, Paris (2020) ; Soap Opera \u00e0 B7L9, Tunis (2019) et Exhibition 3 \u00e0 Institute of Arab and Islamic Art, New York (2019).<\/p>\n<p class=\"p1\">Il a \u00e9galement particip\u00e9 \u00e0 plusieurs expositions collectives dont Soft Water Hard Stone au New Museum, New York, USA (2021) ; Risquons-tout au WIELS Centre d\u2019Art Contemporain, Bruxelles (2020) ; La psychologie des serrures au Centre d\u2019art Neuch\u00e2tel, Suisse (2020) ; Children Power, Frac Ile-de-France (2021) ; Jaou Tunis, Tunisie (2019). Son travail a \u00e9t\u00e9 expos\u00e9 \u00e0 la Fondation Louis Vuitton, Paris (2022).<\/p>\n<p>Alex Ayed est repr\u00e9sent\u00e9 par la <a href=\"https:\/\/bis-art.com\/index.php\/galerie-balice-hertling\/\">Galerie Balice Hertling<\/a><\/p>\n<p>\u00a0 \u00a0<\/p>\n\n\n\n<hr class=\"wp-block-separator has-text-color has-background has-ast-global-color-0-background-color has-ast-global-color-0-color is-style-wide\"\/>\n\n\n\n<p><em>Born in 1989<\/em><br \/><em>Lives and works between Paris and Tunis<\/em><\/p>\n<p><em>Alex Ayed graduated from the \u00c9cole Nationale Sup\u00e9rieure des Beaux-Arts in Paris in 2015. His work has been the subject of several solo exhibitions, including Owls and Promises at Kunstverein Freiburg, Germany (2022); Coyote at The Intermission, Greece (2022); Laws of Confusion at The Renaissance Society, Chicago (2021); Transumanza at ZERO&#8230;, Milan (2021); Roaring Forties, Balice Hertling, Paris (2020); Soap Opera at B7L9, Tunis (2019) and Exhibition 3 at Institute of Arab and Islamic Art, New York (2019).<\/em><\/p>\n<p><em>He has also taken part in several group exhibitions, including Soft Water Hard Stone at the New Museum, New York, USA (2021); Risquons-tout at WIELS Centre d&#8217;Art Contemporain, Brussels (2020); La psychologie des serrures at Centre d&#8217;art Neuch\u00e2tel, Switzerland (2020); Children Power, Frac Ile-de-France (2021); Jaou Tunis, Tunisia (2019). His work has been exhibited at the Fondation Louis Vuitton, Paris (2022).<\/em><\/p>\n<p><em>Alex Ayed is represented by <a href=\"https:\/\/bis-art.com\/index.php\/galerie-balice-hertling\/\">Galerie Balice Hertling<\/a><\/em><\/p>\n<p>\u00a0 \u00a0<\/p>\n\n\n\n<hr class=\"wp-block-separator has-text-color has-background has-ast-global-color-0-background-color has-ast-global-color-0-color is-style-wide\"\/>\n\n\n\n<p><span style=\"color: #4b86c7;\"><strong><a href=\"https:\/\/bis-art.com\/index.php\/alex-ayed-untitled-beit-el-hmam-i-ii-iii-2023\/\">&gt; Untitled (Beit el hmam I, II, III), 2023<\/a><a style=\"color: #4b86c7;\" href=\"https:\/\/bis-art.com\/index.php\/edition-2023-les-artistes\/\"><br \/>&gt; Retour Liste des artistes<\/a><\/strong><\/span><\/p>\n\n\n\n<p><\/p>\n<\/div>\n\n\n\n<div class=\"wp-block-column\">\n<div class=\"wp-block-image is-style-default\"><figure class=\"alignright size-large\"><img loading=\"lazy\" width=\"1024\" height=\"683\" src=\"https:\/\/bis-art.com\/wp-content\/uploads\/2023\/05\/AlexAyed-1024x683.jpg\" alt=\"\" class=\"wp-image-2608\" srcset=\"https:\/\/bis-art.com\/wp-content\/uploads\/2023\/05\/AlexAyed-1024x683.jpg 1024w, https:\/\/bis-art.com\/wp-content\/uploads\/2023\/05\/AlexAyed-300x200.jpg 300w, https:\/\/bis-art.com\/wp-content\/uploads\/2023\/05\/AlexAyed-768x512.jpg 768w, https:\/\/bis-art.com\/wp-content\/uploads\/2023\/05\/AlexAyed.jpg 1440w\" sizes=\"(max-width: 1024px) 100vw, 1024px\" \/><\/figure><\/div>\n\n\n\n<p><\/p>\n<\/div>\n<\/div>\n\n\n\n<div style=\"height:60px\" aria-hidden=\"true\" class=\"wp-block-spacer\"><\/div>\n\n\n\n<p><\/p>\n","protected":false},"excerpt":{"rendered":"<p>Alex Ayed N\u00e9 en 1989Viet et travaille entre Paris et Tunis Alex Ayed est dipl\u00f4m\u00e9 de l\u2019\u00c9cole Nationale Sup\u00e9rieure des Beaux-Arts de Paris en 2015. Son travail a fait l\u2019objet de plusieurs expositions personnelles dont Owls and Promises au Kunstverein Freiburg, Allemagne (2022) ; Coyote \u00e0 The Intermission, Gr\u00e8ce (2022) ; Laws of Confusion \u00e0 &hellip;<\/p>\n<p class=\"read-more\"> <a class=\"\" href=\"https:\/\/bis-art.com\/index.php\/alex-ayed\/\"> <span class=\"screen-reader-text\">Alex Ayed<\/span> Lire la suite \u00bb<\/a><\/p>\n","protected":false},"author":1,"featured_media":0,"parent":0,"menu_order":0,"comment_status":"closed","ping_status":"closed","template":"","meta":{"site-sidebar-layout":"default","site-content-layout":"default","ast-global-header-display":"","ast-main-header-display":"","ast-hfb-above-header-display":"","ast-hfb-below-header-display":"","ast-hfb-mobile-header-display":"","site-post-title":"disabled","ast-breadcrumbs-content":"","ast-featured-img":"","footer-sml-layout":"","theme-transparent-header-meta":"","adv-header-id-meta":"","stick-header-meta":"","header-above-stick-meta":"","header-main-stick-meta":"","header-below-stick-meta":""},"_links":{"self":[{"href":"https:\/\/bis-art.com\/index.php\/wp-json\/wp\/v2\/pages\/2616"}],"collection":[{"href":"https:\/\/bis-art.com\/index.php\/wp-json\/wp\/v2\/pages"}],"about":[{"href":"https:\/\/bis-art.com\/index.php\/wp-json\/wp\/v2\/types\/page"}],"author":[{"embeddable":true,"href":"https:\/\/bis-art.com\/index.php\/wp-json\/wp\/v2\/users\/1"}],"replies":[{"embeddable":true,"href":"https:\/\/bis-art.com\/index.php\/wp-json\/wp\/v2\/comments?post=2616"}],"version-history":[{"count":6,"href":"https:\/\/bis-art.com\/index.php\/wp-json\/wp\/v2\/pages\/2616\/revisions"}],"predecessor-version":[{"id":3440,"href":"https:\/\/bis-art.com\/index.php\/wp-json\/wp\/v2\/pages\/2616\/revisions\/3440"}],"wp:attachment":[{"href":"https:\/\/bis-art.com\/index.php\/wp-json\/wp\/v2\/media?parent=2616"}],"curies":[{"name":"wp","href":"https:\/\/api.w.org\/{rel}","templated":true}]}}