{"id":2626,"date":"2023-05-27T19:28:47","date_gmt":"2023-05-27T17:28:47","guid":{"rendered":"https:\/\/bis-art.com\/?page_id=2626"},"modified":"2023-07-10T18:05:40","modified_gmt":"2023-07-10T16:05:40","slug":"anna-hulacova","status":"publish","type":"page","link":"https:\/\/bis-art.com\/index.php\/anna-hulacova\/","title":{"rendered":"Anna Hula\u010dov\u00e1"},"content":{"rendered":"\n<div style=\"height:60px\" aria-hidden=\"true\" class=\"wp-block-spacer\"><\/div>\n\n\n<h2 class=\"p1\">Anna <span class=\"s1\">Hula\u010dov\u00e1<\/span><\/h2>\n\n\n<div class=\"wp-block-columns\">\n<div class=\"wp-block-column\">\n<p class=\"p1\">N\u00e9e en 1984 \u00e0 Su\u0161ice (R\u00e9publique tch\u00e8que)<br \/>Vit et travaille \u00e0 Prague<\/p>\n<p class=\"p1\">Anna Hula\u010dov\u00e1 est dipl\u00f4m\u00e9e de l\u2019Acad\u00e9mie des Beaux-Arts de Prague, du Studio of Intermedia Work\u00a0II sous la direction de Ji\u0159\u00ed P\u0159\u00edhoda. Sculptrice, son travail consiste \u00e0 faire revivre l\u2019artisanat traditionnel, traduisant dans le langage de l\u2019art contemporain l\u2019inspiration trouv\u00e9e dans les mythologies anciennes, les cultures orientales ainsi que dans les traditions folkloriques tch\u00e8ques et le symbolisme chr\u00e9tien originel. Ses \u0153uvres, principalement figuratives, incarnent une esth\u00e9tique idiosyncrasique fusionnant les idoles anciennes, la sculpture gothique sur bois et le minimalisme de surface du graphisme et de la\u00a0photographie.\u00a0<\/p>\n<p class=\"p1\">Hula\u010dov\u00e1 a expos\u00e9 son travail dans de nombreuses institutions, notamment la Kunsthalle Bratislava, la\u00a0Galerie nationale de Prague, la Galeria Arsena\u0142 \u00e0\u00a0Bia\u0142ystok, la Maison des arts de Brno, la Biennale Art Encounters 2021 \u00e0 Timisoara, MO.CO. Montpellier, Centre Pompidou \u00e0 Paris, Fondation Louis Vuitton \u00e0 Paris, East Slovakian Regional Gallery \u00e0 Ko\u0161ice, 2019 Aichi Triennial au Japon, Casino Luxembourg, Baltic Triennial 13, Prague City Gallery et Gdansk City Gallery. Elle vit et travaille actuellement \u00e0 Klu\u010dov, en R\u00e9publique tch\u00e8que, avec son mari, l\u2019artiste Vaclav Litvan, et ses deux enfants.<\/p>\n<p class=\"p1\">Anna Hula\u010dov\u00e1 est repr\u00e9sent\u00e9e par <a href=\"https:\/\/bis-art.com\/index.php\/hunt-kastner\/\">Hunt Kastner<\/a><\/p>\n<p>\u00a0 \u00a0<\/p>\n\n\n\n<hr class=\"wp-block-separator has-text-color has-background has-ast-global-color-0-background-color has-ast-global-color-0-color is-style-wide\"\/>\n\n\n\n<p><em>Born in 1984 in Su\u0161ice (R\u00e9publique tch\u00e8que)<\/em><br \/><em>Lives and works in Prague<\/em><\/p>\n<p><em style=\"font-size: 1rem; background-color: rgba(255, 255, 255, 0);\">Anna Hula\u010dov\u00e1 graduated from the Academy of Fine Arts in Prague, Studio of Intermedia Work II under the direction of Ji\u0159\u00ed P\u0159\u00edhoda. As a sculptor, her work consists of reviving traditional crafts, translating into the language of contemporary art the inspiration found in ancient mythologies, oriental cultures as well as Czech folk traditions and original Christian symbolism. Her mainly figurative works embody an idiosyncratic aesthetic that fuses ancient idols, Gothic woodcarving and the surface minimalism of graphic design and photography.\u00a0<\/em><\/p>\n<p>Hula\u010dov\u00e1 has exhibited her work in numerous institutions, including Kunsthalle Bratislava, National Gallery Prague, Galeria Arsena\u0142 in Bia\u0142ystok, Brno House of Arts, Art Encounters 2021 Biennial in Timisoara, MO.CO. Montpellier, Centre Pompidou in Paris, Fondation Louis Vuitton in Paris, East Slovakian Regional Gallery in Ko\u0161ice, 2019 Aichi Triennial in Japan, Casino Luxembourg, Baltic Triennial 13, Prague City Gallery and Gdansk City Gallery. She currently lives and works in Klu\u010dov, Czech Republic, with her husband, artist Vaclav Litvan, and two children.<\/p>\n<p><em style=\"font-size: 1rem; background-color: rgba(255, 255, 255, 0);\">Anna Hula\u010dov\u00e1 is represented by <a href=\"https:\/\/bis-art.com\/index.php\/hunt-kastner\/\">Hunt Kastner<\/a><\/em><\/p>\n<p>\u00a0 \u00a0<\/p>\n\n\n\n<hr class=\"wp-block-separator has-text-color has-background has-ast-global-color-0-background-color has-ast-global-color-0-color is-style-wide\"\/>\n\n\n\n<p><span style=\"color: #4b86c7;\"><strong><a href=\"https:\/\/bis-art.com\/index.php\/anna-hulacova-from-the-food-chain-to-eternity-2023\/\">&gt; From the Food Chain to Eternity, 2023<\/a><a style=\"color: #4b86c7;\" href=\"https:\/\/bis-art.com\/index.php\/edition-2023-les-artistes\/\"><br \/>&gt; Retour Liste des artistes<\/a><\/strong><\/span><\/p>\n<\/div>\n\n\n\n<div class=\"wp-block-column\">\n<div class=\"wp-block-image is-style-default\"><figure class=\"alignright size-full is-resized\"><img loading=\"lazy\" src=\"https:\/\/bis-art.com\/wp-content\/uploads\/2023\/05\/AnnaHulacova.jpg\" alt=\"\" class=\"wp-image-2607\" width=\"480\" height=\"720\" srcset=\"https:\/\/bis-art.com\/wp-content\/uploads\/2023\/05\/AnnaHulacova.jpg 960w, https:\/\/bis-art.com\/wp-content\/uploads\/2023\/05\/AnnaHulacova-200x300.jpg 200w, https:\/\/bis-art.com\/wp-content\/uploads\/2023\/05\/AnnaHulacova-683x1024.jpg 683w, https:\/\/bis-art.com\/wp-content\/uploads\/2023\/05\/AnnaHulacova-768x1152.jpg 768w\" sizes=\"(max-width: 480px) 100vw, 480px\" \/><\/figure><\/div>\n\n\n\n<p><\/p>\n<\/div>\n<\/div>\n\n\n\n<div style=\"height:60px\" aria-hidden=\"true\" class=\"wp-block-spacer\"><\/div>\n","protected":false},"excerpt":{"rendered":"<p>Anna Hula\u010dov\u00e1 N\u00e9e en 1984 \u00e0 Su\u0161ice (R\u00e9publique tch\u00e8que)Vit et travaille \u00e0 Prague Anna Hula\u010dov\u00e1 est dipl\u00f4m\u00e9e de l\u2019Acad\u00e9mie des Beaux-Arts de Prague, du Studio of Intermedia Work\u00a0II sous la direction de Ji\u0159\u00ed P\u0159\u00edhoda. Sculptrice, son travail consiste \u00e0 faire revivre l\u2019artisanat traditionnel, traduisant dans le langage de l\u2019art contemporain l\u2019inspiration trouv\u00e9e dans les mythologies &hellip;<\/p>\n<p class=\"read-more\"> <a class=\"\" href=\"https:\/\/bis-art.com\/index.php\/anna-hulacova\/\"> <span class=\"screen-reader-text\">Anna Hula\u010dov\u00e1<\/span> Lire la suite \u00bb<\/a><\/p>\n","protected":false},"author":1,"featured_media":0,"parent":0,"menu_order":0,"comment_status":"closed","ping_status":"closed","template":"","meta":{"site-sidebar-layout":"default","site-content-layout":"default","ast-global-header-display":"","ast-main-header-display":"","ast-hfb-above-header-display":"","ast-hfb-below-header-display":"","ast-hfb-mobile-header-display":"","site-post-title":"disabled","ast-breadcrumbs-content":"","ast-featured-img":"","footer-sml-layout":"","theme-transparent-header-meta":"","adv-header-id-meta":"","stick-header-meta":"","header-above-stick-meta":"","header-main-stick-meta":"","header-below-stick-meta":""},"_links":{"self":[{"href":"https:\/\/bis-art.com\/index.php\/wp-json\/wp\/v2\/pages\/2626"}],"collection":[{"href":"https:\/\/bis-art.com\/index.php\/wp-json\/wp\/v2\/pages"}],"about":[{"href":"https:\/\/bis-art.com\/index.php\/wp-json\/wp\/v2\/types\/page"}],"author":[{"embeddable":true,"href":"https:\/\/bis-art.com\/index.php\/wp-json\/wp\/v2\/users\/1"}],"replies":[{"embeddable":true,"href":"https:\/\/bis-art.com\/index.php\/wp-json\/wp\/v2\/comments?post=2626"}],"version-history":[{"count":6,"href":"https:\/\/bis-art.com\/index.php\/wp-json\/wp\/v2\/pages\/2626\/revisions"}],"predecessor-version":[{"id":3450,"href":"https:\/\/bis-art.com\/index.php\/wp-json\/wp\/v2\/pages\/2626\/revisions\/3450"}],"wp:attachment":[{"href":"https:\/\/bis-art.com\/index.php\/wp-json\/wp\/v2\/media?parent=2626"}],"curies":[{"name":"wp","href":"https:\/\/api.w.org\/{rel}","templated":true}]}}