{"id":2675,"date":"2023-05-28T10:10:01","date_gmt":"2023-05-28T08:10:01","guid":{"rendered":"https:\/\/bis-art.com\/?page_id=2675"},"modified":"2023-06-12T10:41:58","modified_gmt":"2023-06-12T08:41:58","slug":"galerie-hussenot","status":"publish","type":"page","link":"https:\/\/bis-art.com\/index.php\/galerie-hussenot\/","title":{"rendered":"Galerie Hussenot"},"content":{"rendered":"\n<div style=\"height:60px\" aria-hidden=\"true\" class=\"wp-block-spacer\"><\/div>\n\n\n\n<div class=\"wp-block-columns\">\n<div class=\"wp-block-column\" style=\"flex-basis:66.66%\">\n<h2 class=\"p1\">Galerie Hussenot<\/h2>\n\n\n\n<div style=\"height:60px\" aria-hidden=\"true\" class=\"wp-block-spacer\"><\/div>\n\n\n\n<p>La galerie Hussenot collabore depuis longtemps avec les artistes de la c\u00f4te ouest (Ed Rusha, Mike Kelley&#8230;). Au fil des ans, nous avons inclus un solide programme de jeunes artistes internationaux qui ont grandi avec nous.<\/p>\n<p>La collaboration entre ces diff\u00e9rentes g\u00e9n\u00e9rations d&#8217;artistes est l&#8217;aboutissement d&#8217;un partenariat bas\u00e9 sur une pens\u00e9e parall\u00e8le, une vision singuli\u00e8re et un regard mutuel sur notre condition humaine.<\/p>\n<p>La galerie accompagne le travail de Diana Thater depuis 1999.<\/p>\n<p><span style=\"background-color: rgba(255, 255, 255, 0); font-size: 1rem;\">Repr\u00e9sente <\/span><a style=\"font-size: 1rem;\" href=\"https:\/\/bis-art.com\/index.php\/diana-thater\/\">Diana Thater<\/a><\/p>\n<p><\/p>\n\n\n\n<hr class=\"wp-block-separator has-text-color has-background has-ast-global-color-0-background-color has-ast-global-color-0-color is-style-wide\"\/>\n\n\n\n<p><em>Gallery Hussenot has a long history of showing artists from the West Coast (Ed Rusha, Mike Kelley..). Over the years, we have included a strong programme of young, international artists who have grown with us.<\/em><\/p>\n<p><em>The collaboration between these different generations of artists&nbsp;is the&nbsp;culmination of a partnership based on parallel thinking, singular vision, and mutual regard over our human condition.<\/em><\/p>\n<p><em>The gallery has accompanied the work of DT since 1999.<\/em><\/p>\n<p><em style=\"font-size: 1rem; background-color: rgba(255, 255, 255, 0);\">Presents <span style=\"font-size: 1rem; background-color: rgba(255, 255, 255, 0);\"> <a href=\"https:\/\/bis-art.com\/index.php\/diana-thater\/\">Diana Thater<\/a><\/span><\/em><\/p>\n<p><\/p>\n\n\n\n<hr class=\"wp-block-separator has-text-color has-background has-ast-global-color-0-background-color has-ast-global-color-0-color is-style-wide\"\/>\n<\/div>\n\n\n\n<div class=\"wp-block-column\" style=\"flex-basis:33.33%\">\n<figure class=\"wp-block-image size-large\"><img loading=\"lazy\" width=\"1440\" height=\"960\" src=\"https:\/\/bis-art.com\/wp-content\/uploads\/2023\/06\/GalerieHusseenot_phtoto-Aurelien-Mole.jpg\" alt=\"\" class=\"wp-image-3157\" srcset=\"https:\/\/bis-art.com\/wp-content\/uploads\/2023\/06\/GalerieHusseenot_phtoto-Aurelien-Mole.jpg 1440w, https:\/\/bis-art.com\/wp-content\/uploads\/2023\/06\/GalerieHusseenot_phtoto-Aurelien-Mole-300x200.jpg 300w, https:\/\/bis-art.com\/wp-content\/uploads\/2023\/06\/GalerieHusseenot_phtoto-Aurelien-Mole-768x512.jpg 768w\" sizes=\"(max-width: 1440px) 100vw, 1440px\" \/><\/figure>\n\n\n\n<p><strong>Galerie Hussenot<br data-rich-text-line-break=\"true\" \/><\/strong>5 bis rue des Haudriettes<br data-rich-text-line-break=\"true\" \/>75003 Paris<a href=\"http:\/\/www.galeriehussenot.com\/\" target=\"_blank\" rel=\"noreferrer noopener\"><br data-rich-text-line-break=\"true\" \/>www.galeriehussenot.com<\/a><br \/>Photo Aur\u00e9lien Mole<\/p>\n<\/div>\n<\/div>\n\n\n<p><span style=\"color: #4b86c7;\"><a style=\"color: #4b86c7;\" href=\"https:\/\/bis-art.com\/index.php\/2023-galeries-partenaires\/\"><strong>&gt; \u00c9dition 2023 &#8211; Les Galeries Partenaires<\/strong><\/a><\/span><\/p>\n\n\n<div style=\"height:61px\" aria-hidden=\"true\" class=\"wp-block-spacer\"><\/div>\n\n\n\n<div style=\"height:60px\" aria-hidden=\"true\" class=\"wp-block-spacer\"><\/div>\n\n\n\n<p><\/p>\n","protected":false},"excerpt":{"rendered":"<p>Galerie Hussenot La galerie Hussenot collabore depuis longtemps avec les artistes de la c\u00f4te ouest (Ed Rusha, Mike Kelley&#8230;). Au fil des ans, nous avons inclus un solide programme de jeunes artistes internationaux qui ont grandi avec nous. La collaboration entre ces diff\u00e9rentes g\u00e9n\u00e9rations d&#8217;artistes est l&#8217;aboutissement d&#8217;un partenariat bas\u00e9 sur une pens\u00e9e parall\u00e8le, une &hellip;<\/p>\n<p class=\"read-more\"> <a class=\"\" href=\"https:\/\/bis-art.com\/index.php\/galerie-hussenot\/\"> <span class=\"screen-reader-text\">Galerie Hussenot<\/span> Lire la suite \u00bb<\/a><\/p>\n","protected":false},"author":1,"featured_media":0,"parent":0,"menu_order":0,"comment_status":"closed","ping_status":"closed","template":"","meta":{"site-sidebar-layout":"default","site-content-layout":"default","ast-global-header-display":"","ast-main-header-display":"","ast-hfb-above-header-display":"","ast-hfb-below-header-display":"","ast-hfb-mobile-header-display":"","site-post-title":"disabled","ast-breadcrumbs-content":"","ast-featured-img":"","footer-sml-layout":"","theme-transparent-header-meta":"","adv-header-id-meta":"","stick-header-meta":"","header-above-stick-meta":"","header-main-stick-meta":"","header-below-stick-meta":""},"_links":{"self":[{"href":"https:\/\/bis-art.com\/index.php\/wp-json\/wp\/v2\/pages\/2675"}],"collection":[{"href":"https:\/\/bis-art.com\/index.php\/wp-json\/wp\/v2\/pages"}],"about":[{"href":"https:\/\/bis-art.com\/index.php\/wp-json\/wp\/v2\/types\/page"}],"author":[{"embeddable":true,"href":"https:\/\/bis-art.com\/index.php\/wp-json\/wp\/v2\/users\/1"}],"replies":[{"embeddable":true,"href":"https:\/\/bis-art.com\/index.php\/wp-json\/wp\/v2\/comments?post=2675"}],"version-history":[{"count":2,"href":"https:\/\/bis-art.com\/index.php\/wp-json\/wp\/v2\/pages\/2675\/revisions"}],"predecessor-version":[{"id":3159,"href":"https:\/\/bis-art.com\/index.php\/wp-json\/wp\/v2\/pages\/2675\/revisions\/3159"}],"wp:attachment":[{"href":"https:\/\/bis-art.com\/index.php\/wp-json\/wp\/v2\/media?parent=2675"}],"curies":[{"name":"wp","href":"https:\/\/api.w.org\/{rel}","templated":true}]}}

<div style="height:60px" aria-hidden="true" class="wp-block-spacer"></div>



<div class="wp-block-columns">
<div class="wp-block-column" style="flex-basis:66.66%">
<h2 class="p1">Galerie Hussenot</h2>



<div style="height:60px" aria-hidden="true" class="wp-block-spacer"></div>



<p>La galerie Hussenot collabore depuis longtemps avec les artistes de la côte ouest (Ed Rusha, Mike Kelley&#8230;). Au fil des ans, nous avons inclus un solide programme de jeunes artistes internationaux qui ont grandi avec nous.</p>
<p>La collaboration entre ces différentes générations d&#8217;artistes est l&#8217;aboutissement d&#8217;un partenariat basé sur une pensée parallèle, une vision singulière et un regard mutuel sur notre condition humaine.</p>
<p>La galerie accompagne le travail de Diana Thater depuis 1999.</p>
<p><span style="background-color: rgba(255, 255, 255, 0); font-size: 1rem;">Représente </span><a style="font-size: 1rem;" href="https://bis-art.com/index.php/diana-thater/">Diana Thater</a></p>
<p></p>



<hr class="wp-block-separator has-text-color has-background has-ast-global-color-0-background-color has-ast-global-color-0-color is-style-wide"/>



<p><em>Gallery Hussenot has a long history of showing artists from the West Coast (Ed Rusha, Mike Kelley..). Over the years, we have included a strong programme of young, international artists who have grown with us.</em></p>
<p><em>The collaboration between these different generations of artists&nbsp;is the&nbsp;culmination of a partnership based on parallel thinking, singular vision, and mutual regard over our human condition.</em></p>
<p><em>The gallery has accompanied the work of DT since 1999.</em></p>
<p><em style="font-size: 1rem; background-color: rgba(255, 255, 255, 0);">Presents <span style="font-size: 1rem; background-color: rgba(255, 255, 255, 0);"> <a href="https://bis-art.com/index.php/diana-thater/">Diana Thater</a></span></em></p>
<p></p>



<hr class="wp-block-separator has-text-color has-background has-ast-global-color-0-background-color has-ast-global-color-0-color is-style-wide"/>
</div>



<div class="wp-block-column" style="flex-basis:33.33%">
<figure class="wp-block-image size-large"><img loading="lazy" width="1440" height="960" src="https://bis-art.com/wp-content/uploads/2023/06/GalerieHusseenot_phtoto-Aurelien-Mole.jpg" alt="" class="wp-image-3157" srcset="https://bis-art.com/wp-content/uploads/2023/06/GalerieHusseenot_phtoto-Aurelien-Mole.jpg 1440w, https://bis-art.com/wp-content/uploads/2023/06/GalerieHusseenot_phtoto-Aurelien-Mole-300x200.jpg 300w, https://bis-art.com/wp-content/uploads/2023/06/GalerieHusseenot_phtoto-Aurelien-Mole-768x512.jpg 768w" sizes="(max-width: 1440px) 100vw, 1440px" /></figure>



<p><strong>Galerie Hussenot<br data-rich-text-line-break="true" /></strong>5 bis rue des Haudriettes<br data-rich-text-line-break="true" />75003 Paris<a href="http://www.galeriehussenot.com/" target="_blank" rel="noreferrer noopener"><br data-rich-text-line-break="true" />www.galeriehussenot.com</a><br />Photo Aurélien Mole</p>
</div>
</div>


<p><span style="color: #4b86c7;"><a style="color: #4b86c7;" href="https://bis-art.com/index.php/2023-galeries-partenaires/"><strong>&gt; Édition 2023 &#8211; Les Galeries Partenaires</strong></a></span></p>


<div style="height:61px" aria-hidden="true" class="wp-block-spacer"></div>



<div style="height:60px" aria-hidden="true" class="wp-block-spacer"></div>



<p></p>

<p>Galerie Hussenot La galerie Hussenot collabore depuis longtemps avec les artistes de la côte ouest (Ed Rusha, Mike Kelley&#8230;). Au fil des ans, nous avons inclus un solide programme de jeunes artistes internationaux qui ont grandi avec nous. La collaboration entre ces différentes générations d&#8217;artistes est l&#8217;aboutissement d&#8217;un partenariat basé sur une pensée parallèle, une &hellip;</p>
<p class="read-more"> <a class="" href="https://bis-art.com/index.php/galerie-hussenot/"> <span class="screen-reader-text">Galerie Hussenot</span> Lire la suite »</a></p>
