{"id":2789,"date":"2023-05-30T10:22:24","date_gmt":"2023-05-30T08:22:24","guid":{"rendered":"https:\/\/bis-art.com\/?page_id=2789"},"modified":"2024-08-02T17:59:07","modified_gmt":"2024-08-02T15:59:07","slug":"jacques-prevert","status":"publish","type":"page","link":"https:\/\/bis-art.com\/index.php\/jacques-prevert\/","title":{"rendered":"Jacques Pr\u00e9vert"},"content":{"rendered":"\n<div style=\"height:60px\" aria-hidden=\"true\" class=\"wp-block-spacer\"><\/div>\n\n\n<h2>Jacques Pr\u00e9vert et Saint-Paul de Vence<\/h2>\n<p><\/p>\n\n\n<figure class=\"wp-block-image size-full\"><img loading=\"lazy\" width=\"1440\" height=\"810\" src=\"https:\/\/bis-art.com\/wp-content\/uploads\/2023\/05\/jacques-prevert-devant-sa-maison-la-miette-a-saint-paul-de-vence.jpg\" alt=\"\" class=\"wp-image-2790\" srcset=\"https:\/\/bis-art.com\/wp-content\/uploads\/2023\/05\/jacques-prevert-devant-sa-maison-la-miette-a-saint-paul-de-vence.jpg 1440w, https:\/\/bis-art.com\/wp-content\/uploads\/2023\/05\/jacques-prevert-devant-sa-maison-la-miette-a-saint-paul-de-vence-300x169.jpg 300w, https:\/\/bis-art.com\/wp-content\/uploads\/2023\/05\/jacques-prevert-devant-sa-maison-la-miette-a-saint-paul-de-vence-1024x576.jpg 1024w, https:\/\/bis-art.com\/wp-content\/uploads\/2023\/05\/jacques-prevert-devant-sa-maison-la-miette-a-saint-paul-de-vence-768x432.jpg 768w\" sizes=\"(max-width: 1440px) 100vw, 1440px\" \/><figcaption>Photo Jacques Gomot &#8211; \u00a9 Mairie de Saint-Paul-de-Vence<\/figcaption><\/figure>\n\n\n\n<div style=\"height:30px\" aria-hidden=\"true\" class=\"wp-block-spacer\"><\/div>\n\n\n<p>Pour Jacques Pr\u00e9vert, Saint-Paul de Vence \u00e9tait un refuge loin de l\u2019agitation de la capitale. Pendant une quinzaine d&#8217;ann\u00e9es, il y a tiss\u00e9 des liens d&#8217;amiti\u00e9 avec les plus grands artistes de son temps, il y a exerc\u00e9 ses talents de dialoguiste pour le cin\u00e9ma et a peut-\u00eatre \u00e9crit ses plus belles pages au c\u0153ur du village\u2026<\/p>\n<p>C&#8217;est en 1941 que Jacques Pr\u00e9vert d\u00e9couvre Saint-Paul de Vence, attir\u00e9 sur la C\u00f4te d&#8217;Azur par ses activit\u00e9s de sc\u00e9nariste pour le cin\u00e9ma, \u00e0 une \u00e9poque o\u00f9 les studios de la Victorine \u00e0 Nice tournent \u00e0 plein r\u00e9gime.<\/p>\n<p>Il pose ses valises \u00e0 \u00ab La R\u00e9sidence \u00bb (actuel \u00ab Caf\u00e9 de la Place \u00bb) qui \u00e0 l&#8217;\u00e9poque \u00e9tait une auberge de village, avant de traverser la place et de prendre ses quartiers \u00e0 la Colombe d&#8217;Or.<\/p>\n<p>A Saint-Paul, il multiplie les rencontres avec le peintre Pablo Picasso et Paul Roux, le propri\u00e9taire de la Colombe d&#8217;Or, avec lesquels ils forment un trio d&#8217;amis tr\u00e8s complices. Peuvent en t\u00e9moigner les nombreux collages de Pr\u00e9vert qui d\u00e9corent les murs de la c\u00e9l\u00e8bre auberge.<\/p>\n<p>Sa pr\u00e9sence contribue \u00e0 attirer au village d&#8217;autres personnalit\u00e9s du cin\u00e9ma, comme les r\u00e9alisateurs Henri-Georges Clouzot et Andr\u00e9 Cayatte qui pendant un temps ont aussi habit\u00e9 le village.<\/p>\n<p>A la fin de la guerre, Jacques Pr\u00e9vert et sa femme Janine louent la \u00ab Miette \u00bb, une petite maison situ\u00e9e au c\u0153ur du village, avant de s&#8217;installer \u00e0 la propri\u00e9t\u00e9 \u00ab L&#8217;Ormeau \u00bb \u00e0 la sortie du village jusqu&#8217;au milieu des ann\u00e9es 1950.<\/p>\n<p><i>Office de Tourisme de Saint-Paul de Vence&nbsp;<br><\/i><span style=\"color: #4b86c7;\"><strong>&gt; <a style=\"color: #4b86c7;\" href=\"https:\/\/www.saint-pauldevence.com\/histoire-patrimoine\/ils-ont-marque-saint-paul-de-vence\/jacques-prevert\/\" target=\"_blank\" rel=\"noopener\">Pour en savoir plus<\/a><\/strong><\/span><\/p>\n<p><\/p>\n\n\n<hr class=\"wp-block-separator has-text-color has-background has-ast-global-color-0-background-color has-ast-global-color-0-color is-style-wide\"\/>\n\n\n<h2><em>Jacques Pr\u00e9vert and Saint-Paul-de-Vence<\/em><\/h2>\n<p><em>F<\/em><em>or Jacques Pr\u00e9vert, Saint-Paul de Vence was a refuge from the hustle and bustle of the capital. For some fifteen years, he forged friendships with the greatest artists of his time, exercised his talents as a dialogue writer for the cinema and wrote perhaps his most beautiful pages in the heart of the village&#8230;<\/em><\/p>\n<p><em>Jacques Pr\u00e9vert discovered Saint-Paul de Vence in 1941, drawn to the C\u00f4te d&#8217;Azur by his work as a screenwriter for the cinema, at a time when the Victorine studios in Nice were in full swing.<\/em><\/p>\n<p><em>He set up home at &#8220;La R\u00e9sidence&#8221; (now the &#8220;Caf\u00e9 de la Place&#8221;), which at the time was a village inn, before crossing the square and taking up residence at the Colombe d&#8217;Or.<\/em><\/p>\n<p><em>In Saint-Paul, he met the painter Pablo Picasso and Paul Roux, the owner of the Colombe d&#8217;Or, with whom they formed a trio of very close friends. The many collages by Pr\u00e9vert that decorate the walls of the famous inn bear witness to this.<\/em><\/p>\n<p><em>His presence helped attract other film personalities to the village, including directors Henri-Georges Clouzot and Andr\u00e9 Cayatte, who also lived here for a time.<\/em><\/p>\n<p><em>At the end of the war, Jacques Pr\u00e9vert and his wife Janine rented &#8220;La Miette&#8221;, a small house in the heart of the village, before moving to the &#8220;L&#8217;Ormeau&#8221; estate on the outskirts of the village until the mid-1950s.<\/em><\/p>\n<p><em>Office de Tourisme de Saint-Paul de Vence<br><span style=\"color: #4b86c7;\"><strong>&gt; <a style=\"color: #4b86c7;\" href=\"https:\/\/www.saint-pauldevence.com\/en\/history\/celebrities\/jacques-prevert\/\" target=\"_blank\" rel=\"noopener\">For more information<\/a><\/strong><\/span><br><\/em><\/p>\n\n\n<div style=\"height:30px\" aria-hidden=\"true\" class=\"wp-block-spacer\"><\/div>\n\n\n\n<hr class=\"wp-block-separator has-text-color has-background has-ast-global-color-0-background-color has-ast-global-color-0-color is-style-wide\"\/>\n\n\n\n<div style=\"height:15px\" aria-hidden=\"true\" class=\"wp-block-spacer\"><\/div>\n\n\n\n<div class=\"wp-block-columns\">\n<div class=\"wp-block-column\" style=\"flex-basis:25%\"><\/div>\n\n\n\n<div class=\"wp-block-column\" style=\"flex-basis:50%\">\n<h3 class=\"\">Au hasard des oiseaux<\/h3>\n<p>J\u2019ai appris tr\u00e8s tard \u00e0 aimer les oiseaux<br \/>je le regrette un peu<br \/>mais maintenant tout est arrang\u00e9<br \/>on s\u2019est compris<br \/>ils ne s\u2019occupent pas de moi<br \/>je ne m\u2019occupe pas d\u2019eux<br \/>je les regarde<br \/>je les laisse faire<br \/>tous les oiseaux font de leur mieux<br \/>ils donnent l\u2019exemple<br \/>pas l\u2019exemple comme par exemple Monsieur Glacis<br \/>qui s\u2019est remarquablement courageusement conduit pendant la guerre ou l\u2019exemple du petit Paul qui \u00e9tait si pauvre et tellement honn\u00eate avec \u00e7a et qui est devenu plus tard le grand Paul si riche et si vieux si honorable et si affreux et si avare et si charitable et si pieux<br \/>ou par exemple cette vieille servante qui eut une vie et une mort exemplaires jamais de discussions pas \u00e7a l\u2019ongle claquant sur la dent pas \u00e7a de discussion avec monsieur ou avec madame au sujet de cette affreuse question des salaires<br \/>non<br \/>les oiseaux donnent l\u2019exemple<br \/>l\u2019exemple comme il faut<br \/>exemple des oiseaux<br \/>exemple des oiseaux<br \/>exemple les plumes les ailes le vol des oiseaux<br \/>exemple le nid les voyages et les chants des oiseaux<br \/>exemple la beaut\u00e9 des oiseaux<br \/>exemple le c\u0153ur des oiseaux<br \/>la lumi\u00e8re des oiseaux.<\/p>\n<h6 class=\"\">Jacques Pr\u00e9vert &#8211;\u00a0<i>Paroles<\/i> &#8211; copyright \u00c9ditions Gallimard<\/h6>\n<p>\u00a0<\/p>\n<\/div>\n\n\n\n<div class=\"wp-block-column\" style=\"flex-basis:25%\"><\/div>\n<\/div>\n\n\n\n<hr class=\"wp-block-separator has-text-color has-background has-ast-global-color-0-background-color has-ast-global-color-0-color is-style-wide\"\/>\n\n\n<p><strong><span style=\"color: #4b86c7;\"><a style=\"color: #4b86c7;\" href=\"https:\/\/bis-art.com\/index.php\/2023-edito-commissariat-artistique\/\">&gt; Au hasard des oiseaux &#8211; \u00c9dito commissariat artistique<\/a><\/span><\/strong><br \/><strong><a href=\"https:\/\/bis-art.com\/index.php\/2023-commissaires-artistiques\/\">&gt; Commissaires artistiques<\/a><br \/><a href=\"https:\/\/bis-art.com\/index.php\/edition2023\/\"><span style=\"color: #4b86c7;\">&gt; Retour \u00c9dition 2023<\/span><\/a><\/strong><\/p>\n<p>\u00a0<\/p>\n\n\n<div style=\"height:30px\" aria-hidden=\"true\" class=\"wp-block-spacer\"><\/div>\n\n\n\n<p><\/p>\n","protected":false},"excerpt":{"rendered":"<p>Jacques Pr\u00e9vert et Saint-Paul de Vence Pour Jacques Pr\u00e9vert, Saint-Paul de Vence \u00e9tait un refuge loin de l\u2019agitation de la capitale. Pendant une quinzaine d&#8217;ann\u00e9es, il y a tiss\u00e9 des liens d&#8217;amiti\u00e9 avec les plus grands artistes de son temps, il y a exerc\u00e9 ses talents de dialoguiste pour le cin\u00e9ma et a peut-\u00eatre \u00e9crit &hellip;<\/p>\n<p class=\"read-more\"> <a class=\"\" href=\"https:\/\/bis-art.com\/index.php\/jacques-prevert\/\"> <span class=\"screen-reader-text\">Jacques Pr\u00e9vert<\/span> Lire la suite \u00bb<\/a><\/p>\n","protected":false},"author":1,"featured_media":0,"parent":0,"menu_order":0,"comment_status":"closed","ping_status":"closed","template":"","meta":{"site-sidebar-layout":"default","site-content-layout":"default","ast-global-header-display":"","ast-main-header-display":"","ast-hfb-above-header-display":"","ast-hfb-below-header-display":"","ast-hfb-mobile-header-display":"","site-post-title":"disabled","ast-breadcrumbs-content":"","ast-featured-img":"","footer-sml-layout":"","theme-transparent-header-meta":"","adv-header-id-meta":"","stick-header-meta":"","header-above-stick-meta":"","header-main-stick-meta":"","header-below-stick-meta":""},"_links":{"self":[{"href":"https:\/\/bis-art.com\/index.php\/wp-json\/wp\/v2\/pages\/2789"}],"collection":[{"href":"https:\/\/bis-art.com\/index.php\/wp-json\/wp\/v2\/pages"}],"about":[{"href":"https:\/\/bis-art.com\/index.php\/wp-json\/wp\/v2\/types\/page"}],"author":[{"embeddable":true,"href":"https:\/\/bis-art.com\/index.php\/wp-json\/wp\/v2\/users\/1"}],"replies":[{"embeddable":true,"href":"https:\/\/bis-art.com\/index.php\/wp-json\/wp\/v2\/comments?post=2789"}],"version-history":[{"count":8,"href":"https:\/\/bis-art.com\/index.php\/wp-json\/wp\/v2\/pages\/2789\/revisions"}],"predecessor-version":[{"id":3544,"href":"https:\/\/bis-art.com\/index.php\/wp-json\/wp\/v2\/pages\/2789\/revisions\/3544"}],"wp:attachment":[{"href":"https:\/\/bis-art.com\/index.php\/wp-json\/wp\/v2\/media?parent=2789"}],"curies":[{"name":"wp","href":"https:\/\/api.w.org\/{rel}","templated":true}]}}