{"id":3050,"date":"2023-06-11T10:24:24","date_gmt":"2023-06-11T08:24:24","guid":{"rendered":"https:\/\/bis-art.com\/?page_id=3050"},"modified":"2023-06-11T11:35:04","modified_gmt":"2023-06-11T09:35:04","slug":"2023-parcours-galerie-gantois","status":"publish","type":"page","link":"https:\/\/bis-art.com\/index.php\/2023-parcours-galerie-gantois\/","title":{"rendered":"2023-Parcours-Galerie Gantois"},"content":{"rendered":"\n<div style=\"height:60px\" aria-hidden=\"true\" class=\"wp-block-spacer\"><\/div>\n\n\n<h2><span style=\"color: #4b86c7;\">Edition 2023 &#8211; <\/span><span style=\"color: #4b86c7;\">une galerie &#8211; un artiste<\/span><\/h2>\n<h2>Galerie Gantois<\/h2>\n\n\n<div style=\"height:30px\" aria-hidden=\"true\" class=\"wp-block-spacer\"><\/div>\n\n\n\n<div class=\"wp-block-columns\">\n<div class=\"wp-block-column is-vertically-aligned-top\" style=\"flex-basis:33.33%\">\n<div class=\"wp-block-image is-style-default\"><figure class=\"alignleft size-large\"><img loading=\"lazy\" width=\"1080\" height=\"1440\" src=\"https:\/\/bis-art.com\/wp-content\/uploads\/2023\/06\/GalerieGantois_NicolasLavarenne.jpg\" alt=\"\" class=\"wp-image-3051\" srcset=\"https:\/\/bis-art.com\/wp-content\/uploads\/2023\/06\/GalerieGantois_NicolasLavarenne.jpg 1080w, https:\/\/bis-art.com\/wp-content\/uploads\/2023\/06\/GalerieGantois_NicolasLavarenne-225x300.jpg 225w, https:\/\/bis-art.com\/wp-content\/uploads\/2023\/06\/GalerieGantois_NicolasLavarenne-768x1024.jpg 768w\" sizes=\"(max-width: 1080px) 100vw, 1080px\" \/><figcaption><strong>Nicolas Lavarenne<\/strong><\/figcaption><\/figure><\/div>\n\n\n\n<p><\/p>\n\n\n\n<p><b>Galerie Gantois<br><\/b>56 rue Grande<br>06570 Saint-Paul-de-Vence<br><strong><a href=\"https:\/\/www.galerie-gantois.com\/\" target=\"_blank\" rel=\"noopener\">www.galerie-gantois.com<\/a><\/strong><\/p>\n<p><\/p>\n\n\n\n<p><\/p>\n<\/div>\n\n\n\n<div class=\"wp-block-column is-vertically-aligned-top\" style=\"flex-basis:66.66%\">\n<p>La Galerie Gantois est une galerie d\u2019art unique \u00e0 Saint-Paul-de-Vence et est active depuis 1963 dans le sud de la France.<\/p>\n<p><b>La Galerie Gantois pr\u00e9sente Nicolas Lavarenne<\/b><\/p>\n<p>La recherche de Nicolas Lavarenne l&#8217;a amen\u00e9 \u00e0 des sculptures en bronze, a\u00e9riennes, comme &#8220;envol\u00e9es&#8221; par des syst\u00e8mes \u00e0 base de tripodes, d&#8217;\u00e9chasses, de tiges ou de hampes qui les propulsent vers le ciel, sorte de lignes de force, de lignes \u00e0 haute tension, fulgurantes, vigoureuses, rigoureuses, autant que minimales. Elles contrastent singuli\u00e8rement avec la complexit\u00e9 noueuse, quasi baroque du corps humain dont chaque \u00e9l\u00e9ment anatomique est variable \u00e0 l&#8217;infini au gr\u00e9 des morphologies et de la gestuelle.<\/p>\n<p>Chaque spectateur va ressentir (ou pas) dans l&#8217;\u0153uvre ce qui est en lui. Il va lui donner vie par son interpr\u00e9tation personnelle. A chacun de voir, l&#8217;artiste propose, le spectateur dispose. La g\u00e9n\u00e9rosit\u00e9 et l&#8217;humilit\u00e9 de l&#8217;artiste sont l\u00e0, elles compensent un peu tous ses d\u00e9fauts, \u00e9go\u00efsme, orgueil, m\u00e9galo etc. En exposant son travail l&#8217;artiste se met \u00e0 nu et s&#8217;offre \u00e0 la critique. Ses seuls r\u00e9conforts sont la sinc\u00e9rit\u00e9, l&#8217;histoire de l&#8217;art et s&#8217;il y a lieu la reconnaissance.<\/p>\n<p>\u00a0<\/p>\n\n\n\n<hr class=\"wp-block-separator has-text-color has-background has-ast-global-color-0-background-color has-ast-global-color-0-color is-style-wide\"\/>\n\n\n\n<p><em>Galerie Gantois is a unique art gallery in Saint-Paul-de-Vence and has been active in the south of France since 1963.<\/em><\/p>\n<p><em><b>Galerie Gantois presents Nicolas Lavarenne<\/b><\/em><\/p>\n<p><em>Nicolas Lavarenne&#8217;s research has led him to create bronze sculptures that are aerial, as if &#8216;lifted up&#8217; by systems based on tripods, stilts, rods or poles that propel them skywards, like lines of force, high-voltage lines that are dazzling, vigorous, rigorous, as much as they are minimal. They stand in stark contrast to the gnarled, almost baroque complexity of the human body, each anatomical element of which is infinitely variable according to morphology and gesture.<\/em><\/p>\n<p><em>Each spectator will feel (or not) what is inside the work. They will bring it to life through their own personal interpretation. It&#8217;s up to each person to see, the artist suggests, the spectator disposes. The artist&#8217;s generosity and humility are there to compensate to some extent for all his faults, egoism, pride, megalomania, etc. By exhibiting his work, the artist exposes himself and offers himself up to criticism. His only comforts are sincerity, art history and, if need be, recognition.<\/em><\/p>\n\n\n\n<p><\/p>\n<\/div>\n<\/div>\n\n\n\n<hr class=\"wp-block-separator has-text-color has-background has-ast-global-color-0-background-color has-ast-global-color-0-color is-style-wide\"\/>\n\n\n<p><a href=\"https:\/\/bis-art.com\/index.php\/2023-le-parcours-des-galeries\/\"><span style=\"color: #4b86c7;\"><strong>&gt; Retour &nbsp;Le parcours des galeries de Saint-Paul de Vence<\/strong><\/span><\/a><\/p>\n\n\n<div style=\"height:60px\" aria-hidden=\"true\" class=\"wp-block-spacer\"><\/div>\n","protected":false},"excerpt":{"rendered":"<p>Edition 2023 &#8211; une galerie &#8211; un artiste Galerie Gantois Galerie Gantois56 rue Grande06570 Saint-Paul-de-Vencewww.galerie-gantois.com La Galerie Gantois est une galerie d\u2019art unique \u00e0 Saint-Paul-de-Vence et est active depuis 1963 dans le sud de la France. La Galerie Gantois pr\u00e9sente Nicolas Lavarenne La recherche de Nicolas Lavarenne l&#8217;a amen\u00e9 \u00e0 des sculptures en bronze, a\u00e9riennes, &hellip;<\/p>\n<p class=\"read-more\"> <a class=\"\" href=\"https:\/\/bis-art.com\/index.php\/2023-parcours-galerie-gantois\/\"> <span class=\"screen-reader-text\">2023-Parcours-Galerie Gantois<\/span> Lire la suite \u00bb<\/a><\/p>\n","protected":false},"author":1,"featured_media":0,"parent":0,"menu_order":0,"comment_status":"closed","ping_status":"closed","template":"","meta":{"site-sidebar-layout":"default","site-content-layout":"default","ast-global-header-display":"","ast-main-header-display":"","ast-hfb-above-header-display":"","ast-hfb-below-header-display":"","ast-hfb-mobile-header-display":"","site-post-title":"disabled","ast-breadcrumbs-content":"","ast-featured-img":"","footer-sml-layout":"","theme-transparent-header-meta":"","adv-header-id-meta":"","stick-header-meta":"","header-above-stick-meta":"","header-main-stick-meta":"","header-below-stick-meta":""},"_links":{"self":[{"href":"https:\/\/bis-art.com\/index.php\/wp-json\/wp\/v2\/pages\/3050"}],"collection":[{"href":"https:\/\/bis-art.com\/index.php\/wp-json\/wp\/v2\/pages"}],"about":[{"href":"https:\/\/bis-art.com\/index.php\/wp-json\/wp\/v2\/types\/page"}],"author":[{"embeddable":true,"href":"https:\/\/bis-art.com\/index.php\/wp-json\/wp\/v2\/users\/1"}],"replies":[{"embeddable":true,"href":"https:\/\/bis-art.com\/index.php\/wp-json\/wp\/v2\/comments?post=3050"}],"version-history":[{"count":4,"href":"https:\/\/bis-art.com\/index.php\/wp-json\/wp\/v2\/pages\/3050\/revisions"}],"predecessor-version":[{"id":3114,"href":"https:\/\/bis-art.com\/index.php\/wp-json\/wp\/v2\/pages\/3050\/revisions\/3114"}],"wp:attachment":[{"href":"https:\/\/bis-art.com\/index.php\/wp-json\/wp\/v2\/media?parent=3050"}],"curies":[{"name":"wp","href":"https:\/\/api.w.org\/{rel}","templated":true}]}}