{"id":3209,"date":"2023-06-24T10:08:18","date_gmt":"2023-06-24T08:08:18","guid":{"rendered":"https:\/\/bis-art.com\/?page_id=3209"},"modified":"2024-08-02T18:49:14","modified_gmt":"2024-08-02T16:49:14","slug":"jean-marie-appriou-primordial-soup-flamingo-i-ii-iii-2023","status":"publish","type":"page","link":"https:\/\/bis-art.com\/index.php\/jean-marie-appriou-primordial-soup-flamingo-i-ii-iii-2023\/","title":{"rendered":"Jean-Marie Appriou-Primordial Soup (flamingo I, II, III), 2023"},"content":{"rendered":"\n<div style=\"height:60px\" aria-hidden=\"true\" class=\"wp-block-spacer\"><\/div>\n\n\n\n<div class=\"wp-block-columns\">\n<div class=\"wp-block-column\">\n<h2 class=\"p1\"><span style=\"color: #333333;\">Jean-Marie Appriou<\/span><br><span style=\"color: #4b86c7;\"><strong data-rich-text-format-boundary=\"true\">Primordial Soup (flamingo I, II, III), 2023<\/strong><\/span><\/h2>\n<p><\/p>\n<p>Jean-Marie Appriou d\u00e9veloppe une r\u00e9flexion autour de la sculpture dont il s\u2019approprie les savoir-faire traditionnels pour mieux les d\u00e9tourner et en \u00e9tendre les potentialit\u00e9s. Seul ou avec l\u2019aide d\u2019artisans qualifi\u00e9s, il explore \u2013 ensemble ou s\u00e9par\u00e9ment \u2013 des mat\u00e9riaux comme l\u2019aluminium, le verre, le bronze ou encore la terre cuite dans des processus non conventionnels. De ses exp\u00e9rimentations \u00e0 caract\u00e8re alchimique, \u00e9mergent des figures humaines, animales et v\u00e9g\u00e9tales qui se r\u00e9pondent et se compl\u00e8tent donnant lieu \u00e0 diff\u00e9rents sc\u00e9narios. Cet univers fantastique et merveilleux, parfois inqui\u00e9tant, se nourrit d\u2019inspirations vari\u00e9es, allant de la mythologie \u00e9gyptienne \u00e0 la peinture pr\u00e9rapha\u00e9lite, de la litt\u00e9rature de Science- Fiction au cin\u00e9ma et \u00e0 la bande dessin\u00e9e.<span class=\"Apple-converted-space\">&nbsp;<\/span><\/p>\n<p>Jean-Marie Appriou s\u2019int\u00e9resse ici \u00e0 la figure du flamant rose pour d\u00e9peindre l\u2019id\u00e9e de passage entre les \u00e9l\u00e9ments \u2013 l\u2019air et l\u2019eau \u2013 tels \u00ab des portes de la perception \u00bb.<span class=\"Apple-converted-space\">&nbsp;<\/span><\/p>\n<p>C\u2019est avec des pattes extr\u00eamement fines et des palmes exag\u00e9r\u00e9ment grandes que l\u2019artiste d\u00e9peint ces animaux, entre fragilit\u00e9 et puissance. Marchant jusqu\u2019\u00e0 mi-pattes dans une soupe primitive, ils observent ce magma de vie dont ils sont les t\u00e9moins privil\u00e9gi\u00e9s.<span class=\"Apple-converted-space\">&nbsp;<\/span><\/p>\n<p>Les flamants repr\u00e9sentent l\u2019incarnation m\u00eame d\u2019une animalit\u00e9 qui traverse les \u00e2ges g\u00e9n\u00e9tiquement \u2013 descendants des dinosaures \u2013 mais aussi les continents, guid\u00e9s par l\u2019attraction magn\u00e9tique des p\u00f4les dans leur qu\u00eate migratoire.<span class=\"Apple-converted-space\">&nbsp;<\/span><\/p>\n<p class=\"p1\">Jean-Marie Appriou est repr\u00e9sent\u00e9 par C&nbsp;L&nbsp;E&nbsp;A&nbsp;R&nbsp;I&nbsp;N&nbsp;G, Jan Kaps, MASSIMODECARLO, &nbsp; <a href=\"https:\/\/bis-art.com\/index.php\/perrotin\/\">Perrotin<\/a>, &nbsp;Galerie Eva Presenhuber.<\/p>\n<p><\/p>\n\n\n\n<hr class=\"wp-block-separator has-text-color has-background has-ast-global-color-0-background-color has-ast-global-color-0-color is-style-wide\"\/>\n\n\n\n<div class=\"page\" title=\"Page 22\">\n<div class=\"section\">\n<div class=\"layoutArea\">\n<div class=\"column\"><em style=\"font-size: 1rem;\">Jean-Marie Appriou is developing a reflection on sculpture, appropriating traditional skills to hijack them and extend their potential. Working alone or with skilled craftsmen, he explores &#8211; together or separately &#8211; materials such as aluminum, glass, bronze and terracotta in unconventional processes. His alchemical experiments produce human, animal and plant figures that respond to and complement each other, giving rise to different scenarios. This fantastic, marvellous and sometimes disturbing universe draws on a variety of inspirations, from Egyptian mythology to Pre-Raphaelite painting, from science fiction literature to cinema and comic strips.&nbsp;<\/em><\/div>\n<div class=\"column\">\n<p><em>Here, Jean-Marie Appriou uses the figure of the pink flamingo to depict the idea of passage between the elements \u2013 air and water \u2013 as \u201cdoors of perception\u201d.<span class=\"Apple-converted-space\">&nbsp;<\/span><\/em><\/p>\n<p><em>With extremely thin legs and exaggeratedly large fins, the artist depicts these animals as somewhere between fragile and powerful. Walking half-legged in a primitive soup, they observe the magma of life of which they are privileged witnesses.<span class=\"Apple-converted-space\">&nbsp;<\/span><\/em><\/p>\n<p><em>The flamingos represent the very embodiment of an animality that crosses genetic ages &#8211; descendants of the dinosaurs &#8211; but also continents, guided by the magnetic attraction of the poles in their migratory quest.<span class=\"Apple-converted-space\">&nbsp;<\/span><\/em><\/p>\n<\/div>\n<\/div>\n<\/div>\n<\/div>\n<p><em>Jean-Marie Appriou is represented by C&nbsp;L&nbsp;E&nbsp;A&nbsp;R&nbsp;I&nbsp;N&nbsp;G, Jan Kaps, MASSIMODECARLO, &nbsp; <a href=\"https:\/\/bis-art.com\/index.php\/perrotin\/\">Perrotin<\/a>, &nbsp;Galerie Eva Presenhuber. &nbsp;&nbsp;<\/em><\/p>\n<p><\/p>\n\n\n\n<hr class=\"wp-block-separator has-text-color has-background has-ast-global-color-0-background-color has-ast-global-color-0-color is-style-wide\"\/>\n\n\n\n<p><strong><a href=\"https:\/\/bis-art.com\/index.php\/jean-marie-appriou\/\">&gt; Jean-Marie Appriou<\/a><a href=\"https:\/\/bis-art.com\/index.php\/edition-2023-les-artistes\/\"><br><\/a><a href=\"https:\/\/bis-art.com\/index.php\/edition-2023-les-oeuvres\/\">&gt; Retour Liste des \u0153uvres<\/a><\/strong><\/p>\n\n\n\n<p><\/p>\n<\/div>\n\n\n\n<div class=\"wp-block-column\">\n<div class=\"page\" title=\"Page 21\">\n<div class=\"section\">\n<div class=\"layoutArea\">\n<div class=\"column\">\n<div class=\"page\" title=\"Page 13\">\n<div class=\"section\">\n<div class=\"layoutArea\">\n<div class=\"column\">\n<p style=\"text-align: right;\"><span style=\"color: #4b86c7;\"><strong>Primordial Soup (flamingo I, II, III), 2023<\/strong><\/span><br \/>Bronze<br \/>Dimensions variables \/ <em>Variable dimensions<\/em><br \/>Courtesy of the artist and Perrotin<\/p>\n<\/div>\n<\/div>\n<\/div>\n<\/div>\n<\/div>\n<\/div>\n<\/div>\n<\/div>\n\n\n\n<p><\/p>\n<\/div>\n<\/div>\n\n\n\n<div style=\"height:60px\" aria-hidden=\"true\" class=\"wp-block-spacer\"><\/div>\n","protected":false},"excerpt":{"rendered":"<p>Jean-Marie AppriouPrimordial Soup (flamingo I, II, III), 2023 Jean-Marie Appriou d\u00e9veloppe une r\u00e9flexion autour de la sculpture dont il s\u2019approprie les savoir-faire traditionnels pour mieux les d\u00e9tourner et en \u00e9tendre les potentialit\u00e9s. Seul ou avec l\u2019aide d\u2019artisans qualifi\u00e9s, il explore \u2013 ensemble ou s\u00e9par\u00e9ment \u2013 des mat\u00e9riaux comme l\u2019aluminium, le verre, le bronze ou encore &hellip;<\/p>\n<p class=\"read-more\"> <a class=\"\" href=\"https:\/\/bis-art.com\/index.php\/jean-marie-appriou-primordial-soup-flamingo-i-ii-iii-2023\/\"> <span class=\"screen-reader-text\">Jean-Marie Appriou-Primordial Soup (flamingo I, II, III), 2023<\/span> Lire la suite \u00bb<\/a><\/p>\n","protected":false},"author":1,"featured_media":0,"parent":0,"menu_order":0,"comment_status":"closed","ping_status":"closed","template":"","meta":{"site-sidebar-layout":"default","site-content-layout":"default","ast-global-header-display":"","ast-main-header-display":"","ast-hfb-above-header-display":"","ast-hfb-below-header-display":"","ast-hfb-mobile-header-display":"","site-post-title":"disabled","ast-breadcrumbs-content":"","ast-featured-img":"","footer-sml-layout":"","theme-transparent-header-meta":"","adv-header-id-meta":"","stick-header-meta":"","header-above-stick-meta":"","header-main-stick-meta":"","header-below-stick-meta":""},"_links":{"self":[{"href":"https:\/\/bis-art.com\/index.php\/wp-json\/wp\/v2\/pages\/3209"}],"collection":[{"href":"https:\/\/bis-art.com\/index.php\/wp-json\/wp\/v2\/pages"}],"about":[{"href":"https:\/\/bis-art.com\/index.php\/wp-json\/wp\/v2\/types\/page"}],"author":[{"embeddable":true,"href":"https:\/\/bis-art.com\/index.php\/wp-json\/wp\/v2\/users\/1"}],"replies":[{"embeddable":true,"href":"https:\/\/bis-art.com\/index.php\/wp-json\/wp\/v2\/comments?post=3209"}],"version-history":[{"count":8,"href":"https:\/\/bis-art.com\/index.php\/wp-json\/wp\/v2\/pages\/3209\/revisions"}],"predecessor-version":[{"id":3558,"href":"https:\/\/bis-art.com\/index.php\/wp-json\/wp\/v2\/pages\/3209\/revisions\/3558"}],"wp:attachment":[{"href":"https:\/\/bis-art.com\/index.php\/wp-json\/wp\/v2\/media?parent=3209"}],"curies":[{"name":"wp","href":"https:\/\/api.w.org\/{rel}","templated":true}]}}