{"id":3416,"date":"2023-07-10T17:11:26","date_gmt":"2023-07-10T15:11:26","guid":{"rendered":"https:\/\/bis-art.com\/?page_id=3416"},"modified":"2024-08-03T09:46:32","modified_gmt":"2024-08-03T07:46:32","slug":"xavier-veilhan-loiseau-n3-2021","status":"publish","type":"page","link":"https:\/\/bis-art.com\/index.php\/xavier-veilhan-loiseau-n3-2021\/","title":{"rendered":"Xavier Veilhan &#8211; L&#8217;oiseau n\u00b03, 2021"},"content":{"rendered":"\n<div style=\"height:60px\" aria-hidden=\"true\" class=\"wp-block-spacer\"><\/div>\n\n\n\n<div class=\"wp-block-columns\">\n<div class=\"wp-block-column\">\n<h2><span style=\"color: #333333;\">Xavier Veilhan<br><\/span><span style=\"color: #4b86c7;\">L&#8217;oiseau n\u00b03, 2021<span class=\"Apple-converted-space\">&nbsp;<\/span><\/span><\/h2>\n<h2><span style=\"color: #333333;\">&nbsp;<\/span><\/h2>\n<p><\/p>\n<p>L\u2019oiseau est un sujet r\u00e9current dans l\u2019oeuvre de Xavier Veilhan depuis ses premi\u00e8res expositions au d\u00e9but des ann\u00e9es 90. L\u2019int\u00e9r\u00eat pour les oiseaux vient de leur proximit\u00e9. Ce sont des animaux sauvages mais urbains principalement, qui cohabitent les villes avec nous.<span class=\"Apple-converted-space\">&nbsp;<\/span><\/p>\n<p>Les recherches sur la repr\u00e9sentation et l\u2019\u00e9chelle de formes souvent arch\u00e9typales sont illustr\u00e9es ici par une repr\u00e9sentation non symbolique et presque anodine de l\u2019animal.<span class=\"Apple-converted-space\">&nbsp;<\/span><\/p>\n<p>En combinant les formes multiples de passereaux appara\u00eet une forme g\u00e9n\u00e9rique de l\u2019oiseau. Elle t\u00e9moigne de la puissance de notre imaginaire collectif et de ses liens ind\u00e9niables avec le langage : le mot \u00ab oiseau \u00bb d\u00e9finit \u00e0 lui seul l\u2019image et limite l\u2019espace.<span class=\"Apple-converted-space\">&nbsp;<\/span><\/p>\n<p>Xavier Veilhan est repr\u00e9sent\u00e9 par <a href=\"https:\/\/bis-art.com\/index.php\/perrotin\/\">Perrotin<\/a><\/p>\n<p><\/p>\n\n\n\n<hr class=\"wp-block-separator has-text-color has-background has-ast-global-color-0-background-color has-ast-global-color-0-color is-style-wide\"\/>\n\n\n\n<div class=\"page\" title=\"Page 22\">\n<div class=\"section\">\n<div class=\"layoutArea\">\n<div class=\"column\">\n<p><em>Birds have been a recurring theme in Xavier Veilhan\u2019s work since his first exhibitions in the early 1990s. His interest in birds stems from their proximity. They are wild, but mainly urban animals that live in cities with us.<span class=\"Apple-converted-space\">&nbsp;<\/span><\/em><\/p>\n<p><em>His research into the representation and scale of often archetypal forms is illustrated here by a non-symbolic and almost innocuous representation of the animal.<span class=\"Apple-converted-space\">&nbsp;<\/span><\/em><\/p>\n<p><em>By combining the multiple shapes of passerines, a generic form of the bird emerges. It testifies to the power of our collective imagination and its undeniable links with language: the word \u2018bird\u2019 alone defines the image and limits the space.<span class=\"Apple-converted-space\">&nbsp;<\/span><\/em><\/p>\n<p><em>Xavier Veilhan is represented by <a href=\"https:\/\/bis-art.com\/index.php\/perrotin\/\">Perrotin<\/a><\/em><\/p>\n<p><\/p>\n<\/div>\n<\/div>\n<\/div>\n<\/div>\n\n\n\n<hr class=\"wp-block-separator has-text-color has-background has-ast-global-color-0-background-color has-ast-global-color-0-color is-style-wide\"\/>\n\n\n\n<p><strong><span style=\"color: #4b86c7;\"><a href=\"https:\/\/bis-art.com\/index.php\/xavier-veilhan\/\"><span style=\"color: #4b86c7;\">&gt; Xavier Veilhan<\/span><\/a><br><\/span><a href=\"https:\/\/bis-art.com\/index.php\/edition-2023-les-oeuvres\/\">&gt; Retour Liste des \u0153uvres<\/a><\/strong><\/p>\n\n\n\n<p><\/p>\n<\/div>\n\n\n\n<div class=\"wp-block-column\">\n<div class=\"page\" title=\"Page 21\">\n<div class=\"section\">\n<div class=\"layoutArea\">\n<div class=\"column\">\n<div class=\"page\" title=\"Page 13\">\n<div class=\"section\">\n<div class=\"layoutArea\">\n<div class=\"column\">\n<p style=\"text-align: right;\"><span style=\"color: #4b86c7;\"><strong>L\u2019Oiseau n\u00b03, 2021<\/strong><\/span><span class=\"Apple-converted-space\"><span style=\"color: #4b86c7;\"><strong>\u00a0<\/strong><\/span><br \/><\/span>Aluminium, peinture polyur\u00e9thane, inox<span class=\"Apple-converted-space\">\u00a0<br \/><\/span>Aluminium, polyurethane paint, stainless steel<span class=\"Apple-converted-space\">\u00a0<br \/><\/span>166 x 234 x 81 cm<span class=\"Apple-converted-space\">\u00a0<br \/><\/span>Courtesy of the artist and Perrotin<span class=\"Apple-converted-space\">\u00a0<br \/><\/span>\u00a9 Xavier Veilhan \/ L\u2019Oiseau n\u00b03, ADAGP, Paris, 2021<span class=\"Apple-converted-space\">\u00a0<\/span><\/p>\n<\/div>\n<\/div>\n<\/div>\n<\/div>\n<\/div>\n<\/div>\n<\/div>\n<\/div>\n<\/div>\n<\/div>\n\n\n\n<div style=\"height:60px\" aria-hidden=\"true\" class=\"wp-block-spacer\"><\/div>\n","protected":false},"excerpt":{"rendered":"<p>Xavier VeilhanL&#8217;oiseau n\u00b03, 2021&nbsp; &nbsp; L\u2019oiseau est un sujet r\u00e9current dans l\u2019oeuvre de Xavier Veilhan depuis ses premi\u00e8res expositions au d\u00e9but des ann\u00e9es 90. L\u2019int\u00e9r\u00eat pour les oiseaux vient de leur proximit\u00e9. Ce sont des animaux sauvages mais urbains principalement, qui cohabitent les villes avec nous.&nbsp; Les recherches sur la repr\u00e9sentation et l\u2019\u00e9chelle de formes &hellip;<\/p>\n<p class=\"read-more\"> <a class=\"\" href=\"https:\/\/bis-art.com\/index.php\/xavier-veilhan-loiseau-n3-2021\/\"> <span class=\"screen-reader-text\">Xavier Veilhan &#8211; L&#8217;oiseau n\u00b03, 2021<\/span> Lire la suite \u00bb<\/a><\/p>\n","protected":false},"author":1,"featured_media":0,"parent":0,"menu_order":0,"comment_status":"closed","ping_status":"closed","template":"","meta":{"site-sidebar-layout":"default","site-content-layout":"default","ast-global-header-display":"","ast-main-header-display":"","ast-hfb-above-header-display":"","ast-hfb-below-header-display":"","ast-hfb-mobile-header-display":"","site-post-title":"disabled","ast-breadcrumbs-content":"","ast-featured-img":"","footer-sml-layout":"","theme-transparent-header-meta":"","adv-header-id-meta":"","stick-header-meta":"","header-above-stick-meta":"","header-main-stick-meta":"","header-below-stick-meta":""},"_links":{"self":[{"href":"https:\/\/bis-art.com\/index.php\/wp-json\/wp\/v2\/pages\/3416"}],"collection":[{"href":"https:\/\/bis-art.com\/index.php\/wp-json\/wp\/v2\/pages"}],"about":[{"href":"https:\/\/bis-art.com\/index.php\/wp-json\/wp\/v2\/types\/page"}],"author":[{"embeddable":true,"href":"https:\/\/bis-art.com\/index.php\/wp-json\/wp\/v2\/users\/1"}],"replies":[{"embeddable":true,"href":"https:\/\/bis-art.com\/index.php\/wp-json\/wp\/v2\/comments?post=3416"}],"version-history":[{"count":2,"href":"https:\/\/bis-art.com\/index.php\/wp-json\/wp\/v2\/pages\/3416\/revisions"}],"predecessor-version":[{"id":3589,"href":"https:\/\/bis-art.com\/index.php\/wp-json\/wp\/v2\/pages\/3416\/revisions\/3589"}],"wp:attachment":[{"href":"https:\/\/bis-art.com\/index.php\/wp-json\/wp\/v2\/media?parent=3416"}],"curies":[{"name":"wp","href":"https:\/\/api.w.org\/{rel}","templated":true}]}}

<div style="height:60px" aria-hidden="true" class="wp-block-spacer"></div>



<div class="wp-block-columns">
<div class="wp-block-column">
<h2><span style="color: #333333;">Xavier Veilhan<br></span><span style="color: #4b86c7;">L&#8217;oiseau n°3, 2021<span class="Apple-converted-space">&nbsp;</span></span></h2>
<h2><span style="color: #333333;">&nbsp;</span></h2>
<p></p>
<p>L’oiseau est un sujet récurrent dans l’oeuvre de Xavier Veilhan depuis ses premières expositions au début des années 90. L’intérêt pour les oiseaux vient de leur proximité. Ce sont des animaux sauvages mais urbains principalement, qui cohabitent les villes avec nous.<span class="Apple-converted-space">&nbsp;</span></p>
<p>Les recherches sur la représentation et l’échelle de formes souvent archétypales sont illustrées ici par une représentation non symbolique et presque anodine de l’animal.<span class="Apple-converted-space">&nbsp;</span></p>
<p>En combinant les formes multiples de passereaux apparaît une forme générique de l’oiseau. Elle témoigne de la puissance de notre imaginaire collectif et de ses liens indéniables avec le langage : le mot « oiseau » définit à lui seul l’image et limite l’espace.<span class="Apple-converted-space">&nbsp;</span></p>
<p>Xavier Veilhan est représenté par <a href="https://bis-art.com/index.php/perrotin/">Perrotin</a></p>
<p></p>



<hr class="wp-block-separator has-text-color has-background has-ast-global-color-0-background-color has-ast-global-color-0-color is-style-wide"/>



<div class="page" title="Page 22">
<div class="section">
<div class="layoutArea">
<div class="column">
<p><em>Birds have been a recurring theme in Xavier Veilhan’s work since his first exhibitions in the early 1990s. His interest in birds stems from their proximity. They are wild, but mainly urban animals that live in cities with us.<span class="Apple-converted-space">&nbsp;</span></em></p>
<p><em>His research into the representation and scale of often archetypal forms is illustrated here by a non-symbolic and almost innocuous representation of the animal.<span class="Apple-converted-space">&nbsp;</span></em></p>
<p><em>By combining the multiple shapes of passerines, a generic form of the bird emerges. It testifies to the power of our collective imagination and its undeniable links with language: the word ‘bird’ alone defines the image and limits the space.<span class="Apple-converted-space">&nbsp;</span></em></p>
<p><em>Xavier Veilhan is represented by <a href="https://bis-art.com/index.php/perrotin/">Perrotin</a></em></p>
<p></p>
</div>
</div>
</div>
</div>



<hr class="wp-block-separator has-text-color has-background has-ast-global-color-0-background-color has-ast-global-color-0-color is-style-wide"/>



<p><strong><span style="color: #4b86c7;"><a href="https://bis-art.com/index.php/xavier-veilhan/"><span style="color: #4b86c7;">&gt; Xavier Veilhan</span></a><br></span><a href="https://bis-art.com/index.php/edition-2023-les-oeuvres/">&gt; Retour Liste des œuvres</a></strong></p>



<p></p>
</div>



<div class="wp-block-column">
<div class="page" title="Page 21">
<div class="section">
<div class="layoutArea">
<div class="column">
<div class="page" title="Page 13">
<div class="section">
<div class="layoutArea">
<div class="column">
<p style="text-align: right;"><span style="color: #4b86c7;"><strong>L’Oiseau n°3, 2021</strong></span><span class="Apple-converted-space"><span style="color: #4b86c7;"><strong> </strong></span><br /></span>Aluminium, peinture polyuréthane, inox<span class="Apple-converted-space"> <br /></span>Aluminium, polyurethane paint, stainless steel<span class="Apple-converted-space"> <br /></span>166 x 234 x 81 cm<span class="Apple-converted-space"> <br /></span>Courtesy of the artist and Perrotin<span class="Apple-converted-space"> <br /></span>© Xavier Veilhan / L’Oiseau n°3, ADAGP, Paris, 2021<span class="Apple-converted-space"> </span></p>
</div>
</div>
</div>
</div>
</div>
</div>
</div>
</div>
</div>
</div>



<div style="height:60px" aria-hidden="true" class="wp-block-spacer"></div>

<p>Xavier VeilhanL&#8217;oiseau n°3, 2021&nbsp; &nbsp; L’oiseau est un sujet récurrent dans l’oeuvre de Xavier Veilhan depuis ses premières expositions au début des années 90. L’intérêt pour les oiseaux vient de leur proximité. Ce sont des animaux sauvages mais urbains principalement, qui cohabitent les villes avec nous.&nbsp; Les recherches sur la représentation et l’échelle de formes &hellip;</p>
<p class="read-more"> <a class="" href="https://bis-art.com/index.php/xavier-veilhan-loiseau-n3-2021/"> <span class="screen-reader-text">Xavier Veilhan &#8211; L&#8217;oiseau n°3, 2021</span> Lire la suite »</a></p>
