{"id":727,"date":"2021-02-14T16:41:06","date_gmt":"2021-02-14T15:41:06","guid":{"rendered":"http:\/\/bis-art.com\/?page_id=727"},"modified":"2023-01-04T16:18:57","modified_gmt":"2023-01-04T15:18:57","slug":"devenir-mecene","status":"publish","type":"page","link":"https:\/\/bis-art.com\/index.php\/devenir-mecene\/","title":{"rendered":"Devenir M\u00e9c\u00e8ne"},"content":{"rendered":"\n<div style=\"height:60px\" aria-hidden=\"true\" class=\"wp-block-spacer\"><\/div>\n\n\n<h2 style=\"text-align: left;\"><strong>Devenez notre partenaire<\/strong><\/h2>\n\n\n<div class=\"wp-block-columns\">\n<div class=\"wp-block-column\">\n<p>Parce que votre entreprise souhaite affirmer son attachement \u00e0 l\u2019environnement culturel et social, vous aspirez \u00e0 investir pour l\u2019int\u00e9r\u00eat g\u00e9n\u00e9ral. En choisissant de vous associer \u00e0 la B.I.S, vous collaborez \u00e0 ce projet culturel ambitieux et \u0153uvrez en faveur de la cr\u00e9ation contemporaine et de sa diffusion.<\/p>\n<p><strong><span style=\"color: #4b86c7;\">Soutenez la cr\u00e9ation artistique<\/span><\/strong><\/p>\n<p>En devenant m\u00e9c\u00e8ne de la Biennale, vous contribuez \u00e0 d\u00e9velopper une programmation artistique riche, vari\u00e9e et ambitieuse. Vous \u00eates au c\u0153ur de la nouveaut\u00e9 cr\u00e9ative.<span class=\"Apple-converted-space\">\u00a0<\/span><\/p>\n<p><span style=\"color: #4b86c7;\"><strong>Donnez du sens<\/strong><\/span><\/p>\n<p>Vous affirmez vos valeurs en vous faisant le porte-parole d\u2019un dialogue culturel ouvert \u00e0 tous. Vous accompagnez des projets de partage et de coop\u00e9ration innovants. Vous cr\u00e9ez du lien social au travers de m\u00e9diations qui favorisent l\u2019acc\u00e8s d\u2019un large public \u00e0 la culture.<\/p>\n<p><strong><span style=\"color: #4b86c7;\">Soyez visible<\/span><\/strong><\/p>\n<p>Vous associez l\u2019image de votre entreprise \u00e0 l\u2019excellence et au dynamisme de la Biennale, et affirmez votre image cr\u00e9ative, ouverte et r\u00e9solument actuelle. Les manifestations pluridisciplinaires et la renomm\u00e9e mondiale des artistes choisis, vous permettront de rayonner avec nous sur un plan national et international.<\/p>\n<p><strong><span style=\"color: #4b86c7;\">Cr\u00e9ez des relations privil\u00e9gi\u00e9es<\/span><\/strong><\/p>\n<p>Vous rejoignez les partenaires qui ont soutenu la Biennale de Saint-Paul de Vence depuis 2018 et qui lui ont permis d\u2019exister et de perdurer, Vous int\u00e9grez un r\u00e9seau unique o\u00f9 artistes, partenaires institutionnels et entreprises tissent des liens propices \u00e0 leur r\u00e9ussite. Vous offrez la possibilit\u00e9 \u00e0 vos \u00e9quipes et \u00e0 vos r\u00e9seaux de partager des moments rares en b\u00e9n\u00e9ficiant de notre programme de remerciements.<br \/>\u00a0<\/p>\n\n\n\n<hr class=\"wp-block-separator has-text-color has-background has-ast-global-color-0-background-color has-ast-global-color-0-color is-style-wide\"\/>\n\n\n\n<p style=\"padding-left: 40px;\"><span style=\"color: #4b86c7;\"><strong>La Biennale en quelques chiffres<br \/><\/strong><\/span>2 \u00e9ditions en 2018 et 2021<br \/>15 \u00e0 18 oeuvres dans l\u2019espace public de Saint-Paul de Vence, lieu d\u2019exception<br \/>1 million de visiteurs<br \/>Des rencontres et des \u00e9v\u00e8nements autour de l\u2019exposition<br \/>Plus de 200 articles de presse en France comme \u00e0 l\u2019\u00e9tranger<br \/>Un large relais sur le web et les r\u00e9seaux sociaux<br \/>\u00a0<\/p>\n\n\n\n<hr class=\"wp-block-separator has-text-color has-background has-ast-global-color-0-background-color has-ast-global-color-0-color is-style-wide\"\/>\n\n\n\n<h4><span style=\"color: #4b86c7;\"><strong>T\u00e9l\u00e9chargez notre dossier m\u00e9c\u00e9nat<\/strong><\/span><\/h4>\n\n\n\n<div class=\"wp-block-file\"><a href=\"https:\/\/bis-art.com\/wp-content\/uploads\/2023\/01\/BIS-Dossier-mecenat-2023.pdf\">BIS &#8211; Dossier de pr\u00e9sentation du m\u00e9c\u00e9nat &#8211; \u00e9t\u00e9 2023<\/a><a href=\"https:\/\/bis-art.com\/wp-content\/uploads\/2023\/01\/BIS-Dossier-mecenat-2023.pdf\" class=\"wp-block-file__button\" download>T\u00e9l\u00e9charger<\/a><\/div>\n<\/div>\n\n\n\n<div class=\"wp-block-column\">\n<hr class=\"wp-block-separator has-text-color has-background has-ast-global-color-0-background-color has-ast-global-color-0-color is-style-wide\"\/>\n\n\n\n<p style=\"text-align: left; padding-left: 40px;\"><span style=\"color: #4b86c7;\"><strong>M\u00e9c\u00e9nat Financier<\/strong><\/span><br \/>Soutenez un projet de la Biennale Internationale de Saint-Paul de Vence en participant \u00e0 son financement par un don en num\u00e9raire.<\/p>\n<p style=\"text-align: left; padding-left: 40px;\"><span style=\"color: #4b86c7;\"><strong>M\u00e9c\u00e9nat en Nature<\/strong><\/span><br \/>Contribuez \u00e0 un projet de la Biennale Internationale de Saint-Paul de Vence en apportant un soutien mat\u00e9riel ou une prestation de service.<\/p>\n<p style=\"text-align: left; padding-left: 40px;\"><span style=\"color: #b12763;\">\u200b<span style=\"color: #4b86c7;\"><strong>M\u00e9c\u00e9nat de Comp\u00e9tences<\/strong><\/span><\/span><br \/>Mobilisez les comp\u00e9tences de vos salari\u00e9s sur un projet de la Biennale Internationale de Saint-Paul de Vence.\u00a0<br \/>\u00a0<\/p>\n\n\n\n<hr class=\"wp-block-separator has-text-color has-background has-ast-global-color-0-background-color has-ast-global-color-0-color is-style-wide\"\/>\n\n\n\n<p><strong><span style=\"color: #4b86c7;\">Choisissez votre partenariat et votre degr\u00e9 d\u2019implication<br \/><\/span><\/strong>Imaginez un partenariat qui vous ressemble. Quel que soit le montant de votre don, des op\u00e9rations de m\u00e9c\u00e9nat sur mesure vous sont propos\u00e9es. Des avantages et des contreparties sont imagin\u00e9s en fonction de vos attentes.<span class=\"Apple-converted-space\">\u00a0<\/span><\/p>\n<p><span style=\"color: #4b86c7;\"><strong>Communication<\/strong><\/span><\/p>\n<ul>\n<li>une visibilit\u00e9 sur les supports de communication de la Biennale (affiches, banni\u00e8res, d\u00e9pliants, catalogue, &#8230;)<span class=\"Apple-converted-space\">\u00a0<br \/><\/span>une pr\u00e9sentation de votre entreprise sur notre site internet et nos r\u00e9seaux sociaux<\/li>\n<li>une valorisation de notre partenariat aupr\u00e8s de l\u2019ensemble de la presse.<\/li>\n<\/ul>\n<p><span style=\"color: #4b86c7;\"><strong>Exclusivit\u00e9<br \/><\/strong><\/span>De nombreuses propositions adapt\u00e9es \u00e0 vos clients et \u00e0 vos collaborateurs pour b\u00e9n\u00e9ficier :<\/p>\n<ul>\n<li>de visites priv\u00e9es des lieux d\u2019expositions<span class=\"Apple-converted-space\">\u00a0<\/span><\/li>\n<li>de rencontres avec les artistes invit\u00e9s \u00e0 la Biennale<\/li>\n<li>d\u2019un acc\u00e8s au carr\u00e9 VIP lors du vernissage.<\/li>\n<\/ul>\n<p><span style=\"color: #4b86c7;\"><strong>Acc\u00e8s privil\u00e9gi\u00e9<br \/><\/strong><\/span>Dans un cadre exceptionnel, entre ses remparts, sa mythique place \u00abdu jeu de boules\u00bb et bien d\u2019autres endroits cach\u00e9s, le village de Saint-Paul de Vence vous propose un \u00e9crin pour vos op\u00e9rations de relations publiques. Nous pourrons accueillir vos soir\u00e9es priv\u00e9es dans des espaces privatis\u00e9s prestigieux.<\/p>\n<p>Et encore bien d\u2019autres contreparties \u00e0 imaginer ensemble\u2026<br \/>\u00a0<\/p>\n\n\n\n<hr class=\"wp-block-separator has-text-color has-background has-ast-global-color-0-background-color has-ast-global-color-0-color is-style-wide\"\/>\n\n\n\n<p>Et contactez-nous pour plus de renseignements \u00a0<span style=\"color: #4b86c7;\"><strong><a style=\"color: #4b86c7;\" href=\"mailto:bis@bis-art.com\">&gt; bis@bis-art.com<\/a><\/strong><\/span><\/p>\n<\/div>\n<\/div>\n\n\n\n<div style=\"height:100px\" aria-hidden=\"true\" class=\"wp-block-spacer\"><\/div>\n","protected":false},"excerpt":{"rendered":"<p>Devenez notre partenaire Parce que votre entreprise souhaite affirmer son attachement \u00e0 l\u2019environnement culturel et social, vous aspirez \u00e0 investir pour l\u2019int\u00e9r\u00eat g\u00e9n\u00e9ral. En choisissant de vous associer \u00e0 la B.I.S, vous collaborez \u00e0 ce projet culturel ambitieux et \u0153uvrez en faveur de la cr\u00e9ation contemporaine et de sa diffusion. Soutenez la cr\u00e9ation artistique En &hellip;<\/p>\n<p class=\"read-more\"> <a class=\"\" href=\"https:\/\/bis-art.com\/index.php\/devenir-mecene\/\"> <span class=\"screen-reader-text\">Devenir M\u00e9c\u00e8ne<\/span> Lire la suite \u00bb<\/a><\/p>\n","protected":false},"author":1,"featured_media":0,"parent":0,"menu_order":0,"comment_status":"closed","ping_status":"closed","template":"","meta":{"site-sidebar-layout":"default","site-content-layout":"default","ast-global-header-display":"","ast-main-header-display":"","ast-hfb-above-header-display":"","ast-hfb-below-header-display":"","ast-hfb-mobile-header-display":"","site-post-title":"disabled","ast-breadcrumbs-content":"","ast-featured-img":"","footer-sml-layout":"","theme-transparent-header-meta":"default","adv-header-id-meta":"","stick-header-meta":"default","header-above-stick-meta":"","header-main-stick-meta":"","header-below-stick-meta":""},"_links":{"self":[{"href":"https:\/\/bis-art.com\/index.php\/wp-json\/wp\/v2\/pages\/727"}],"collection":[{"href":"https:\/\/bis-art.com\/index.php\/wp-json\/wp\/v2\/pages"}],"about":[{"href":"https:\/\/bis-art.com\/index.php\/wp-json\/wp\/v2\/types\/page"}],"author":[{"embeddable":true,"href":"https:\/\/bis-art.com\/index.php\/wp-json\/wp\/v2\/users\/1"}],"replies":[{"embeddable":true,"href":"https:\/\/bis-art.com\/index.php\/wp-json\/wp\/v2\/comments?post=727"}],"version-history":[{"count":14,"href":"https:\/\/bis-art.com\/index.php\/wp-json\/wp\/v2\/pages\/727\/revisions"}],"predecessor-version":[{"id":2119,"href":"https:\/\/bis-art.com\/index.php\/wp-json\/wp\/v2\/pages\/727\/revisions\/2119"}],"wp:attachment":[{"href":"https:\/\/bis-art.com\/index.php\/wp-json\/wp\/v2\/media?parent=727"}],"curies":[{"name":"wp","href":"https:\/\/api.w.org\/{rel}","templated":true}]}}