{"id":894,"date":"2021-03-19T17:52:59","date_gmt":"2021-03-19T16:52:59","guid":{"rendered":"http:\/\/bis-art.com\/?page_id=894"},"modified":"2024-08-03T10:06:54","modified_gmt":"2024-08-03T08:06:54","slug":"saint-paul-de-vence","status":"publish","type":"page","link":"https:\/\/bis-art.com\/index.php\/saint-paul-de-vence\/","title":{"rendered":"Saint-Paul de Vence"},"content":{"rendered":"\n<div style=\"height:60px\" aria-hidden=\"true\" class=\"wp-block-spacer\"><\/div>\n\n\n\n<div class=\"wp-block-columns\">\n<div class=\"wp-block-column\" style=\"flex-basis:33.33%\">\n<h2>Saint-Paul de Vence<\/h2>\n<p><\/p>\n\n\n\n<figure class=\"wp-block-image size-large\"><img loading=\"lazy\" width=\"512\" height=\"512\" src=\"https:\/\/bis-art.com\/wp-content\/uploads\/2023\/06\/12_2_James_WEBB_Theres_No_Place_Called_Home_2004_Courtesy_of_the_artist_and_Imane_Fares_Paris_Photo_Frederic_PASQUINI.jpeg\" alt=\"\" class=\"wp-image-3206\" srcset=\"https:\/\/bis-art.com\/wp-content\/uploads\/2023\/06\/12_2_James_WEBB_Theres_No_Place_Called_Home_2004_Courtesy_of_the_artist_and_Imane_Fares_Paris_Photo_Frederic_PASQUINI.jpeg 512w, https:\/\/bis-art.com\/wp-content\/uploads\/2023\/06\/12_2_James_WEBB_Theres_No_Place_Called_Home_2004_Courtesy_of_the_artist_and_Imane_Fares_Paris_Photo_Frederic_PASQUINI-300x300.jpeg 300w, https:\/\/bis-art.com\/wp-content\/uploads\/2023\/06\/12_2_James_WEBB_Theres_No_Place_Called_Home_2004_Courtesy_of_the_artist_and_Imane_Fares_Paris_Photo_Frederic_PASQUINI-150x150.jpeg 150w\" sizes=\"(max-width: 512px) 100vw, 512px\" \/><\/figure>\n\n\n\n<div style=\"height:20px\" aria-hidden=\"true\" class=\"wp-block-spacer\"><\/div>\n\n\n\n<p>Pour en savoir plus<\/p>\n<h3><span style=\"color: #4b86c7;\"><a style=\"color: #4b86c7;\" href=\"http:\/\/www.saint-pauldevence.com\/\" target=\"_blank\" rel=\"noopener\">Office de&nbsp;Tourisme de Saint-Paul de Vence<\/a><\/span><\/h3>\n<h3><a href=\"https:\/\/saintpauldevence.org\" target=\"_blank\" rel=\"noopener\"><span style=\"color: #4b86c7;\">Commune de Saint-Paul de Vence<\/span><\/a><\/h3>\n<\/div>\n\n\n\n<div class=\"wp-block-column\" style=\"flex-basis:66.66%\">\n<p><strong><u>\u200b<\/u><\/strong>Saint-Paul dresse sa proue sur les vallons qui, en quelques vagues de terre, conduisent \u00e0 une M\u00e9diterran\u00e9e toute proche.<\/p>\n<p>Des Ligures \u00e0 Fran\u00e7ois 1er, l&#8217;histoire a construit ce village. le temps a \u00e9t\u00e9 cl\u00e9ment, pour une fois les hommes n&#8217;ont rien g\u00e2ch\u00e9 et les maisons serr\u00e9es dans les remparts ont conserv\u00e9 leur visage de pierres recuites au soleil et leurs tuiles rong\u00e9es de sel.<\/p>\n<p>\u200bEntre ses fa\u00e7ades rapproch\u00e9es, l&#8217;\u00e9troite rue qui garde les ombres et les parfums saisonniers, a vu s&#8217;ouvrir quelques boutiques : le vieil \u00e9picier, marchand de tout et de cartes postales, qui fait bien mal ses additions, mais dont le fils aura du bien ; les deux antiquaires, voisins et concurrents, la dresseuse de chapeaux, le coiffeur ; et, plus haut, car la rue a des hauts et des bas, comme la vie, Jacques le tisserand qui fait sortir de ses m\u00e9tiers si propres et si lustr\u00e9s, les \u00e9charpes et les tissus de laine que vous retrouverez peut-\u00eatre chez Lanvin. (&#8230;)&nbsp;<\/p>\n<p>\u200bQuelques pas encore, voici la maison d&#8217;Andr\u00e9 Verdet, l&#8217;ami de Jacques Pr\u00e9vert, tendre et fragile po\u00e8te qui sut se durcir dans la guerre clandestine et que la Gestapo conduisit \u00e0 l&#8217;amer exil de Buchenwald. De l\u00e0-bas, il pensait \u00e0 son village :<\/p>\n<p><em>&#8220;Quand enfin notre mas rentrerait \u00e0 son port<br><\/em><em>Dans le dernier rayon du dernier cr\u00e9puscule,<br><\/em><em>Un bonheur sourirait calme comme la mort<br><\/em><em>Posant dans nos coeurs purs une ivre libellule.&#8221; (&#8230;)<\/em><\/p>\n<p>Vous pensez&nbsp;bien que le plus joli village de la C\u00f4te n&#8217;est pas pass\u00e9&nbsp;inaper\u00e7u du touriste. Depuis vingt ans, tout ce que Paris compte de gloires : rois en exil, grands ducs en tourn\u00e9e, \u00e9toiles du th\u00e9\u00e2tre, de la litt\u00e9rature, de la&nbsp;politique, de la finance, y sont venus go\u00fbter le vin, le soleil et les nuits. &nbsp;(&#8230;)<\/p>\n<p>Mais Saint-Paul&nbsp;avait un autre destin que celui-l\u00e0, les peintres sont venus, ils ont vu, ils ont \u00e9t\u00e9 conquis. (&#8230;) &nbsp;Ils ont \u00e9t\u00e9 les h\u00f4tes et souvent les invit\u00e9s de Paul Roux \u00e0 la&nbsp;Colombe&nbsp;d&#8217;Or. Ce diable d&#8217;homme a donn\u00e9 \u00e0 son village natal une aur\u00e9ole qui vaut bien celle de Montparnassse, de&nbsp;Montmartre de Barbizon ou du&nbsp;Poldu. (&#8230;)<\/p>\n<p>\u200bCeux du pays, les quelques cinq cents Saint-Paulois qui voient&nbsp;d\u00e9filer tant de voitures rutilantes, tant de shorts et tant de&nbsp;fourrures, selon la saison, ne s&#8217;en \u00e9tonnent pas. Ces sages vivent sagement, illustrant Virgile, Dante ou Jean Aicard, cultivant la rose et l&#8217;artichaut, jouant aux boules,&nbsp;savourant &nbsp;le jour et le jus de la vigne.<\/p>\n<p>il n&#8217;y a rien \u00e0 retrancher ni \u00e0 ajouter \u00e0 ce village bien n\u00e9. Un dieu cordial, peut-\u00eatre pa\u00efen, veille sur lui. Ne vous inqui\u00e9tez pas.<\/p>\n<p>\u200bTexte \u00e9crit en 1946 par&nbsp;<strong>Jean Cassarini<\/strong>, artiste peintre, fondateur avec Henri Matisse et Pierre Bonnard de &#8216;Union M\u00e9diterran\u00e9enne pour l\u2019Art Moderne&nbsp;(U.M.A.M.)&nbsp;<\/p>\n<p><\/p>\n<\/div>\n<\/div>\n\n\n\n<div style=\"height:100px\" aria-hidden=\"true\" class=\"wp-block-spacer\"><\/div>\n","protected":false},"excerpt":{"rendered":"<p>Saint-Paul de Vence Pour en savoir plus Office de&nbsp;Tourisme de Saint-Paul de Vence Commune de Saint-Paul de Vence \u200bSaint-Paul dresse sa proue sur les vallons qui, en quelques vagues de terre, conduisent \u00e0 une M\u00e9diterran\u00e9e toute proche. Des Ligures \u00e0 Fran\u00e7ois 1er, l&#8217;histoire a construit ce village. le temps a \u00e9t\u00e9 cl\u00e9ment, pour une fois &hellip;<\/p>\n<p class=\"read-more\"> <a class=\"\" href=\"https:\/\/bis-art.com\/index.php\/saint-paul-de-vence\/\"> <span class=\"screen-reader-text\">Saint-Paul de Vence<\/span> Lire la suite \u00bb<\/a><\/p>\n","protected":false},"author":1,"featured_media":0,"parent":0,"menu_order":0,"comment_status":"closed","ping_status":"closed","template":"","meta":{"site-sidebar-layout":"default","site-content-layout":"default","ast-global-header-display":"","ast-main-header-display":"","ast-hfb-above-header-display":"","ast-hfb-below-header-display":"","ast-hfb-mobile-header-display":"","site-post-title":"disabled","ast-breadcrumbs-content":"","ast-featured-img":"","footer-sml-layout":"","theme-transparent-header-meta":"default","adv-header-id-meta":"","stick-header-meta":"default","header-above-stick-meta":"","header-main-stick-meta":"","header-below-stick-meta":""},"_links":{"self":[{"href":"https:\/\/bis-art.com\/index.php\/wp-json\/wp\/v2\/pages\/894"}],"collection":[{"href":"https:\/\/bis-art.com\/index.php\/wp-json\/wp\/v2\/pages"}],"about":[{"href":"https:\/\/bis-art.com\/index.php\/wp-json\/wp\/v2\/types\/page"}],"author":[{"embeddable":true,"href":"https:\/\/bis-art.com\/index.php\/wp-json\/wp\/v2\/users\/1"}],"replies":[{"embeddable":true,"href":"https:\/\/bis-art.com\/index.php\/wp-json\/wp\/v2\/comments?post=894"}],"version-history":[{"count":10,"href":"https:\/\/bis-art.com\/index.php\/wp-json\/wp\/v2\/pages\/894\/revisions"}],"predecessor-version":[{"id":3599,"href":"https:\/\/bis-art.com\/index.php\/wp-json\/wp\/v2\/pages\/894\/revisions\/3599"}],"wp:attachment":[{"href":"https:\/\/bis-art.com\/index.php\/wp-json\/wp\/v2\/media?parent=894"}],"curies":[{"name":"wp","href":"https:\/\/api.w.org\/{rel}","templated":true}]}}

<div style="height:60px" aria-hidden="true" class="wp-block-spacer"></div>



<div class="wp-block-columns">
<div class="wp-block-column" style="flex-basis:33.33%">
<h2>Saint-Paul de Vence</h2>
<p></p>



<figure class="wp-block-image size-large"><img loading="lazy" width="512" height="512" src="https://bis-art.com/wp-content/uploads/2023/06/12_2_James_WEBB_Theres_No_Place_Called_Home_2004_Courtesy_of_the_artist_and_Imane_Fares_Paris_Photo_Frederic_PASQUINI.jpeg" alt="" class="wp-image-3206" srcset="https://bis-art.com/wp-content/uploads/2023/06/12_2_James_WEBB_Theres_No_Place_Called_Home_2004_Courtesy_of_the_artist_and_Imane_Fares_Paris_Photo_Frederic_PASQUINI.jpeg 512w, https://bis-art.com/wp-content/uploads/2023/06/12_2_James_WEBB_Theres_No_Place_Called_Home_2004_Courtesy_of_the_artist_and_Imane_Fares_Paris_Photo_Frederic_PASQUINI-300x300.jpeg 300w, https://bis-art.com/wp-content/uploads/2023/06/12_2_James_WEBB_Theres_No_Place_Called_Home_2004_Courtesy_of_the_artist_and_Imane_Fares_Paris_Photo_Frederic_PASQUINI-150x150.jpeg 150w" sizes="(max-width: 512px) 100vw, 512px" /></figure>



<div style="height:20px" aria-hidden="true" class="wp-block-spacer"></div>



<p>Pour en savoir plus</p>
<h3><span style="color: #4b86c7;"><a style="color: #4b86c7;" href="http://www.saint-pauldevence.com/" target="_blank" rel="noopener">Office de&nbsp;Tourisme de Saint-Paul de Vence</a></span></h3>
<h3><a href="https://saintpauldevence.org" target="_blank" rel="noopener"><span style="color: #4b86c7;">Commune de Saint-Paul de Vence</span></a></h3>
</div>



<div class="wp-block-column" style="flex-basis:66.66%">
<p><strong><u>​</u></strong>Saint-Paul dresse sa proue sur les vallons qui, en quelques vagues de terre, conduisent à une Méditerranée toute proche.</p>
<p>Des Ligures à François 1er, l&#8217;histoire a construit ce village. le temps a été clément, pour une fois les hommes n&#8217;ont rien gâché et les maisons serrées dans les remparts ont conservé leur visage de pierres recuites au soleil et leurs tuiles rongées de sel.</p>
<p>​Entre ses façades rapprochées, l&#8217;étroite rue qui garde les ombres et les parfums saisonniers, a vu s&#8217;ouvrir quelques boutiques : le vieil épicier, marchand de tout et de cartes postales, qui fait bien mal ses additions, mais dont le fils aura du bien ; les deux antiquaires, voisins et concurrents, la dresseuse de chapeaux, le coiffeur ; et, plus haut, car la rue a des hauts et des bas, comme la vie, Jacques le tisserand qui fait sortir de ses métiers si propres et si lustrés, les écharpes et les tissus de laine que vous retrouverez peut-être chez Lanvin. (&#8230;)&nbsp;</p>
<p>​Quelques pas encore, voici la maison d&#8217;André Verdet, l&#8217;ami de Jacques Prévert, tendre et fragile poète qui sut se durcir dans la guerre clandestine et que la Gestapo conduisit à l&#8217;amer exil de Buchenwald. De là-bas, il pensait à son village :</p>
<p><em>&#8220;Quand enfin notre mas rentrerait à son port<br></em><em>Dans le dernier rayon du dernier crépuscule,<br></em><em>Un bonheur sourirait calme comme la mort<br></em><em>Posant dans nos coeurs purs une ivre libellule.&#8221; (&#8230;)</em></p>
<p>Vous pensez&nbsp;bien que le plus joli village de la Côte n&#8217;est pas passé&nbsp;inaperçu du touriste. Depuis vingt ans, tout ce que Paris compte de gloires : rois en exil, grands ducs en tournée, étoiles du théâtre, de la littérature, de la&nbsp;politique, de la finance, y sont venus goûter le vin, le soleil et les nuits. &nbsp;(&#8230;)</p>
<p>Mais Saint-Paul&nbsp;avait un autre destin que celui-là, les peintres sont venus, ils ont vu, ils ont été conquis. (&#8230;) &nbsp;Ils ont été les hôtes et souvent les invités de Paul Roux à la&nbsp;Colombe&nbsp;d&#8217;Or. Ce diable d&#8217;homme a donné à son village natal une auréole qui vaut bien celle de Montparnassse, de&nbsp;Montmartre de Barbizon ou du&nbsp;Poldu. (&#8230;)</p>
<p>​Ceux du pays, les quelques cinq cents Saint-Paulois qui voient&nbsp;défiler tant de voitures rutilantes, tant de shorts et tant de&nbsp;fourrures, selon la saison, ne s&#8217;en étonnent pas. Ces sages vivent sagement, illustrant Virgile, Dante ou Jean Aicard, cultivant la rose et l&#8217;artichaut, jouant aux boules,&nbsp;savourant &nbsp;le jour et le jus de la vigne.</p>
<p>il n&#8217;y a rien à retrancher ni à ajouter à ce village bien né. Un dieu cordial, peut-être païen, veille sur lui. Ne vous inquiétez pas.</p>
<p>​Texte écrit en 1946 par&nbsp;<strong>Jean Cassarini</strong>, artiste peintre, fondateur avec Henri Matisse et Pierre Bonnard de &#8216;Union Méditerranéenne pour l’Art Moderne&nbsp;(U.M.A.M.)&nbsp;</p>
<p></p>
</div>
</div>



<div style="height:100px" aria-hidden="true" class="wp-block-spacer"></div>

<p>Saint-Paul de Vence Pour en savoir plus Office de&nbsp;Tourisme de Saint-Paul de Vence Commune de Saint-Paul de Vence ​Saint-Paul dresse sa proue sur les vallons qui, en quelques vagues de terre, conduisent à une Méditerranée toute proche. Des Ligures à François 1er, l&#8217;histoire a construit ce village. le temps a été clément, pour une fois &hellip;</p>
<p class="read-more"> <a class="" href="https://bis-art.com/index.php/saint-paul-de-vence/"> <span class="screen-reader-text">Saint-Paul de Vence</span> Lire la suite »</a></p>
