{"id":920,"date":"2021-03-19T18:39:19","date_gmt":"2021-03-19T17:39:19","guid":{"rendered":"http:\/\/bis-art.com\/?page_id=920"},"modified":"2023-01-06T17:11:52","modified_gmt":"2023-01-06T16:11:52","slug":"presse","status":"publish","type":"page","link":"https:\/\/bis-art.com\/index.php\/presse\/","title":{"rendered":"Presse"},"content":{"rendered":"\n<div style=\"height:60px\" aria-hidden=\"true\" class=\"wp-block-spacer\"><\/div>\n\n\n<h2>Presse<\/h2>\n\n<h2><span style=\"font-size: 1.285714rem;\">Communication &amp; Presse<\/span><\/h2>\n<div class=\"entry-content\">\n<div class=\"paragraphe paragraphe-seul\">\n<p>Contacts Presse nationale<br \/>Agence Dezarts \u2013 <a href=\"https:\/\/www.dezarts.fr\" target=\"_blank\" rel=\"noopener noreferrer\">www.dezarts.com<\/a><br \/>Noalig Tanguy | <a href=\"mailto:contact@dezarts.fr\">contact@dezarts.fr<\/a>\u00a0| T. <a href=\"tel:+33 (0) 1 44 61 10 53&lt;\/a&gt;\">+33 (0) 1 44 61 10 53<\/a><\/p>\n<p>\u00a0<\/p>\n<\/div>\n<\/div>\n\n\n<hr class=\"wp-block-separator has-text-color has-background has-ast-global-color-0-background-color has-ast-global-color-0-color is-style-wide\"\/>\n\n\n<div class=\"paragraphe paragraphe-seul\">\n<h3>Organisation<\/h3>\n<p>Association Biennale Internationale Saint-paul de Vence &#8211; B.I.S<br \/>5, rue des Doriers &#8211; 06570 Saint-Paul de Vence | <a href=\"mailto:bis@bis-art.com\">bis@bis-art.com<\/a>\u00a0<\/p>\n<p>\u00a0<\/p>\n<\/div>\n\n\n<hr class=\"wp-block-separator has-text-color has-background has-ast-global-color-0-background-color has-ast-global-color-0-color is-style-wide\"\/>\n\n\n<div class=\"paragraphe paragraphe-seul\">\n<h3>Contacts<\/h3>\n<p>Coordination : Catherine Houz\u00e9 | <a href=\"mailto:catherinehouze@bis-art.com\">catherinehouze@bis-art.com<\/a><br \/>Commissariat g\u00e9n\u00e9ral : Mathilde Dalmas |\u00a0<a href=\"mailto:mathildedalmas@bis-art.com\">mathildedalmas@bis-art.com<\/a><\/p>\n<\/div>\n<div class=\"paragraphe paragraphe-seul\">\n<p>\u00a0<\/p>\n<\/div>\n\n\n<hr class=\"wp-block-separator has-text-color has-background has-ast-global-color-0-background-color has-ast-global-color-0-color is-style-wide\"\/>\n\n\n<p>Nos dossiers de presse, images et archives sont disponibles par t\u00e9l\u00e9chargement<\/p>\n<div class=\"paragraphe paragraphe-seul\">\n<h2><span style=\"color: #4b86c7;\"><a style=\"color: #4b86c7;\" href=\"https:\/\/bis-art.com\/index.php\/espace-presse\/\">&gt; Espace Presse<\/a><\/span><\/h2>\n<p>Pour acc\u00e9der \u00e0 notre Espace Presse, remplissez ce formulaire et recevez votre mot de passe :<\/p>\n<\/div>\n\n\n<div class=\"wp-block-contact-form-7-contact-form-selector\"><div role=\"form\" class=\"wpcf7\" id=\"wpcf7-f1092-o1\" lang=\"fr-FR\" dir=\"ltr\">\n<div class=\"screen-reader-response\"><p role=\"status\" aria-live=\"polite\" aria-atomic=\"true\"><\/p> <ul><\/ul><\/div>\n<form action=\"\/index.php\/wp-json\/wp\/v2\/pages\/920#wpcf7-f1092-o1\" method=\"post\" class=\"wpcf7-form init\" novalidate=\"novalidate\" data-status=\"init\">\n<div style=\"display: none;\">\n<input type=\"hidden\" name=\"_wpcf7\" value=\"1092\" \/>\n<input type=\"hidden\" name=\"_wpcf7_version\" value=\"5.4\" \/>\n<input type=\"hidden\" name=\"_wpcf7_locale\" value=\"fr_FR\" \/>\n<input type=\"hidden\" name=\"_wpcf7_unit_tag\" value=\"wpcf7-f1092-o1\" \/>\n<input type=\"hidden\" name=\"_wpcf7_container_post\" value=\"0\" \/>\n<input type=\"hidden\" name=\"_wpcf7_posted_data_hash\" value=\"\" \/>\n<input type=\"hidden\" name=\"_wpcf7_recaptcha_response\" value=\"\" \/>\n<\/div>\n<p><label> Nom et pr\u00e9nom<br \/>\n    <span class=\"wpcf7-form-control-wrap your-name\"><input type=\"text\" name=\"your-name\" value=\"\" size=\"40\" class=\"wpcf7-form-control wpcf7-text wpcf7-validates-as-required\" aria-required=\"true\" aria-invalid=\"false\" \/><\/span> <\/label><\/p>\n<p><label> Votre e-mail<br \/>\n    <span class=\"wpcf7-form-control-wrap your-email\"><input type=\"email\" name=\"your-email\" value=\"\" size=\"40\" class=\"wpcf7-form-control wpcf7-text wpcf7-email wpcf7-validates-as-required wpcf7-validates-as-email\" aria-required=\"true\" aria-invalid=\"false\" \/><\/span> <\/label><\/p>\n<p><label> Publication<br \/>\n    <span class=\"wpcf7-form-control-wrap your-subject\"><input type=\"text\" name=\"your-subject\" value=\"\" size=\"40\" class=\"wpcf7-form-control wpcf7-text wpcf7-validates-as-required\" aria-required=\"true\" aria-invalid=\"false\" \/><\/span> <\/label><\/p>\n<p><input type=\"submit\" value=\"Envoyer\" class=\"wpcf7-form-control wpcf7-submit\" \/><\/p>\n<div class=\"wpcf7-response-output\" aria-hidden=\"true\"><\/div><\/form><\/div><\/div>\n\n\n\n<div style=\"height:100px\" aria-hidden=\"true\" class=\"wp-block-spacer\"><\/div>\n","protected":false},"excerpt":{"rendered":"<p>Presse Communication &amp; Presse Contacts Presse nationaleAgence Dezarts \u2013 www.dezarts.comNoalig Tanguy | contact@dezarts.fr\u00a0| T. +33 (0) 1 44 61 10 53 \u00a0 Organisation Association Biennale Internationale Saint-paul de Vence &#8211; B.I.S5, rue des Doriers &#8211; 06570 Saint-Paul de Vence | bis@bis-art.com\u00a0 \u00a0 Contacts Coordination : Catherine Houz\u00e9 | catherinehouze@bis-art.comCommissariat g\u00e9n\u00e9ral : Mathilde Dalmas |\u00a0mathildedalmas@bis-art.com \u00a0 &hellip;<\/p>\n<p class=\"read-more\"> <a class=\"\" href=\"https:\/\/bis-art.com\/index.php\/presse\/\"> <span class=\"screen-reader-text\">Presse<\/span> Lire la suite \u00bb<\/a><\/p>\n","protected":false},"author":1,"featured_media":0,"parent":0,"menu_order":0,"comment_status":"closed","ping_status":"closed","template":"","meta":{"site-sidebar-layout":"default","site-content-layout":"default","ast-global-header-display":"","ast-main-header-display":"","ast-hfb-above-header-display":"","ast-hfb-below-header-display":"","ast-hfb-mobile-header-display":"","site-post-title":"disabled","ast-breadcrumbs-content":"","ast-featured-img":"","footer-sml-layout":"","theme-transparent-header-meta":"default","adv-header-id-meta":"","stick-header-meta":"default","header-above-stick-meta":"","header-main-stick-meta":"","header-below-stick-meta":""},"_links":{"self":[{"href":"https:\/\/bis-art.com\/index.php\/wp-json\/wp\/v2\/pages\/920"}],"collection":[{"href":"https:\/\/bis-art.com\/index.php\/wp-json\/wp\/v2\/pages"}],"about":[{"href":"https:\/\/bis-art.com\/index.php\/wp-json\/wp\/v2\/types\/page"}],"author":[{"embeddable":true,"href":"https:\/\/bis-art.com\/index.php\/wp-json\/wp\/v2\/users\/1"}],"replies":[{"embeddable":true,"href":"https:\/\/bis-art.com\/index.php\/wp-json\/wp\/v2\/comments?post=920"}],"version-history":[{"count":9,"href":"https:\/\/bis-art.com\/index.php\/wp-json\/wp\/v2\/pages\/920\/revisions"}],"predecessor-version":[{"id":2130,"href":"https:\/\/bis-art.com\/index.php\/wp-json\/wp\/v2\/pages\/920\/revisions\/2130"}],"wp:attachment":[{"href":"https:\/\/bis-art.com\/index.php\/wp-json\/wp\/v2\/media?parent=920"}],"curies":[{"name":"wp","href":"https:\/\/api.w.org\/{rel}","templated":true}]}}